000
CXUS53 KGRB 010910
CF6MTW
PRELIMINARY LOCAL CLIMATOLOGICAL DATA (WS FORM: F-6)
STATION: MANITOWOC AWOS
MONTH: NOVEMBER
YEAR: 2022
LATITUDE: 44 7 N
LONGITUDE: 87 40 W
TEMPERATURE IN F: :PCPN: SNOW: WIND :SUNSHINE: SKY :PK WND
================================================================================
1 2 3 4 5 6A 6B 7 8 9 10 11 12 13 14 15 16 17 18
12Z AVG MX 2MIN
DY MAX MIN AVG DEP HDD CDD WTR SNW DPTH SPD SPD DIR MIN PSBL S-S WX SPD DR
================================================================================
1 71 40 56 M 9 0 M M M 4.3 9 240 M M 0 M M
2 63 37 50 M 15 0 M M M 6.5 13 180 M M 0 1 M M
3 62 46 54 M 11 0 M M M 11.1 21 170 M M 1 12 25 170
4 67 45 56 M 9 0 1.08 M M 7.4 13 170 M M 7 12 18 10
5 58 44 51 M 14 0 0.64 M M 16.0 37 200 M M 9 1 48 200
6 56 41 49 M 16 0 M M M 12.3 18 250 M M 0 26 230
7 47 36 42 M 23 0 M M M 8.9 16 300 M M 0 23 260
8 47 39 43 M 22 0 M M M 10.1 15 110 M M 3 20 130
9 57 46 52 M 13 0 M M M 12.3 21 170 M M 4 26 170
10 74 49 62 M 3 0 0.20 M M 9.3 18 220 M M 6 26 250
11 60 30 45 M 20 0 0.19 M M 13.5 20 290 M M 9 30 290
12 36 30 33 M 32 0 T M M 12.8 18 340 M M 9 25 330
13 33 27 30 M 35 0 M M M 8.2 13 310 M M 9 18 300
14 38 18 28 M 37 0 M M M 3.0 10 140 M M 5 M M
15 37 32 35 M 30 0 0.24 M M 6.1 14 90 M M 10 1 16 80
16 34 26 30 M 35 0 0.02 M M 7.5 13 350 M M 9 1 M M
17 30 22 26 M 39 0 0.01 M M 8.8 15 260 M M 8 1 22 270
18 27 18 23 M 42 0 T M M 14.1 18 250 M M 9 1 30 280
19 25 13 19 M 46 0 T M M 15.0 22 300 M M 6 1 33 280
20 25 9 17 M 48 0 T M M 9.0 13 160 M M 2 21 250
21 36 18 27 M 38 0 M M M 10.0 18 290 M M 0 25 290
22 37 18 28 M 37 0 M M M 4.4 10 260 M M 4 M M
23 46 19 33 M 32 0 M M M 1.3 7 140 M M 1 12 M M
24 55 28 42 M 23 0 M M M 5.7 18 300 M M 4 12 28 300
25 47 32 40 M 25 0 M M M 9.7 16 290 M M 0 21 290
26 56 35 46 M 19 0 M M M 11.4 17 230 M M 0 24 220
27 41 31 36 M 29 0 T M M 8.6 16 10 M M 6 23 10
28 41 19 30 M 35 0 M M M 8.0 16 170 M M 3 22 170
29 50 36 43 M 22 0 0.39 M M 16.1 25 270 M M 8 13 40 300
30 36 19 28 M 37 0 T M M 21.9 31 260 M M 9 40 280
================================================================================
SM 1392 903 796 0 2.77 M 293.0 M 141
================================================================================
AV 46.4 30.1 9.8 FASTST M M 5 MAX(MPH)
MISC ----> 37 200 48 200
================================================================================
NOTES:
# LAST OF SEVERAL OCCURRENCES
COLUMN 17 PEAK WIND IN M.P.H.
PRELIMINARY LOCAL CLIMATOLOGICAL DATA (WS FORM: F-6) , PAGE 2
STATION: MANITOWOC AWOS
MONTH: NOVEMBER
YEAR: 2022
LATITUDE: 44 7 N
LONGITUDE: 87 40 W
[TEMPERATURE DATA] [PRECIPITATION DATA] SYMBOLS USED IN COLUMN 16
AVERAGE MONTHLY: 38.3 TOTAL FOR MONTH: 2.77 1 = FOG OR MIST
DPTR FM NORMAL: 0.0 DPTR FM NORMAL: M 2 = FOG REDUCING VISIBILITY
HIGHEST: 74 ON 10 GRTST 24HR 1.63 ON 4- 5 TO 1/4 MILE OR LESS
LOWEST: 9 ON 20 3 = THUNDER
SNOW, ICE PELLETS, HAIL 4 = ICE PELLETS
TOTAL MONTH: M 5 = HAIL
GRTST 24HR M ON M 6 = FREEZING RAIN OR DRIZZLE
GRTST DEPTH: M ON M 7 = DUSTSTORM OR SANDSTORM:
VSBY 1/2 MILE OR LESS
8 = SMOKE OR HAZE
[NO. OF DAYS WITH] [WEATHER - DAYS WITH] 9 = BLOWING SNOW
X = TORNADO
MAX 32 OR BELOW: 4 0.01 INCH OR MORE: 8
MAX 90 OR ABOVE: 0 0.10 INCH OR MORE: 6
MIN 32 OR BELOW: 18 0.50 INCH OR MORE: 2
MIN 0 OR BELOW: 0 1.00 INCH OR MORE: 1
[HDD (BASE 65) ]
TOTAL THIS MO. 796 CLEAR (SCALE 0-3) 12
DPTR FM NORMAL M PTCLDY (SCALE 4-7) 8
TOTAL FM JUL 1 1513 CLOUDY (SCALE 8-10) 10
DPTR FM NORMAL M
[CDD (BASE 65) ]
TOTAL THIS MO. 0
DPTR FM NORMAL M [PRESSURE DATA]
TOTAL FM JAN 1 387 HIGHEST SLP 30.75 ON 8
DPTR FM NORMAL 387 LOWEST SLP 29.25 ON 5
[REMARKS]
#FINAL-11-22#