000
CXUS51 KBTV 010700
CF6MVL
PRELIMINARY LOCAL CLIMATOLOGICAL DATA (WS FORM: F-6)
STATION: MORRISVILLE VT
MONTH: OCTOBER
YEAR: 2023
LATITUDE: 44 31 N
LONGITUDE: 72 37 W
TEMPERATURE IN F: :PCPN: SNOW: WIND :SUNSHINE: SKY :PK WND
================================================================================
1 2 3 4 5 6A 6B 7 8 9 10 11 12 13 14 15 16 17 18
12Z AVG MX 2MIN
DY MAX MIN AVG DEP HDD CDD WTR SNW DPTH SPD SPD DIR MIN PSBL S-S WX SPD DR
================================================================================
1 78 46 62 10 3 0 0.00 M M 2.3 13 330 M M 4 12 19 320
2 76 45 61 10 4 0 0.00 M M 0.6 6 180 M M 4 12 9 340
3 82 46 64 13 1 0 0.00 M M 1.3 9 20 M M 2 12 11 20
4 87 53 70 20 0 5 0.00 M M 1.2 8 200 M M 4 12 10 190
5 83 51 67 17 0 2 0.00 M M 3.9 14 170 M M 1 12 18 170
6 72 50 61 11 4 0 T M M 7.3 21 170 M M 6 27 160
7 70 47 59 10 6 0 1.59 M M 8.1 18 360 M M 10 1 24 170
8 58 45 52 3 13 0 0.29 M M 8.4 22 200 M M 7 1 30 190
9 57 43 50 2 15 0 T M M 6.8 20 200 M M 6 30 210
10 58 41 50 2 15 0 0.00 M M 2.5 15 160 M M 9 20 160
11 55 40 48 1 17 0 0.03 M M 2.1 12 200 M M 9 12 17 210
12 59 42 51 4 14 0 0.01 M M 2.1 16 320 M M 7 12 22 320
13 56 39 48 1 17 0 T M M 3.6 14 360 M M 7 21 300
14 56 39 48 2 17 0 T M M 3.6 13 360 M M 9 1 19 340
15 52 39 46 0 19 0 0.06 M M 5.2 14 330 M M 10 1 21 340
16 55 45 50 4 15 0 0.11 M M 4.3 14 360 M M 10 1 18 20
17 57 43 50 5 15 0 0.06 M M 1.4 12 10 M M 10 1 16 20
18 59 46 53 8 12 0 T M M 2.1 10 200 M M 10 1 13 210
19 62 45 54 10 11 0 0.00 M M 2.3 16 200 M M 6 23 190
20 61 47 54 10 11 0 0.21 M M 4.8 22 170 M M 9 1 28 170
21 57 49 53 9 12 0 1.09 M M 2.6 13 290 M M 10 1 20 340
22 49 41 45 2 20 0 0.25 M M 2.3 9 210 M M 10 14 310
23 49 33 41 -2 24 0 T M M 3.1 12 310 M M 9 12 17 290
24 50 33 42 -1 23 0 0.11 M M 1.5 7 80 M M 9 12 10 130
25 67 43 55 13 10 0 T M M 2.3 8 210 M M 6 1 13 200
26 68 53 61 19 4 0 0.01 M M 1.3 8 200 M M 10 12 10 200
27 73 52 63 21 2 0 T M M 3.3 13 200 M M 8 12 17 220
28 68 43 56 15 9 0 0.04 M M 7.7 21 330 M M 7 1 27 320
29 43 39 41 0 24 0 T M M 3.4 12 350 M M 7 15 350
30 45 35 40 0 25 0 0.78 M M 4.1 14 330 M M 10 1 21 340
31 40 26 33 -7 32 0 0.00 M M 3.5 14 300 M M 4 22 310
================================================================================
SM 1902 1339 394 7 4.64 M 109.0 M 230
================================================================================
AV 61.4 43.2 3.5 FASTST M M 7 MAX(MPH)
MISC ----> # 22 200 # 30 190
================================================================================
NOTES:
# LAST OF SEVERAL OCCURRENCES
COLUMN 17 PEAK WIND IN M.P.H.
PRELIMINARY LOCAL CLIMATOLOGICAL DATA (WS FORM: F-6) , PAGE 2
STATION: MORRISVILLE VT
MONTH: OCTOBER
YEAR: 2023
LATITUDE: 44 31 N
LONGITUDE: 72 37 W
[TEMPERATURE DATA] [PRECIPITATION DATA] SYMBOLS USED IN COLUMN 16
AVERAGE MONTHLY: 52.3 TOTAL FOR MONTH: 4.64 1 = FOG OR MIST
DPTR FM NORMAL: 6.7 DPTR FM NORMAL: 1.02 2 = FOG REDUCING VISIBILITY
HIGHEST: 87 ON 4 GRTST 24HR 1.88 ON 7- 8 TO 1/4 MILE OR LESS
LOWEST: 26 ON 31 3 = THUNDER
SNOW, ICE PELLETS, HAIL 4 = ICE PELLETS
TOTAL MONTH: M 5 = HAIL
GRTST 24HR M ON M 6 = FREEZING RAIN OR DRIZZLE
GRTST DEPTH: M ON M 7 = DUSTSTORM OR SANDSTORM:
VSBY 1/2 MILE OR LESS
8 = SMOKE OR HAZE
[NO. OF DAYS WITH] [WEATHER - DAYS WITH] 9 = BLOWING SNOW
X = TORNADO
MAX 32 OR BELOW: 0 0.01 INCH OR MORE: 14
MAX 90 OR ABOVE: 0 0.10 INCH OR MORE: 8
MIN 32 OR BELOW: 1 0.50 INCH OR MORE: 3
MIN 0 OR BELOW: 0 1.00 INCH OR MORE: 2
[HDD (BASE 65) ]
TOTAL THIS MO. 394 CLEAR (SCALE 0-3) 2
DPTR FM NORMAL -206 PTCLDY (SCALE 4-7) 14
TOTAL FM JUL 1 590 CLOUDY (SCALE 8-10) 15
DPTR FM NORMAL -358
[CDD (BASE 65) ]
TOTAL THIS MO. 7
DPTR FM NORMAL 7 [PRESSURE DATA]
TOTAL FM JAN 1 372 HIGHEST SLP M ON M
DPTR FM NORMAL 127 LOWEST SLP 29.18 ON 21
[REMARKS]
#FINAL-10-23#