000
CXUS54 KFWD 072138
CF6MWL
PRELIMINARY LOCAL CLIMATOLOGICAL DATA (WS FORM: F-6)
STATION: MINERAL WELLS
MONTH: APRIL
YEAR: 2022
LATITUDE: 32 46 N
LONGITUDE: 98 4 W
TEMPERATURE IN F: :PCPN: SNOW: WIND :SUNSHINE: SKY :PK WND
================================================================================
1 2 3 4 5 6A 6B 7 8 9 10 11 12 13 14 15 16 17 18
12Z AVG MX 2MIN
DY MAX MIN AVG DEP HDD CDD WTR SNW DPTH SPD SPD DIR MIN PSBL S-S WX SPD DR
================================================================================
1 79 42 61 -1 4 0 0.11 M M 13.4 25 130 M M 1 35 150
2 80 46 63 1 2 0 0.00 M M 8.2 21 360 M M 0 1 25 360
3 89 49 69 7 0 4 T M M 14.8 35 160 M M 0 3 47 140
4 85 57 71 8 0 6 0.34 M M 10.7 24 140 M M 4 13 33 150
5 96 59 78 15 0 13 0.00 M M 10.2 28 210 M M 3 12 36 210
6 73 51 62 -1 3 0 0.00 M M 15.8 33 340 M M 1 51 350
7 71 41 56 -7 9 0 0.00 M M 14.0 38 310 M M 3 57 300
8 70 43 57 -6 8 0 0.00 M M 12.3 30 310 M M 1 39 310
9 90 34 62 -2 3 0 0.00 M M 10.3 25 190 M M 0 37 190
10 89 59 74 10 0 9 0.00 M M 15.7 25 150 M M 0 39 150
11 91 67 79 15 0 14 0.00 M M 11.5 23 200 M M 2 30 200
12 88 67 78 14 0 13 0.47 M M 16.1 28 150 M M 4 3 40 140
13 79 54 67 3 0 2 0.00 M M 14.2 26 320 M M 2 34 290
14 79 44 62 -2 3 0 0.00 M M 10.3 20 130 M M 0 27 110
15 93 51 72 7 0 7 0.00 M M 12.7 22 200 M M 2 30 170
16 77 52 65 0 0 0 0.00 M M 10.3 20 350 M M 2 18 26 10
17 82 53 68 3 0 3 0.00 M M 6.9 17 340 M M 5 24 300
18 75 49 62 -3 3 0 0.00 M M 9.3 17 80 M M 0 26 30
19 77 51 64 -2 1 0 T M M 16.1 28 120 M M 3 37 170
20 95 67 81 15 0 16 T M M 17.9 26 200 M M 5 8 35 200
21 91 73 82 16 0 17 0.00 M M 16.5 26 130 M M 6 37 130
22 88 70 79 13 0 14 0.00 M M 18.4 33 160 M M 5 46 150
23 84 70 77 11 0 12 0.00 M M 18.4 31 160 M M 6 43 170
24 79 55 67 0 0 2 0.83 M M 11.3 25 160 M M 8 13 36 170
25 66 51 59 -8 6 0 0.21 M M 9.1 20 10 M M 7 13 27 20
26 77 44 61 -6 4 0 0.00 M M 6.4 18 70 M M 0 26 80
27 75 51 63 -4 2 0 0.00 M M 9.5 18 140 M M 6 23 140
28 86 63 75 7 0 10 0.00 M M 12.5 22 160 M M 5 31 160
29 86 69 78 10 0 13 0.00 M M 15.6 25 190 M M 6 36 190
30 84 56 70 2 0 5 0.00 M M 9.7 22 340 M M 1 30 350
================================================================================
SM 2474 1638 48 160 1.96 M 378.1 M 88
================================================================================
AV 82.5 54.6 12.6 FASTST M M 3 MAX(MPH)
MISC ----> 38 310 57 300
================================================================================
NOTES:
# LAST OF SEVERAL OCCURRENCES
COLUMN 17 PEAK WIND IN M.P.H.
PRELIMINARY LOCAL CLIMATOLOGICAL DATA (WS FORM: F-6) , PAGE 2
STATION: MINERAL WELLS
MONTH: APRIL
YEAR: 2022
LATITUDE: 32 46 N
LONGITUDE: 98 4 W
[TEMPERATURE DATA] [PRECIPITATION DATA] SYMBOLS USED IN COLUMN 16
AVERAGE MONTHLY: 68.5 TOTAL FOR MONTH: 1.96 1 = FOG OR MIST
DPTR FM NORMAL: 3.6 DPTR FM NORMAL: -0.67 2 = FOG REDUCING VISIBILITY
HIGHEST: 96 ON 5 GRTST 24HR 1.04 ON 24-25 TO 1/4 MILE OR LESS
LOWEST: 34 ON 9 3 = THUNDER
SNOW, ICE PELLETS, HAIL 4 = ICE PELLETS
TOTAL MONTH: M 5 = HAIL
GRTST 24HR M ON M 6 = FREEZING RAIN OR DRIZZLE
GRTST DEPTH: M ON M 7 = DUSTSTORM OR SANDSTORM:
VSBY 1/2 MILE OR LESS
8 = SMOKE OR HAZE
[NO. OF DAYS WITH] [WEATHER - DAYS WITH] 9 = BLOWING SNOW
X = TORNADO
MAX 32 OR BELOW: 0 0.01 INCH OR MORE: 5
MAX 90 OR ABOVE: 6 0.10 INCH OR MORE: 5
MIN 32 OR BELOW: 0 0.50 INCH OR MORE: 1
MIN 0 OR BELOW: 0 1.00 INCH OR MORE: 0
[HDD (BASE 65) ]
TOTAL THIS MO. 48 CLEAR (SCALE 0-3) 15
DPTR FM NORMAL -50 PTCLDY (SCALE 4-7) 14
TOTAL FM JUL 1 2081 CLOUDY (SCALE 8-10) 1
DPTR FM NORMAL -312
[CDD (BASE 65) ]
TOTAL THIS MO. 160
DPTR FM NORMAL 65 [PRESSURE DATA]
TOTAL FM JAN 1 200 HIGHEST SLP 30.39 ON 26
DPTR FM NORMAL 62 LOWEST SLP 29.35 ON 5
[REMARKS]
#FINAL-04-22#