000
CXUS54 KLZK 011230
CF6MWT
PRELIMINARY LOCAL CLIMATOLOGICAL DATA (WS FORM: F-6)
STATION: MOUNT IDA
MONTH: FEBRUARY
YEAR: 2022
LATITUDE: 34 32 N
LONGITUDE: 93 35 W
TEMPERATURE IN F: :PCPN: SNOW: WIND :SUNSHINE: SKY :PK WND
================================================================================
1 2 3 4 5 6A 6B 7 8 9 10 11 12 13 14 15 16 17 18
12Z AVG MX 2MIN
DY MAX MIN AVG DEP HDD CDD WTR SNW DPTH SPD SPD DIR MIN PSBL S-S WX SPD DR
================================================================================
1 65 52 59 16 6 0 0.16 0.0 0 4.4 15 140 M M 9 1 19 140
2 59 31 45 2 20 0 0.23 0.0 0 3.8 12 140 M M 10 1 18 140
3 32 25 29 -14 36 0 1.04 1.0 1 3.4 9 340 M M 10 1 16 10
4 34 21 28 -15 37 0 0.01 0.5 2 3.8 10 320 M M 7 1 14 310
5 44 15 30 -14 35 0 0.00 0.0 1 1.0 10 140 M M 0 13 150
6 52 20 36 -8 29 0 0.00 0.0 T 0.8 8 150 M M 0 13 210
7 56 23 40 -4 25 0 0.00 0.0 0 1.3 10 330 M M 0 17 310
8 64 22 43 -1 22 0 0.00 0.0 0 2.2 13 240 M M 0 20 240
9 69 30 50 6 15 0 0.00 0.0 0 2.1 12 310 M M 0 17 320
10 72 31 52 8 13 0 0.00 0.0 0 1.2 10 300 M M 2 18 310
11 70 29 50 6 15 0 T 0.0 0 2.7 12 230 M M 2 20 230
12 54 26 40 -5 25 0 0.03 0.0 0 4.6 9 340 M M 6 8 20 99
13 60 19 40 -5 25 0 0.00 0.0 0 2.7 14 340 M M 0 8 23 340
14 71 24 48 3 17 0 0.00 0.0 0 2.0 13 280 M M 0 20 200
15 68 36 52 7 13 0 0.00 0.0 0 4.7 14 160 M M 2 24 99
16 69 57 63 17 2 0 T 0.0 0 8.6 15 170 M M 9 28 220
17 67 31 49 3 16 0 0.43 0.0 0 8.6 20 320 M M 10 1 33 310
18 52 23 38 -8 27 0 0.00 0.0 0 1.2 8 330 M M 2 14 320
19 65 23 44 -2 21 0 0.00 0.0 0 2.3 9 150 M M 0 14 160
20 66 30 48 2 17 0 0.00 0.0 0 4.1 13 180 M M 0 23 200
21 71 56 64 17 1 0 0.05 0.0 0 3.6 13 200 M M 8 18 22 190
22 68 29 49 2 16 0 1.25 0.0 0 7.4 17 280 M M 9 1 28 280
23 32 27 30 -17 35 0 0.33 0.5 0 2.8 9 20 M M 9 1 15 330
24 34 28 31 -17 34 0 0.15 T T 2.9 12 340 M M 10 1 21 340
25 34 24 29 -19 36 0 0.00 0.0 0 3.4 12 330 M M 9 20 300
26 37 30 34 -14 31 0 0.26 0.0 0 1.5 7 110 M M 10 1 11 130
27 54 29 42 -6 23 0 0.00 0.0 0 1.8 10 330 M M 3 1 17 340
28 69 23 46 -3 19 0 0.00 0.0 M 1.0 8 280 M M 0 14 270
================================================================================
SM 1588 814 611 0 3.94 2.0 89.9 M 127
================================================================================
AV 56.7 29.1 3.2 FASTST M M 5 MAX(MPH)
MISC ----> 20 320 33 310
================================================================================
NOTES:
# LAST OF SEVERAL OCCURRENCES
COLUMN 17 PEAK WIND IN M.P.H.
PRELIMINARY LOCAL CLIMATOLOGICAL DATA (WS FORM: F-6) , PAGE 2
STATION: MOUNT IDA
MONTH: FEBRUARY
YEAR: 2022
LATITUDE: 34 32 N
LONGITUDE: 93 35 W
[TEMPERATURE DATA] [PRECIPITATION DATA] SYMBOLS USED IN COLUMN 16
AVERAGE MONTHLY: 42.9 TOTAL FOR MONTH: 3.94 1 = FOG OR MIST
DPTR FM NORMAL: -2.6 DPTR FM NORMAL: -0.10 2 = FOG REDUCING VISIBILITY
HIGHEST: 72 ON 10 GRTST 24HR 1.30 ON 21-22 TO 1/4 MILE OR LESS
LOWEST: 15 ON 5 3 = THUNDER
SNOW, ICE PELLETS, HAIL 4 = ICE PELLETS
TOTAL MONTH: 2.0 INCHES 5 = HAIL
GRTST 24HR 1.0 ON 3- 3 6 = FREEZING RAIN OR DRIZZLE
GRTST DEPTH: 2 ON 4 7 = DUSTSTORM OR SANDSTORM:
VSBY 1/2 MILE OR LESS
8 = SMOKE OR HAZE
[NO. OF DAYS WITH] [WEATHER - DAYS WITH] 9 = BLOWING SNOW
X = TORNADO
MAX 32 OR BELOW: 2 0.01 INCH OR MORE: 11
MAX 90 OR ABOVE: 0 0.10 INCH OR MORE: 8
MIN 32 OR BELOW: 24 0.50 INCH OR MORE: 2
MIN 0 OR BELOW: 0 1.00 INCH OR MORE: 2
[HDD (BASE 65) ]
TOTAL THIS MO. 611 CLEAR (SCALE 0-3) 15
DPTR FM NORMAL 61 PTCLDY (SCALE 4-7) 2
TOTAL FM JUL 1 2205 CLOUDY (SCALE 8-10) 11
DPTR FM NORMAL -311
[CDD (BASE 65) ]
TOTAL THIS MO. 0
DPTR FM NORMAL -3 [PRESSURE DATA]
TOTAL FM JAN 1 0 HIGHEST SLP 30.61 ON 4
DPTR FM NORMAL -1 LOWEST SLP 29.61 ON 17
[REMARKS]
#FINAL-02-22#