000
CXUS53 KBIS 010830
CF6N60
PRELIMINARY LOCAL CLIMATOLOGICAL DATA (WS FORM: F-6)
STATION: GARRISON (AMOS) ND
MONTH: JUNE
YEAR: 2020
LATITUDE: 47 39 N
LONGITUDE: 101 23 W
TEMPERATURE IN F: :PCPN: SNOW: WIND :SUNSHINE: SKY :PK WND
================================================================================
1 2 3 4 5 6A 6B 7 8 9 10 11 12 13 14 15 16 17 18
12Z AVG MX 2MIN
DY MAX MIN AVG DEP HDD CDD WTR SNW DPTH SPD SPD DIR MIN PSBL S-S WX SPD DR
================================================================================
1 85 54 70 M 0 5 0.00 M M 10.7 23 310 M M 0 30 310
2 81 51 66 M 0 1 0.00 M M 10.2 28 280 M M 0 40 290
3 82 46 64 M 1 0 0.01 M M 8.8 23 300 M M 0 30 300
4 76 44 60 M 5 0 0.00 M M 6.6 23 340 M M 0 29 340
5 77 41 59 M 6 0 0.00 M M 5.8 17 180 M M 0 21 180
6 74 54 64 M 1 0 0.61 M M 23.5 37 140 M M 0 51 120
7 83 60 72 M 0 7 0.07 M M 11.2 21 130 M M 0 29 150
8 78 58 68 M 0 3 0.01 M M 11.5 24 320 M M 0 33 330
9 69 52 61 M 4 0 0.00 M M 16.6 33 310 M M 0 45 300
10 73 47 60 M 5 0 0.00 M M 14.7 28 310 M M 0 34 310
11 82 47 65 M 0 0 0.00 M M 10.1 23 300 M M 0 33 310
12 77 52 65 M 0 0 0.00 M M 16.8 25 120 M M 0 32 110
13 83 56 70 M 0 5 0.00 M M 21.3 30 130 M M 0 40 140
14 86 63 75 M 0 10 0.02 M M 16.5 29 150 M M 0 36 130
15 79 59 69 M 0 4 0.00 M M 10.9 26 300 M M 0 34 310
16 90 59 75 M 0 10 0.01 M M 13.1 37 290 M M 0 52 300
17 78 55 67 M 0 2 0.04 M M 9.6 31 250 M M 0 43 270
18 64 43 54 M 11 0 0.00 M M 14.0 24 320 M M 0 31 320
19 73 42 58 M 7 0 0.05 M M 8.3 20 260 M M 0 26 250
20 76 47 62 M 3 0 0.00 M M 8.2 21 340 M M 0 33 320
21 74 44 59 M 6 0 0.00 M M 5.0 12 30 M M 0 17 40
22 73 44 59 M 6 0 0.00 M M 8.4 18 320 M M 0 25 330
23 78 46 62 M 3 0 0.00 M M 4.5 12 180 M M 0 18 160
24 87 59 73 M 0 8 0.00 M M 8.7 15 30 M M 0 22 20
25 85 58 72 M 0 7 0.03 M M 10.0 20 340 M M 0 29 320
26 86 55 71 M 0 6 0.00 M M 8.2 16 320 M M 0 22 310
27 95 58 77 M 0 12 0.00 M M 11.3 21 190 M M 0 28 180
28 92 66 79 M 0 14 0.00 M M 9.2 21 180 M M 0 28 180
29 89 62 76 M 0 11 0.85 M M 10.9 36 280 M M 0 52 300
30 72 62 67 M 0 2 2.87 M M 9.6 31 280 M M 0 40 290
================================================================================
SM 2397 1584 58 107 4.57 M 334.2 M 0
================================================================================
AV 79.9 52.8 11.1 FASTST M M 0 MAX(MPH)
MISC ----> # 37 140 # 52 300
================================================================================
NOTES:
# LAST OF SEVERAL OCCURRENCES
COLUMN 17 PEAK WIND IN M.P.H.
PRELIMINARY LOCAL CLIMATOLOGICAL DATA (WS FORM: F-6) , PAGE 2
STATION: GARRISON (AMOS) ND
MONTH: JUNE
YEAR: 2020
LATITUDE: 47 39 N
LONGITUDE: 101 23 W
[TEMPERATURE DATA] [PRECIPITATION DATA] SYMBOLS USED IN COLUMN 16
AVERAGE MONTHLY: 66.4 TOTAL FOR MONTH: 4.57 1 = FOG OR MIST
DPTR FM NORMAL: M DPTR FM NORMAL: M 2 = FOG REDUCING VISIBILITY
HIGHEST: 95 ON 27 GRTST 24HR 2.87 ON 30-30 TO 1/4 MILE OR LESS
LOWEST: 41 ON 5 3 = THUNDER
SNOW, ICE PELLETS, HAIL 4 = ICE PELLETS
TOTAL MONTH: M 5 = HAIL
GRTST 24HR M ON M 6 = FREEZING RAIN OR DRIZZLE
GRTST DEPTH: M ON M 7 = DUSTSTORM OR SANDSTORM:
VSBY 1/2 MILE OR LESS
8 = SMOKE OR HAZE
[NO. OF DAYS WITH] [WEATHER - DAYS WITH] 9 = BLOWING SNOW
X = TORNADO
MAX 32 OR BELOW: 0 0.01 INCH OR MORE: 11
MAX 90 OR ABOVE: 3 0.10 INCH OR MORE: 3
MIN 32 OR BELOW: 0 0.50 INCH OR MORE: 3
MIN 0 OR BELOW: 0 1.00 INCH OR MORE: 1
[HDD (BASE 65) ]
TOTAL THIS MO. 58 CLEAR (SCALE 0-3) 30
DPTR FM NORMAL M PTCLDY (SCALE 4-7) 0
TOTAL FM JUL 1 9038 CLOUDY (SCALE 8-10) 0
DPTR FM NORMAL M
[CDD (BASE 65) ]
TOTAL THIS MO. 107
DPTR FM NORMAL M [PRESSURE DATA]
TOTAL FM JAN 1 121 HIGHEST SLP 30.28 ON 12
DPTR FM NORMAL M LOWEST SLP 29.35 ON 28
[REMARKS]
#FINAL-06-20#