000
CXHW50 PHFO 011250
CF6NGF
PRELIMINARY LOCAL CLIMATOLOGICAL DATA (WS FORM: F-6)
STATION: KANEOHE BAY MCAS HI
MONTH: JUNE
YEAR: 2023
LATITUDE: 21 25 N
LONGITUDE: 157 46 W
TEMPERATURE IN F: :PCPN: SNOW: WIND :SUNSHINE: SKY :PK WND
================================================================================
1 2 3 4 5 6A 6B 7 8 9 10 11 12 13 14 15 16 17 18
12Z AVG MX 2MIN
DY MAX MIN AVG DEP HDD CDD WTR SNW DPTH SPD SPD DIR MIN PSBL S-S WX SPD DR
================================================================================
1 85 77 81 4 0 16 0.06 M M 9.2 14 60 M M 7 22 70
2 86 77 82 4 0 17 0.01 M M 9.4 14 50 M M 4 M M
3 84 77 81 3 0 16 0.00 M M 8.7 10 70 M M 2 M M
4 85 76 81 3 0 16 0.07 M M 6.7 14 40 M M 4 22 0
5 86 76 81 3 0 16 0.00 M M 8.5 13 40 M M 4 21 60
6 87 78 83 5 0 18 0.03 M M 9.0 13 50 M M 5 M M
7 86 76 81 3 0 16 0.14 M M 6.3 13 50 M M 5 M M
8 86 78 82 4 0 17 T M M 9.2 13 50 M M 5 M M
9 86 76 81 3 0 16 0.14 M M 10.6 15 60 M M 7 24 90
10 86 76 81 3 0 16 0.04 M M 10.9 15 70 M M 5 27 70
11 87 78 83 5 0 18 T M M 11.1 16 70 M M 6 25 70
12 87 78 83 5 0 18 0.01 M M 10.5 16 60 M M 6 22 70
13 84 77 81 3 0 16 0.05 M M 10.0 14 70 M M 8 1 31 110
14 86 78 82 4 0 17 0.02 M M 9.8 15 60 M M 8 22 60
15 84 77 81 3 0 16 0.03 M M 10.1 18 60 M M 8 18 28 80
16 87 78 83 5 0 18 T M M 9.4 14 70 M M 7 23 90
17 87 79 83 5 0 18 0.00 M M 9.3 13 40 M M 5 21 80
18 87 79 83 5 0 18 T M M 10.3 15 70 M M 6 22 60
19 87 78 83 5 0 18 T M M 9.5 15 50 M M 6 16 90
20 88 76 82 4 0 17 0.01 M M 8.2 13 50 M M 3 M M
21 88 79 84 6 0 19 T M M 10.5 16 80 M M 5 24 80
22 88 79 84 6 0 19 T M M 13.6 17 70 M M 5 31 70
23 87 78 83 5 0 18 T M M 14.9 18 80 M M 7 31 80
24 87 79 83 5 0 18 0.01 M M 14.9 18 70 M M 8 32 70
25 87 76 82 4 0 17 0.07 M M 15.1 18 60 M M 7 32 M
26 88 77 83 5 0 18 0.11 M M 14.2 20 90 M M 5 36 60
27 88 78 83 4 0 18 0.04 M M 13.0 17 60 M M 5 30 70
28 88 77 83 4 0 18 0.02 M M 11.0 17 60 M M 6 24 60
29 87 78 83 4 0 18 0.01 M M 11.1 16 50 M M 5 24 70
30 88 78 83 4 0 18 T M M 9.4 15 80 M M 7 25 80
================================================================================
SM 2597 2324 0 519 0.87 M 314.3 M 171
================================================================================
AV 86.6 77.5 10.5 FASTST M M 6 MAX(MPH)
MISC ----> 20 90 36 60
================================================================================
NOTES:
# LAST OF SEVERAL OCCURRENCES
COLUMN 17 PEAK WIND IN M.P.H.
PRELIMINARY LOCAL CLIMATOLOGICAL DATA (WS FORM: F-6) , PAGE 2
STATION: KANEOHE BAY MCAS HI
MONTH: JUNE
YEAR: 2023
LATITUDE: 21 25 N
LONGITUDE: 157 46 W
[TEMPERATURE DATA] [PRECIPITATION DATA] SYMBOLS USED IN COLUMN 16
AVERAGE MONTHLY: 82.0 TOTAL FOR MONTH: 0.87 1 = FOG OR MIST
DPTR FM NORMAL: 3.9 DPTR FM NORMAL: -0.40 2 = FOG REDUCING VISIBILITY
HIGHEST: 88 ON 30,28 GRTST 24HR 0.14 ON 7- 7 TO 1/4 MILE OR LESS
LOWEST: 76 ON 25,20 3 = THUNDER
SNOW, ICE PELLETS, HAIL 4 = ICE PELLETS
TOTAL MONTH: M 5 = HAIL
GRTST 24HR M ON M 6 = FREEZING RAIN OR DRIZZLE
GRTST DEPTH: M ON M 7 = DUSTSTORM OR SANDSTORM:
VSBY 1/2 MILE OR LESS
8 = SMOKE OR HAZE
[NO. OF DAYS WITH] [WEATHER - DAYS WITH] 9 = BLOWING SNOW
X = TORNADO
MAX 32 OR BELOW: 0 0.01 INCH OR MORE: 18
MAX 90 OR ABOVE: 0 0.10 INCH OR MORE: 3
MIN 32 OR BELOW: 0 0.50 INCH OR MORE: 0
MIN 0 OR BELOW: 0 1.00 INCH OR MORE: 0
[HDD (BASE 65) ]
TOTAL THIS MO. 0 CLEAR (SCALE 0-3) 2
DPTR FM NORMAL 0 PTCLDY (SCALE 4-7) 27
TOTAL FM JUL 1 0 CLOUDY (SCALE 8-10) 1
DPTR FM NORMAL 0
[CDD (BASE 65) ]
TOTAL THIS MO. 519
DPTR FM NORMAL 126 [PRESSURE DATA]
TOTAL FM JAN 1 2261 HIGHEST SLP M ON M
DPTR FM NORMAL 448 LOWEST SLP 31.99 ON 1
[REMARKS]
#FINAL-06-23#