000
CXUS51 KOKX 010910
CF6NYC
PRELIMINARY LOCAL CLIMATOLOGICAL DATA (WS FORM: F-6)
STATION: CENTRAL PARK NY
MONTH: SEPTEMBER
YEAR: 2022
LATITUDE: 40 46 N
LONGITUDE: 73 58 W
TEMPERATURE IN F: :PCPN: SNOW: WIND :SUNSHINE: SKY :PK WND
================================================================================
1 2 3 4 5 6A 6B 7 8 9 10 11 12 13 14 15 16 17 18
12Z AVG MX 2MIN
DY MAX MIN AVG DEP HDD CDD WTR SNW DPTH SPD SPD DIR MIN PSBL S-S WX SPD DR
================================================================================
1 86 69 78 4 0 13 0.00 0.0 0 4.1 14 310 M M 0 8 21 300
2 79 62 71 -3 0 6 0.00 0.0 0 3.8 12 50 M M 0 16 50
3 82 65 74 1 0 9 0.00 0.0 0 2.2 7 150 M M 1 14 120
4 90 71 81 8 0 16 T 0.0 0 2.6 10 250 M M 4 14 290
5 88 73 81 8 0 16 0.06 0.0 0 2.0 9 180 M M 5 1 17 190
6 74 67 71 -1 0 6 0.78 0.0 0 3.9 15 50 M M 10 1 22 70
7 72 65 69 -3 0 4 0.00 0.0 0 6.5 14 60 M M 9 1 18 50
8 78 65 72 0 0 7 0.00 0.0 0 4.1 12 60 M M 5 16 60
9 80 62 71 -1 0 6 0.00 0.0 0 3.6 10 70 M M 0 14 90
10 86 64 75 4 0 10 0.00 0.0 0 2.4 8 250 M M 0 13 250
11 76 67 72 1 0 7 0.32 0.0 0 2.7 9 250 M M 8 1 13 270
12 81 68 75 4 0 10 0.81 0.0 0 1.4 9 120 M M 8 123 17 130
13 82 68 75 5 0 10 0.41 0.0 0 3.8 12 280 M M 7 13 21 230
14 80 62 71 1 0 6 0.00 0.0 0 5.5 13 300 M M 1 20 310
15 74 62 68 -2 0 3 0.00 0.0 0 5.8 12 50 M M 0 19 20
16 75 57 66 -3 0 1 0.00 0.0 0 2.0 10 70 M M 1 13 60
17 76 64 70 1 0 5 0.00 0.0 0 4.6 10 60 M M 4 17 60
18 83 67 75 6 0 10 0.00 0.0 0 5.6 13 240 M M 0 21 210
19 85 68 77 9 0 12 0.14 0.0 0 3.5 22 270 M M 5 13 43 280
20 79 67 73 5 0 8 0.00 0.0 0 4.1 12 300 M M 2 20 290
21 80 62 71 4 0 6 0.00 0.0 0 3.1 9 240 M M 0 16 220
22 75 57 66 -1 0 1 0.47 0.0 0 7.3 18 300 M M 4 123 29 290
23 63 51 57 -10 8 0 0.00 0.0 0 9.6 17 300 M M 0 32 310
24 69 49 59 -7 6 0 0.00 0.0 0 4.0 10 280 M M 0 17 260
25 72 59 66 0 0 1 1.11 0.0 0 3.4 10 230 M M 6 13 18 240
26 74 58 66 0 0 1 0.00 0.0 0 5.8 14 260 M M 3 21 230
27 70 59 65 0 0 0 0.00 0.0 0 4.3 12 250 M M 2 19 230
28 69 53 61 -4 4 0 0.00 0.0 0 4.0 12 280 M M 3 16 270
29 66 53 60 -4 5 0 0.00 0.0 0 5.8 15 50 M M 1 22 40
30 62 52 57 -7 8 0 0.00 0.0 0 6.9 14 60 M M 1 19 60
================================================================================
SM 2306 1866 31 174 4.10 0.0 128.4 M 90
================================================================================
AV 76.9 62.2 4.3 FASTST M M 3 MAX(MPH)
MISC ----> 22 270 43 280
================================================================================
NOTES:
# LAST OF SEVERAL OCCURRENCES
COLUMN 17 PEAK WIND IN M.P.H.
PRELIMINARY LOCAL CLIMATOLOGICAL DATA (WS FORM: F-6) , PAGE 2
STATION: CENTRAL PARK NY
MONTH: SEPTEMBER
YEAR: 2022
LATITUDE: 40 46 N
LONGITUDE: 73 58 W
[TEMPERATURE DATA] [PRECIPITATION DATA] SYMBOLS USED IN COLUMN 16
AVERAGE MONTHLY: 69.5 TOTAL FOR MONTH: 4.10 1 = FOG OR MIST
DPTR FM NORMAL: 0.3 DPTR FM NORMAL: -0.21 2 = FOG REDUCING VISIBILITY
HIGHEST: 90 ON 4 GRTST 24HR 1.11 ON 25-25 TO 1/4 MILE OR LESS
LOWEST: 49 ON 24 3 = THUNDER
SNOW, ICE PELLETS, HAIL 4 = ICE PELLETS
TOTAL MONTH: 0.0 INCH 5 = HAIL
GRTST 24HR 0.0 6 = FREEZING RAIN OR DRIZZLE
GRTST DEPTH: 0 7 = DUSTSTORM OR SANDSTORM:
VSBY 1/2 MILE OR LESS
8 = SMOKE OR HAZE
[NO. OF DAYS WITH] [WEATHER - DAYS WITH] 9 = BLOWING SNOW
X = TORNADO
MAX 32 OR BELOW: 0 0.01 INCH OR MORE: 8
MAX 90 OR ABOVE: 1 0.10 INCH OR MORE: 7
MIN 32 OR BELOW: 0 0.50 INCH OR MORE: 3
MIN 0 OR BELOW: 0 1.00 INCH OR MORE: 1
[HDD (BASE 65) ]
TOTAL THIS MO. 31 CLEAR (SCALE 0-3) 18
DPTR FM NORMAL -1 PTCLDY (SCALE 4-7) 10
TOTAL FM JUL 1 31 CLOUDY (SCALE 8-10) 2
DPTR FM NORMAL 1
[CDD (BASE 65) ]
TOTAL THIS MO. 174
DPTR FM NORMAL 15 [PRESSURE DATA]
TOTAL FM JAN 1 1366 HIGHEST SLP M ON M
DPTR FM NORMAL 167 LOWEST SLP 29.56 ON 22
[REMARKS]
#FINAL-09-22#