000
CXUS55 KPSR 010859
CLMNYL
CLIMATE REPORT
NATIONAL WEATHER SERVICE PHOENIX AZ
159 AM MST MON JAN 01 2024
...................................
...THE YUMA AZ CLIMATE SUMMARY FOR THE MONTH OF DECEMBER 2023...
CLIMATE NORMAL PERIOD 1991 TO 2020
CLIMATE RECORD PERIOD 1876 TO 2023
WEATHER OBSERVED NORMAL DEPART LAST YEAR`S
VALUE DATE(S) VALUE FROM VALUE
NORMAL
..............................................................
TEMPERATURE (F)
RECORD
HIGH 86 12/03/1958
LOW 22 12/26/1911
HIGHEST 80 12/06 78 2
LOWEST 41 12/14 36 5
AVG. MAXIMUM 71.3 67.8 3.5
AVG. MINIMUM 48.4 46.8 1.6
MEAN 59.8 57.3 2.5
DAYS MAX >= 90 0 0.0 0.0
DAYS MAX >= 100 0
DAYS MAX >= 110 0
DAYS MIN <= 32 0 0.0 0.0
DAYS MIN >= 90 0
PRECIPITATION (INCHES)
RECORD
MAXIMUM 4.43 1926
MINIMUM 0.00 2017
TOTALS MM 0.43 MM
DAYS >= .01 1 2.3 -1.3
DAYS >= .10 1 0.9 0.1
DAYS >= .50 1 0.2 0.8
DAYS >= 1.00 0 0.1 -0.1
GREATEST
24 HR. TOTAL MM
DEGREE DAYS
HEATING TOTAL 152 241 -89
SINCE 7/1 181 306 -125
COOLING TOTAL 2 2 0
SINCE 1/1 4499 4704 -205
..............................................................
WIND (MPH)
AVERAGE WIND SPEED 5.4
HIGHEST GUST SPEED/DIRECTION 38/010 DATE 12/22
AVERAGE RH (PERCENT) 42
WEATHER CONDITIONS. NUMBER OF DAYS WITH
THUNDERSTORM 1 HEAVY RAIN 1
RAIN 1 LIGHT RAIN 1
FOG W/VIS <= 1/4 MILE 1
- INDICATES NEGATIVE NUMBERS.
R INDICATES RECORD WAS SET OR TIED.
MM INDICATES DATA IS MISSING.
T INDICATES TRACE AMOUNT.
$$