000
CXUS53 KOAX 010907
CLMOAX
CLIMATE REPORT
NATIONAL WEATHER SERVICE OMAHA/VALLEY NE
407 AM CDT SAT APR 01 2023
...................................
...THE VALLEY NWS NE CLIMATE SUMMARY FOR THE MONTH OF MARCH 2023...
CLIMATE NORMAL PERIOD 1991 TO 2020
CLIMATE RECORD PERIOD 1997 TO 2023
WEATHER OBSERVED NORMAL DEPART
VALUE DATE(S) VALUE FROM
NORMAL
................................................
TEMPERATURE (F)
HIGHEST 75 03/30
LOWEST 11 03/18
AVG. MAXIMUM 47.5 50.4 -2.9
AVG. MINIMUM 26.8 29.9 -3.1
MEAN 37.2 40.2 -3.0
DAYS MAX >= 90 0
DAYS MAX <= 32 1
DAYS MIN <= 32 25
DAYS MIN <= 0 0
PRECIPITATION (INCHES)
TOTALS 0.83 1.78 -0.95
DAYS >= .01 7
DAYS >= .10 3
DAYS >= .50 0
DAYS >= 1.00 0
GREATEST
24 HR. TOTAL 0.25 03/16 TO 03/16
SNOWFALL (INCHES)
TOTALS 1.8 5.0 -3.2
SINCE 7/1 14.8
DAYS >= 1.0 1
GREATEST
SNOW DEPTH 1 03/26
24 HR TOTAL 1.3 03/26 TO 03/26
DEGREE DAYS
HEATING TOTAL 856 772 84
SINCE 7/1 5388 5377 11
COOLING TOTAL 0 1 -1
SINCE 1/1 0 1 -1
................................................
WIND (MPH)
HIGHEST GUST SPEED/DIRECTION 52/MM
WEATHER CONDITIONS. NUMBER OF DAYS WITH
THUNDERSTORM 0 MIXED PRECIP 0
HEAVY RAIN 0 RAIN 0
LIGHT RAIN 8 FREEZING RAIN 1
LT FREEZING RAIN 0 HAIL 0
HEAVY SNOW 0 SNOW 2
LIGHT SNOW 7 SLEET 2
FOG 6 FOG W/VIS <= 1/4 MILE 1
HAZE 1
- INDICATES NEGATIVE NUMBERS.
R INDICATES RECORD WAS SET OR TIED.
MM INDICATES DATA IS MISSING.
T INDICATES TRACE AMOUNT.
$$