000
CXUS54 KMAF 011110
CF6ODO
PRELIMINARY LOCAL CLIMATOLOGICAL DATA (WS FORM: F-6)
STATION: ODESSA SCHLEYMEYER
MONTH: MARCH
YEAR: 2022
LATITUDE: 31 55 N
LONGITUDE: 102 23 W
TEMPERATURE IN F: :PCPN: SNOW: WIND :SUNSHINE: SKY :PK WND
================================================================================
1 2 3 4 5 6A 6B 7 8 9 10 11 12 13 14 15 16 17 18
12Z AVG MX 2MIN
DY MAX MIN AVG DEP HDD CDD WTR SNW DPTH SPD SPD DIR MIN PSBL S-S WX SPD DR
================================================================================
1 66 41 54 1 11 0 0.00 M M 5.4 12 90 M M 0 13 200
2 74 38 56 3 9 0 0.00 M M 6.1 14 130 M M 0 19 140
3 75 41 58 5 7 0 0.00 M M 6.9 18 180 M M 0 24 160
4 83 53 68 14 0 3 0.00 M M 13.8 29 180 M M 0 37 180
5 77 51 64 10 1 0 0.00 M M 12.1 31 270 M M 0 18 38 280
6 83 37 60 6 5 0 0.00 M M 12.4 31 250 M M 2 8 37 250
7 47 26 37 -17 28 0 0.00 M M 11.5 18 60 M M 0 24 50
8 57 28 43 -12 22 0 0.00 M M 6.9 15 100 M M 0 19 100
9 66 31 49 -6 16 0 0.00 M M 13.8 26 170 M M 0 32 170
10 62 34 48 -7 17 0 0.00 M M 12.5 25 60 M M 0 32 50
11 42 25 34 -22 31 0 0.00 M M 14.5 28 50 M M 5 34 50
12 60 22 41 -15 24 0 0.00 M M 11.2 23 200 M M 0 28 210
13 70 31 51 -5 14 0 0.00 M M 13.6 22 180 M M 0 31 170
14 70 45 58 2 7 0 0.00 M M 14.2 29 340 M M 0 8 39 360
15 74 37 56 -1 9 0 0.00 M M 6.7 12 300 M M 0 16 290
16 85 47 66 9 0 1 0.00 M M 11.6 20 180 M M 0 24 160
17 75 41 58 0 7 0 0.00 M M 20.8 38 270 M M 2 8 46 270
18 63 33 48 -10 17 0 0.00 M M 6.8 16 350 M M 0 22 340
19 75 38 57 -1 8 0 0.00 M M 8.9 22 210 M M 0 27 210
20 77 50 64 6 1 0 0.00 M M 21.4 35 160 M M 0 8 44 170
21 70 42 56 -3 9 0 T M M 21.7 37 260 M M 1 8 45 260
22 56 39 48 -11 17 0 0.00 M M 16.9 30 10 M M 3 8 39 10
23 64 34 49 -10 16 0 T M M 12.2 33 310 M M 1 53 320
24 77 32 55 -5 10 0 0.00 M M 8.3 22 330 M M 0 30 290
25 84 43 64 4 1 0 0.00 M M 6.3 17 210 M M 0 22 170
26 89 43 66 6 0 1 0.00 M M 6.3 16 250 M M 0 20 260
27 92 55 74 14 0 9 0.00 M M 11.3 20 160 M M 0 26 170
28 92 61 77 16 0 12 0.00 M M 12.7 23 180 M M 0 29 180
29 91 63 77 16 0 12 T M M 17.3 36 270 M M 0 8 54 260
30 68 48 58 -3 7 0 0.00 M M 13.3 32 270 M M 3 8 41 270
31 68 39 54 -8 11 0 0.00 M M 7.5 20 360 M M 0 24 10
================================================================================
SM 2232 1248 305 38 T M 364.9 M 17
================================================================================
AV 72.0 40.3 11.8 FASTST M M 1 MAX(MPH)
MISC ----> 38 270 54 260
================================================================================
NOTES:
# LAST OF SEVERAL OCCURRENCES
COLUMN 17 PEAK WIND IN M.P.H.
PRELIMINARY LOCAL CLIMATOLOGICAL DATA (WS FORM: F-6) , PAGE 2
STATION: ODESSA SCHLEYMEYER
MONTH: MARCH
YEAR: 2022
LATITUDE: 31 55 N
LONGITUDE: 102 23 W
[TEMPERATURE DATA] [PRECIPITATION DATA] SYMBOLS USED IN COLUMN 16
AVERAGE MONTHLY: 56.1 TOTAL FOR MONTH: T 1 = FOG OR MIST
DPTR FM NORMAL: -1.0 DPTR FM NORMAL: -0.73 2 = FOG REDUCING VISIBILITY
HIGHEST: 92 ON 28,27 GRTST 24HR T ON 21-21 TO 1/4 MILE OR LESS
LOWEST: 22 ON 12 3 = THUNDER
SNOW, ICE PELLETS, HAIL 4 = ICE PELLETS
TOTAL MONTH: M 5 = HAIL
GRTST 24HR M ON M 6 = FREEZING RAIN OR DRIZZLE
GRTST DEPTH: M ON M 7 = DUSTSTORM OR SANDSTORM:
VSBY 1/2 MILE OR LESS
8 = SMOKE OR HAZE
[NO. OF DAYS WITH] [WEATHER - DAYS WITH] 9 = BLOWING SNOW
X = TORNADO
MAX 32 OR BELOW: 0 0.01 INCH OR MORE: 0
MAX 90 OR ABOVE: 3 0.10 INCH OR MORE: 0
MIN 32 OR BELOW: 7 0.50 INCH OR MORE: 0
MIN 0 OR BELOW: 0 1.00 INCH OR MORE: 0
[HDD (BASE 65) ]
TOTAL THIS MO. 305 CLEAR (SCALE 0-3) 29
DPTR FM NORMAL 35 PTCLDY (SCALE 4-7) 2
TOTAL FM JUL 1 2002 CLOUDY (SCALE 8-10) 0
DPTR FM NORMAL -399
[CDD (BASE 65) ]
TOTAL THIS MO. 38
DPTR FM NORMAL 11 [PRESSURE DATA]
TOTAL FM JAN 1 38 HIGHEST SLP 30.45 ON 12
DPTR FM NORMAL 8 LOWEST SLP 29.30 ON 29
[REMARKS]
#FINAL-03-22#