000
CXUS53 KOAX 010930
CF6OFK
PRELIMINARY LOCAL CLIMATOLOGICAL DATA (WS FORM: F-6)
STATION: NORFOLK NE
MONTH: JUNE
YEAR: 2022
LATITUDE: 41 58 N
LONGITUDE: 97 26 W
TEMPERATURE IN F: :PCPN: SNOW: WIND :SUNSHINE: SKY :PK WND
================================================================================
1 2 3 4 5 6A 6B 7 8 9 10 11 12 13 14 15 16 17 18
12Z AVG MX 2MIN
DY MAX MIN AVG DEP HDD CDD WTR SNW DPTH SPD SPD DIR MIN PSBL S-S WX SPD DR
================================================================================
1 71 43 57 -9 8 0 0.00 0.0 0 7.2 18 320 M M 1 25 340
2 82 37 60 -7 5 0 0.00 0.0 0 5.6 17 280 M M 1 25 290
3 81 51 66 -1 0 1 T 0.0 0 6.3 16 150 M M 5 20 80
4 80 58 69 2 0 4 0.90 0.0 0 7.1 20 140 M M 7 13 24 140
5 74 57 66 -2 0 1 0.32 0.0 0 3.4 18 130 M M 7 1238 25 150
6 78 59 69 1 0 4 0.00 0.0 0 5.7 15 10 M M 5 128 19 360
7 78 56 67 -1 0 2 0.23 0.0 0 6.3 15 20 M M 6 123 20 10
8 78 55 67 -1 0 2 0.00 0.0 0 9.5 21 340 M M 2 27 350
9 78 52 65 -4 0 0 T 0.0 0 5.3 18 220 M M 5 1 25 230
10 80 58 69 0 0 4 0.00 0.0 0 4.3 12 350 M M 3 12 15 330
11 93 58 76 7 0 11 0.00 0.0 0 6.6 20 360 M M 1 1 25 350
12 95 64 80 10 0 15 0.02 0.0 0 8.7 18 110 M M 0 26 130
13 102 76 89 19 0 24 0.00 0.0 0 14.1 23 180 M M 1 38 170
14 92 74 83 13 0 18 0.00 0.0 0 13.4 29 180 M M 1 42 180
15 88 63 76 6 0 11 0.10 0.0 0 10.6 26 360 M M 4 3 35 10
16 90 61 76 5 0 11 0.00 0.0 0 7.6 17 350 M M 0 23 330
17 93 56 75 4 0 10 0.00 0.0 0 9.2 20 120 M M 1 28 110
18 98 74 86 15 0 21 0.00 0.0 0 15.9 26 190 M M 0 39 160
19 98 76 87 15 0 22 0.00 0.0 0 18.7 30 180 M M 0 42 160
20 100 79 90 18 0 25 0.00 0.0 0 20.7 31 170 M M 0 46 180
21 87 59 73 1 0 8 0.00 0.0 0 8.8 23 340 M M 0 34 330
22 91 55 73 1 0 8 0.00 0.0 0 4.9 14 200 M M 0 20 160
23 92 64 78 6 0 13 0.00 0.0 0 13.1 23 160 M M 1 32 190
24 93 69 81 8 0 16 0.00 0.0 0 11.5 23 130 M M 1 1 29 130
25 83 60 72 -1 0 7 0.00 0.0 0 15.3 30 330 M M 3 138 41 330
26 83 55 69 -4 0 4 0.00 0.0 0 10.9 23 320 M M 0 32 320
27 85 46 66 -7 0 1 0.00 0.0 0 8.0 20 190 M M 1 25 180
28 94 58 76 3 0 11 0.00 0.0 0 8.8 23 220 M M 1 30 220
29 99 61 80 6 0 15 0.00 0.0 0 18.3 35 190 M M 0 49 190
30 99 74 87 13 0 22 0.00 0.0 0 15.3 30 200 M M 0 42 200
================================================================================
SM 2635 1808 13 291 1.57 0.0 301.1 M 57
================================================================================
AV 87.8 60.3 10.0 FASTST M M 2 MAX(MPH)
MISC ----> 35 190 49 190
================================================================================
NOTES:
# LAST OF SEVERAL OCCURRENCES
COLUMN 17 PEAK WIND IN M.P.H.
PRELIMINARY LOCAL CLIMATOLOGICAL DATA (WS FORM: F-6) , PAGE 2
STATION: NORFOLK NE
MONTH: JUNE
YEAR: 2022
LATITUDE: 41 58 N
LONGITUDE: 97 26 W
[TEMPERATURE DATA] [PRECIPITATION DATA] SYMBOLS USED IN COLUMN 16
AVERAGE MONTHLY: 74.1 TOTAL FOR MONTH: 1.57 1 = FOG OR MIST
DPTR FM NORMAL: 3.7 DPTR FM NORMAL: -2.80 2 = FOG REDUCING VISIBILITY
HIGHEST: 102 ON 13 GRTST 24HR 0.90 ON 4- 4 TO 1/4 MILE OR LESS
LOWEST: 37 ON 2 3 = THUNDER
SNOW, ICE PELLETS, HAIL 4 = ICE PELLETS
TOTAL MONTH: 0.0 INCH 5 = HAIL
GRTST 24HR 0.0 6 = FREEZING RAIN OR DRIZZLE
GRTST DEPTH: 0 7 = DUSTSTORM OR SANDSTORM:
VSBY 1/2 MILE OR LESS
8 = SMOKE OR HAZE
[NO. OF DAYS WITH] [WEATHER - DAYS WITH] 9 = BLOWING SNOW
X = TORNADO
MAX 32 OR BELOW: 0 0.01 INCH OR MORE: 5
MAX 90 OR ABOVE: 15 0.10 INCH OR MORE: 4
MIN 32 OR BELOW: 0 0.50 INCH OR MORE: 1
MIN 0 OR BELOW: 0 1.00 INCH OR MORE: 0
[HDD (BASE 65) ]
TOTAL THIS MO. 13 CLEAR (SCALE 0-3) 21
DPTR FM NORMAL -16 PTCLDY (SCALE 4-7) 9
TOTAL FM JUL 1 5847 CLOUDY (SCALE 8-10) 0
DPTR FM NORMAL -771
[CDD (BASE 65) ]
TOTAL THIS MO. 291
DPTR FM NORMAL 100 [PRESSURE DATA]
TOTAL FM JAN 1 395 HIGHEST SLP 30.37 ON 26
DPTR FM NORMAL 142 LOWEST SLP 29.39 ON 13
[REMARKS]
#FINAL-06-22#