000
CXUS53 KOAX 011520
CLMOFK
CLIMATE REPORT
NATIONAL WEATHER SERVICE OMAHA/VALLEY NE
839 AM CDT FRI SEP 01 2023
...................................
...THE NORFOLK NE CLIMATE SUMMARY FOR THE MONTH OF AUGUST 2023...
CLIMATE NORMAL PERIOD 1991 TO 2020
CLIMATE RECORD PERIOD 1888 TO 2023
WEATHER OBSERVED NORMAL DEPART
VALUE DATE(S) VALUE FROM
NORMAL
................................................
TEMPERATURE (F)
HIGHEST 102 08/22
08/23
LOWEST 51 08/15
AVG. MAXIMUM 87.2 84.0 3.2
AVG. MINIMUM 63.9 60.8 3.1
MEAN 75.6 72.4 3.2
DAYS MAX >= 90 8
DAYS MAX <= 32 0
DAYS MIN <= 32 0
DAYS MIN <= 0 0
PRECIPITATION (INCHES)
RECORD
MAXIMUM 8.27 1923
MINIMUM 0.37 1941
TOTALS 2.98 3.50 -0.52
DAYS >= .01 5
DAYS >= .10 4
DAYS >= .50 2
DAYS >= 1.00 1
GREATEST
24 HR. TOTAL 1.89 08/01 TO 08/02
SNOWFALL (INCHES)
RECORDS
TOTAL 0.0 2002
TOTALS 0.0 0.0 0.0
SINCE 7/1 0.0
DAYS >= 1.0 0
GREATEST
SNOW DEPTH 0
24 HR TOTAL MM
DEGREE DAYS
HEATING TOTAL 0 11 -11
SINCE 7/1 2 11 -9
COOLING TOTAL 331 240 91
SINCE 1/1 1030 801 229
................................................
WIND (MPH)
AVERAGE WIND SPEED 7.9
HIGHEST WIND SPEED/DIRECTION 44/210 DATE 08/02
HIGHEST GUST SPEED/DIRECTION 71/200 DATE 08/02
SKY COVER
AVERAGE SKY COVER 0.22
WEATHER CONDITIONS. NUMBER OF DAYS WITH
THUNDERSTORM 6 MIXED PRECIP 0
HEAVY RAIN 3 RAIN 2
LIGHT RAIN 9 FREEZING RAIN 0
LT FREEZING RAIN 0 HAIL 0
HEAVY SNOW 0 SNOW 0
LIGHT SNOW 0 SLEET 0
FOG 14 FOG W/VIS <= 1/4 MILE 4
HAZE 9
- INDICATES NEGATIVE NUMBERS.
R INDICATES RECORD WAS SET OR TIED.
MM INDICATES DATA IS MISSING.
T INDICATES TRACE AMOUNT.
&&
AUGUST IN NORFOLK WAS WARMER AND DRIER THAN NORMAL. THE MONTH ENDED
UP 3.2 DEGREES ABOVE NORMAL FOR AVERAGE TEMPERATURE AND 0.52 INCHES
BELOW NORMAL FOR PRECIPITATION.
NEW DAILY RECORDS FOR AUGUST 2023
DATE RECORD VALUE PREVIOUS RECORD
AUG 21 MAXIMUM TEMPERATURE 100 100 IN 1914
AUG 22 MAX MINIMUM TEMPERATURE 78 76 IN 1968
$$
DEWALD