000
CXUS52 KCAE 011400
CF6OGB
PRELIMINARY LOCAL CLIMATOLOGICAL DATA (WS FORM: F-6)
STATION: ORANGEBURG AIRPORT SC
MONTH: OCTOBER
YEAR: 2021
LATITUDE: 33 27 N
LONGITUDE: 80 51 W
TEMPERATURE IN F: :PCPN: SNOW: WIND :SUNSHINE: SKY :PK WND
================================================================================
1 2 3 4 5 6A 6B 7 8 9 10 11 12 13 14 15 16 17 18
12Z AVG MX 2MIN
DY MAX MIN AVG DEP HDD CDD WTR SNW DPTH SPD SPD DIR MIN PSBL S-S WX SPD DR
================================================================================
1 83 66 75 3 0 10 0.00 M M 4.0 10 50 M M 5 12 14 60
2 85 60 73 2 0 8 0.00 M M 2.4 13 140 M M 1 1 16 130
3 84 61 73 2 0 8 0.00 M M 3.3 12 130 M M 3 12 15 150
4 85 65 75 5 0 10 0.04 M M 3.0 13 220 M M 5 12 15 200
5 83 67 75 5 0 10 0.86 M M 3.9 18 130 M M 5 12 27 140
6 81 72 77 7 0 12 0.14 M M 5.4 13 70 M M 6 1 18 80
7 79 70 75 6 0 10 0.01 M M 4.1 10 60 M M 6 14 70
8 76 70 73 4 0 8 T M M 4.4 9 60 M M 9 13 40
9 80 68 74 5 0 9 0.04 M M 6.3 14 30 M M 7 1 18 40
10 82 67 75 7 0 10 0.00 M M 7.6 16 20 M M 5 22 20
11 73 65 69 1 0 4 0.00 M M 5.8 13 20 M M 7 18 40
12 78 60 69 2 0 4 0.00 M M 2.5 8 60 M M 7 1 12 70
13 83 56 70 3 0 5 0.00 M M 1.6 9 40 M M 1 12 13 30
14 86 61 74 7 0 9 0.00 M M 1.6 9 360 M M 2 12 11 360
15 87 62 75 9 0 10 0.00 M M 2.5 10 260 M M 1 1 12 280
16 88 62 75 9 0 10 0.00 M M 8.3 22 260 M M 1 1 29 250
17 70 48 59 -7 6 0 0.00 M M 5.0 18 10 M M 0 26 20
18 74 43 59 -6 6 0 0.00 M M 1.4 10 290 M M 0 18 14 320
19 78 44 61 -4 4 0 0.00 M M 1.2 9 240 M M 0 1 12 240
20 80 46 63 -1 2 0 0.00 M M 2.3 12 230 M M 0 1 16 270
21 81 53 67 3 0 2 0.00 M M 5.2 16 220 M M 1 12 21 200
22 81 54 68 4 0 3 0.00 M M 5.8 16 250 M M 2 1 22 250
23 78 48 63 0 2 0 0.00 M M 1.4 9 20 M M 0 12 14 10
24 81 48 65 2 0 0 0.00 M M 1.8 12 210 M M 0 12 14 120
25 80 63 72 10 0 7 T M M 5.8 14 250 M M 4 19 210
26 74 56 65 3 0 0 0.00 M M 7.5 15 300 M M 1 20 280
27 70 42 56 -6 9 0 0.00 M M 2.7 10 270 M M 0 1 17 250
28 67 45 56 -5 9 0 M M M 4.1 17 130 M M 6 12 24 140
29 67 52 60 -1 5 0 M M M 7.9 22 250 M M 8 1 28 250
30 64 47 56 -5 9 0 T 0.0 M 7.5 17 250 M M 5 22 250
31 72 47 60 0 5 0 0.00 M M 4.9 12 270 M M 1 1 19 280
================================================================================
SM 2430 1768 57 149 1.09 0.0 131.2 M 99
================================================================================
AV 78.4 57.0 4.2 FASTST M M 3 MAX(MPH)
MISC ----> # 22 260 29 250
================================================================================
NOTES:
# LAST OF SEVERAL OCCURRENCES
COLUMN 17 PEAK WIND IN M.P.H.
PRELIMINARY LOCAL CLIMATOLOGICAL DATA (WS FORM: F-6) , PAGE 2
STATION: ORANGEBURG AIRPORT SC
MONTH: OCTOBER
YEAR: 2021
LATITUDE: 33 27 N
LONGITUDE: 80 51 W
[TEMPERATURE DATA] [PRECIPITATION DATA] SYMBOLS USED IN COLUMN 16
AVERAGE MONTHLY: 67.7 TOTAL FOR MONTH: 1.09 1 = FOG OR MIST
DPTR FM NORMAL: 1.8 DPTR FM NORMAL: -2.07 2 = FOG REDUCING VISIBILITY
HIGHEST: 88 ON 16 GRTST 24HR 0.88 ON 4- 5 TO 1/4 MILE OR LESS
LOWEST: 42 ON 27 3 = THUNDER
SNOW, ICE PELLETS, HAIL 4 = ICE PELLETS
TOTAL MONTH: 0.0 INCH 5 = HAIL
GRTST 24HR 0.0 6 = FREEZING RAIN OR DRIZZLE
GRTST DEPTH: M ON M 7 = DUSTSTORM OR SANDSTORM:
VSBY 1/2 MILE OR LESS
8 = SMOKE OR HAZE
[NO. OF DAYS WITH] [WEATHER - DAYS WITH] 9 = BLOWING SNOW
X = TORNADO
MAX 32 OR BELOW: 0 0.01 INCH OR MORE: 5
MAX 90 OR ABOVE: 0 0.10 INCH OR MORE: 2
MIN 32 OR BELOW: 0 0.50 INCH OR MORE: 1
MIN 0 OR BELOW: 0 1.00 INCH OR MORE: 0
[HDD (BASE 65) ]
TOTAL THIS MO. 57 CLEAR (SCALE 0-3) 17
DPTR FM NORMAL -22 PTCLDY (SCALE 4-7) 12
TOTAL FM JUL 1 57 CLOUDY (SCALE 8-10) 2
DPTR FM NORMAL -26
[CDD (BASE 65) ]
TOTAL THIS MO. 149
DPTR FM NORMAL 42 [PRESSURE DATA]
TOTAL FM JAN 1 2193 HIGHEST SLP 30.30 ON 20
DPTR FM NORMAL -19 LOWEST SLP 29.50 ON 29
[REMARKS]
#FINAL-10-21#