058
CXUS55 KCAE 011400
CF6OGB
PRELIMINARY LOCAL CLIMATOLOGICAL DATA (WS FORM: F-6)
STATION: ORANGEBURG AIRPORT SC
MONTH: APRIL
YEAR: 2020
LATITUDE: 33 27 N
LONGITUDE: 80 51 W
TEMPERATURE IN F: :PCPN: SNOW: WIND :SUNSHINE: SKY :PK WND
================================================================================
1 2 3 4 5 6A 6B 7 8 9 10 11 12 13 14 15 16 17 18
12Z AVG MX 2MIN
DY MAX MIN AVG DEP HDD CDD WTR SNW DPTH SPD SPD DIR MIN PSBL S-S WX SPD DR
================================================================================
1 63 48 56 -4 9 0 0.00 M M 6.5 14 20 M M 8 1 19 30
2 67 45 56 -5 9 0 0.00 M M 5.5 16 300 M M 1 21 320
3 77 42 60 -1 5 0 0.00 M M 3.0 14 290 M M 0 19 270
4 77 50 64 3 1 0 0.00 M M 3.5 14 20 M M 0 20 20
5 78 51 65 4 0 0 0.00 M M 4.1 12 180 M M 0 16 180
6 83 52 68 7 0 3 0.00 M M 6.3 18 220 M M 0 12 25 230
7 85 61 73 11 0 8 0.04 M M 8.7 22 250 M M 1 31 240
8 85 61 73 11 0 8 0.00 M M 9.8 21 270 M M 2 25 280
9 87 66 77 15 0 12 0.00 M M 13.2 25 270 M M 2 34 250
10 70 43 57 -5 8 0 0.00 M M 7.8 22 10 M M 1 29 10
11 73 37 55 -7 10 0 0.00 M M 4.6 14 230 M M 0 18 220
12 77 48 63 0 2 0 T M M 9.9 24 170 M M 7 1 32 160
13 83 60 72 9 0 7 0.69 M M 12.1 43 200 M M 4 13 50 200
14 83 54 69 6 0 4 0.00 M M 3.8 16 210 M M 1 1 21 230
15 66 48 57 -6 8 0 T M M 6.9 21 20 M M 5 28 30
16 70 45 58 -6 7 0 0.00 M M 4.1 13 350 M M 0 17 350
17 75 43 59 -5 6 0 0.00 M M 7.0 18 180 M M 1 23 180
18 81 54 68 4 0 3 T M M 9.7 24 280 M M 2 32 280
19 65 48 57 -7 8 0 0.57 M M 2.4 7 250 M M 4 13 M M
20 68 52 60 -4 5 0 0.50 M M 6.3 23 280 M M 7 18 29 290
21 79 50 65 0 0 0 0.00 M M 9.0 20 270 M M 1 33 240
22 73 48 61 -4 4 0 0.00 M M 3.6 13 40 M M 0 17 30
23 67 57 62 -3 3 0 0.55 M M 7.3 23 160 M M 8 13 30 160
24 80 59 70 4 0 5 0.00 M M 9.1 18 250 M M 5 24 240
25 82 54 68 2 0 3 0.00 M M 6.4 16 160 M M 1 1 21 180
26 77 56 67 1 0 2 0.00 M M 13.5 25 240 M M 1 1 34 290
27 74 50 62 -4 3 0 0.00 M M 5.7 15 340 M M 0 21 320
28 79 47 63 -3 2 0 0.00 M M 5.7 15 260 M M 0 20 230
29 82 56 69 2 0 4 T M M 13.3 28 180 M M 2 38 160
30 73 55 64 -3 1 0 0.40 M M 10.8 21 270 M M 8 1 27 270
================================================================================
SM 2279 1540 91 59 2.75 M 219.6 M 72
================================================================================
AV 76.0 51.3 7.3 FASTST M M 2 MAX(MPH)
MISC ----> # 43 200 # 50 200
================================================================================
NOTES:
# LAST OF SEVERAL OCCURRENCES
COLUMN 17 PEAK WIND IN M.P.H.
PRELIMINARY LOCAL CLIMATOLOGICAL DATA (WS FORM: F-6) , PAGE 2
STATION: ORANGEBURG AIRPORT SC
MONTH: APRIL
YEAR: 2020
LATITUDE: 33 27 N
LONGITUDE: 80 51 W
[TEMPERATURE DATA] [PRECIPITATION DATA] SYMBOLS USED IN COLUMN 16
AVERAGE MONTHLY: 63.7 TOTAL FOR MONTH: 2.75 1 = FOG OR MIST
DPTR FM NORMAL: 0.2 DPTR FM NORMAL: -0.10 2 = FOG REDUCING VISIBILITY
HIGHEST: 87 ON 9 GRTST 24HR 0.69 ON 13-13 TO 1/4 MILE OR LESS
LOWEST: 37 ON 11 3 = THUNDER
SNOW, ICE PELLETS, HAIL 4 = ICE PELLETS
TOTAL MONTH: M 5 = HAIL
GRTST 24HR M ON M 6 = FREEZING RAIN OR DRIZZLE
GRTST DEPTH: M ON M 7 = DUSTSTORM OR SANDSTORM:
VSBY 1/2 MILE OR LESS
8 = SMOKE OR HAZE
[NO. OF DAYS WITH] [WEATHER - DAYS WITH] 9 = BLOWING SNOW
X = TORNADO
MAX 32 OR BELOW: 0 0.01 INCH OR MORE: 6
MAX 90 OR ABOVE: 0 0.10 INCH OR MORE: 5
MIN 32 OR BELOW: 0 0.50 INCH OR MORE: 4
MIN 0 OR BELOW: 0 1.00 INCH OR MORE: 0
[HDD (BASE 65) ]
TOTAL THIS MO. 91 CLEAR (SCALE 0-3) 21
DPTR FM NORMAL -17 PTCLDY (SCALE 4-7) 9
TOTAL FM JUL 1 1775 CLOUDY (SCALE 8-10) 0
DPTR FM NORMAL -542
[CDD (BASE 65) ]
TOTAL THIS MO. 59
DPTR FM NORMAL -6 [PRESSURE DATA]
TOTAL FM JAN 1 173 HIGHEST SLP 30.31 ON 17
DPTR FM NORMAL 88 LOWEST SLP 29.50 ON 20
[REMARKS]
#FINAL-04-20#