000
CXUS55 KEAX 010836
CF6OJC
PRELIMINARY LOCAL CLIMATOLOGICAL DATA (WS FORM: F-6)
STATION: JOHNSON COUNTY EXECUTIVE KS
MONTH: DECEMBER
YEAR: 2020
LATITUDE: 38 50 N
LONGITUDE: 94 44 W
TEMPERATURE IN F: :PCPN: SNOW: WIND :SUNSHINE: SKY :PK WND
================================================================================
1 2 3 4 5 6A 6B 7 8 9 10 11 12 13 14 15 16 17 18
12Z AVG MX 2MIN
DY MAX MIN AVG DEP HDD CDD WTR SNW DPTH SPD SPD DIR MIN PSBL S-S WX SPD DR
================================================================================
1 51 19 35 -2 30 0 0.00 M M 7.7 17 140 M M 0 23 140
2 52 30 41 5 24 0 0.00 M M 6.0 13 70 M M 1 17 80
3 40 26 33 -3 32 0 0.01 M M 4.2 10 350 M M 7 1 13 350
4 54 27 41 5 24 0 0.00 M M 5.8 13 270 M M 0 18 280
5 52 29 41 6 24 0 0.00 M M 5.6 14 330 M M 0 18 320
6 48 31 40 5 25 0 0.00 M M 7.4 15 360 M M 0 20 10
7 54 29 42 8 23 0 0.00 M M 4.5 12 340 M M 3 12 18 330
8 57 26 42 8 23 0 0.00 M M 4.4 10 280 M M 0 1 15 300
9 68 34 51 17 14 0 0.00 M M 4.3 10 300 M M 0 13 330
10 67 34 51 17 14 0 0.00 M M 4.3 12 360 M M 0 15 170
11 47 38 43 10 22 0 0.07 M M 6.2 16 250 M M 9 1 23 270
12 38 32 35 2 30 0 T M M 9.1 16 350 M M 10 1 23 350
13 36 24 30 -3 35 0 0.00 M M 7.6 16 350 M M 7 23 360
14 38 21 30 -2 35 0 0.00 M M 4.7 10 90 M M 4 1 16 90
15 30 22 26 -6 39 0 0.00 M M 8.5 14 40 M M 4 20 90
16 31 23 27 -5 38 0 0.00 M M 5.0 10 330 M M 10 14 320
17 49 23 36 4 29 0 0.00 M M 6.5 10 260 M M 1 1 16 260
18 54 32 43 11 22 0 0.00 M M 14.2 31 200 M M 1 44 200
19 43 26 35 4 30 0 0.00 M M 5.7 15 340 M M 2 1 21 330
20 53 27 40 9 25 0 0.00 M M 6.5 13 230 M M 0 18 230
21 59 38 49 18 16 0 0.00 M M 8.0 16 300 M M 0 26 250
22 65 30 48 17 17 0 0.00 M M 13.0 28 170 M M 0 38 170
23 57 23 40 9 25 0 T M M 19.4 31 250 M M 5 47 310
24 27 13 20 -10 45 0 T M M 13.3 23 310 M M 1 36 300
25 37 8 23 -7 42 0 0.00 M M 6.5 14 200 M M 0 18 190
26 59 21 40 10 25 0 0.00 M M 7.0 15 180 M M 0 23 190
27 55 35 45 15 20 0 0.00 M M 11.0 20 330 M M 3 30 320
28 37 25 31 1 34 0 0.00 M M 5.7 15 350 M M 3 24 330
29 39 28 34 4 31 0 M M M 10.7 21 130 M M 10 16 30 140
30 38 23 31 1 34 0 0.02 M M 8.1 16 320 M M 2 1 23 320
31 36 17 27 -3 38 0 0.00 M M 7.1 17 50 M M 0 25 60
================================================================================
SM 1471 814 865 0 0.10 M 238.0 M 83
================================================================================
AV 47.5 26.3 7.7 FASTST M M 3 MAX(MPH)
MISC ----> # 31 200 47 310
================================================================================
NOTES:
# LAST OF SEVERAL OCCURRENCES
COLUMN 17 PEAK WIND IN M.P.H.
PRELIMINARY LOCAL CLIMATOLOGICAL DATA (WS FORM: F-6) , PAGE 2
STATION: JOHNSON COUNTY EXECUTIVE KS
MONTH: DECEMBER
YEAR: 2020
LATITUDE: 38 50 N
LONGITUDE: 94 44 W
[TEMPERATURE DATA] [PRECIPITATION DATA] SYMBOLS USED IN COLUMN 16
AVERAGE MONTHLY: 36.9 TOTAL FOR MONTH: 0.10 1 = FOG OR MIST
DPTR FM NORMAL: 4.5 DPTR FM NORMAL: -1.54 2 = FOG REDUCING VISIBILITY
HIGHEST: 68 ON 9 GRTST 24HR 0.87 ON 29-30 TO 1/4 MILE OR LESS
LOWEST: 8 ON 25 3 = THUNDER
SNOW, ICE PELLETS, HAIL 4 = ICE PELLETS
TOTAL MONTH: M 5 = HAIL
GRTST 24HR M ON M 6 = FREEZING RAIN OR DRIZZLE
GRTST DEPTH: M ON M 7 = DUSTSTORM OR SANDSTORM:
VSBY 1/2 MILE OR LESS
8 = SMOKE OR HAZE
[NO. OF DAYS WITH] [WEATHER - DAYS WITH] 9 = BLOWING SNOW
X = TORNADO
MAX 32 OR BELOW: 3 0.01 INCH OR MORE: 3
MAX 90 OR ABOVE: 0 0.10 INCH OR MORE: 0
MIN 32 OR BELOW: 26 0.50 INCH OR MORE: 0
MIN 0 OR BELOW: 0 1.00 INCH OR MORE: 0
[HDD (BASE 65) ]
TOTAL THIS MO. 865 CLEAR (SCALE 0-3) 20
DPTR FM NORMAL -145 PTCLDY (SCALE 4-7) 7
TOTAL FM JUL 1 1781 CLOUDY (SCALE 8-10) 4
DPTR FM NORMAL -185
[CDD (BASE 65) ]
TOTAL THIS MO. 0
DPTR FM NORMAL 0 [PRESSURE DATA]
TOTAL FM JAN 1 1320 HIGHEST SLP 30.48 ON 28
DPTR FM NORMAL -29 LOWEST SLP 29.43 ON 23
[REMARKS]
#FINAL-12-20#