000
CXUS53 KEAX 010746
CLSOJC
CLIMATE REPORT
NATIONAL WEATHER SERVICE
142 AM CST TUE DEC 01 2020
...................................
...THE JOHNSON COUNTY EXECUTIVE KS CLIMATE SUMMARY FOR THE SEASON, FROM
9/1/2020 TO 11/30/2020...
CLIMATE NORMAL PERIOD: 1981 TO 2010
CLIMATE RECORD PERIOD: 9999 TO 9999
WEATHER OBSERVED NORMAL DEPART LAST YEAR`S
VALUE DATE(S) VALUE FROM VALUE DATE(S)
NORMAL
................................................................
TEMPERATURE (F)
HIGHEST 92 09/07 92 0 90 09/19
09/18
09/16
LOWEST 21 11/13 18 3 7 11/12
11/30
AVG. MAXIMUM 66.8 66.4 0.4 65.3
AVG. MINIMUM 46.2 46.7 -0.5 46.1
MEAN 56.5 56.5 0.0 55.7
DAYS MAX >= 90 2 3.2 -1.2 6
DAYS MAX <= 32 0 0.8 -0.8 1
DAYS MIN <= 32 17 12.9 4.1 22
DAYS MIN <= 0 0 0.0 0.0 0
PRECIPITATION (INCHES)
TOTALS 4.43R 10.44 -6.01 8.72
DAILY AVG. 0.05 0.11 -0.06 0.10
DAYS >= .01 17 23.8 -6.8 23
DAYS >= .10 11 15.6 -4.6 16
DAYS >= .50 3 6.7 -3.7 5
DAYS >= 1.00 1 2.9 -1.9 1
GREATEST
24 HR. TOTAL 1.40 09/27 TO 09/27
DEGREE DAYS
HEATING TOTAL 916 954 -38 1156
COOLING TOTAL 164 184 -20 326
................................................................
WIND (MPH)
AVERAGE WIND SPEED 8.3
HIGHEST WIND SPEED/DIRECTION 30/200 DATE 10/17
HIGHEST GUST SPEED/DIRECTION 48/200 DATE 10/17
SKY COVER
POSSIBLE SUNSHINE (PERCENT) MM
AVERAGE SKY COVER 0.32
NUMBER OF DAYS FAIR 59
NUMBER OF DAYS PC 11
NUMBER OF DAYS CLOUDY 21
AVERAGE RH (PERCENT) 70
WEATHER CONDITIONS. NUMBER OF DAYS WITH
THUNDERSTORM 6 MIXED PRECIP 0
HEAVY RAIN 4 RAIN 8
LIGHT RAIN 19 FREEZING RAIN 0
LT FREEZING RAIN 1 HAIL 0
HEAVY SNOW 0 SNOW 1
LIGHT SNOW 1 SLEET 0
FOG 33 FOG W/VIS <= 1/4 MILE 7
HAZE 3
- INDICATES NEGATIVE NUMBERS.
R INDICATES RECORD WAS SET OR TIED.
MM INDICATES DATA IS MISSING.
T INDICATES TRACE AMOUNT.
$$