000
CXUS56 KSGX 011145
CF6OKB
PRELIMINARY LOCAL CLIMATOLOGICAL DATA (WS FORM: F-6)
STATION: OCEANSIDE AIRPORT CA
MONTH: JANUARY
YEAR: 2022
LATITUDE: 33 13 N
LONGITUDE: 117 21 W
TEMPERATURE IN F: :PCPN: SNOW: WIND :SUNSHINE: SKY :PK WND
================================================================================
1 2 3 4 5 6A 6B 7 8 9 10 11 12 13 14 15 16 17 18
12Z AVG MX 2MIN
DY MAX MIN AVG DEP HDD CDD WTR SNW DPTH SPD SPD DIR MIN PSBL S-S WX SPD DR
================================================================================
1 64 39 52 -1 13 0 0.00 M M 2.7 13 240 M M 2 1 14 240
2 68 33 51 -2 14 0 0.00 M M 3.2 13 280 M M 0 16 270
3 61 30 46 -7 19 0 0.00 M M 2.3 10 230 M M 0 1 14 250
4 61 33 47 -6 18 0 T M M 2.5 12 270 M M 0 1 15 250
5 65 35 50 -3 15 0 0.00 M M 1.9 13 240 M M 0 1 15 260
6 65 36 51 -2 14 0 0.00 M M 2.3 10 240 M M 0 12 12 230
7 61 35 48 -5 17 0 0.00 M M 2.8 10 250 M M 6 18 13 260
8 64 41 53 -1 12 0 0.00 M M 2.6 9 250 M M 5 1 12 210
9 69 35 52 -2 13 0 0.00 M M 2.3 12 260 M M 0 1 14 260
10 78 38 58 4 7 0 0.00 M M 3.4 12 50 M M 0 16 30
11 82 42 62 8 3 0 0.00 M M 4.3 12 280 M M 0 15 290
12 74 38 56 2 9 0 0.00 M M 2.4 12 250 M M 0 12 250
13 74 43 59 5 6 0 0.00 M M 1.2 13 260 M M 4 16 260
14 72 48 60 6 5 0 0.00 M M 2.4 10 250 M M 2 18 12 250
15 69 45 57 3 8 0 0.05 M M 1.8 10 60 M M 7 1 13 80
16 72 52 62 8 3 0 0.00 M M 2.3 10 210 M M 4 13 210
17 67 53 60 6 5 0 0.00 M M 2.5 12 230 M M 9 13 230
18 64 53 59 5 6 0 0.25 M M 3.0 13 240 M M 8 1 15 250
19 65 45 55 1 10 0 0.00 M M 2.8 13 300 M M 4 1 16 290
20 71 40 56 2 9 0 0.00 M M 3.4 13 270 M M 0 128 17 290
21 65 36 51 -3 14 0 0.00 M M 2.9 12 240 M M 0 1 16 220
22 72 36 54 0 11 0 0.00 M M 4.2 18 250 M M 0 1 23 230
23 71 36 54 0 11 0 0.00 M M 3.6 15 260 M M 0 20 300
24 68 36 52 -2 13 0 0.00 M M 3.4 12 210 M M 2 12 14 220
25 63 34 49 -5 16 0 0.00 M M 2.2 12 240 M M 0 1 14 240
26 67 36 52 -2 13 0 0.00 M M 3.5 13 260 M M 2 12 15 250
27 68 38 53 -1 12 0 0.00 M M 4.9 12 260 M M 0 15 270
28 77 32 55 1 10 0 0.00 M M 1.6 14 280 M M 0 17 270
29 66 37 52 -2 13 0 0.00 M M 2.6 10 220 M M 1 14 270
30 69 33 51 -3 14 0 0.00 M M 3.8 15 240 M M 0 12 19 250
31 64 33 49 -5 16 0 0.00 M M 1.4 12 220 M M 1 1 13 210
================================================================================
SM 2116 1201 349 0 0.30 M 86.2 M 57
================================================================================
AV 68.3 38.7 2.8 FASTST M M 2 MAX(MPH)
MISC ----> 18 250 23 230
================================================================================
NOTES:
# LAST OF SEVERAL OCCURRENCES
COLUMN 17 PEAK WIND IN M.P.H.
PRELIMINARY LOCAL CLIMATOLOGICAL DATA (WS FORM: F-6) , PAGE 2
STATION: OCEANSIDE AIRPORT CA
MONTH: JANUARY
YEAR: 2022
LATITUDE: 33 13 N
LONGITUDE: 117 21 W
[TEMPERATURE DATA] [PRECIPITATION DATA] SYMBOLS USED IN COLUMN 16
AVERAGE MONTHLY: 53.5 TOTAL FOR MONTH: 0.30 1 = FOG OR MIST
DPTR FM NORMAL: -0.1 DPTR FM NORMAL: -2.07 2 = FOG REDUCING VISIBILITY
HIGHEST: 82 ON 11 GRTST 24HR 0.25 ON 18-18 TO 1/4 MILE OR LESS
LOWEST: 30 ON 3 3 = THUNDER
SNOW, ICE PELLETS, HAIL 4 = ICE PELLETS
TOTAL MONTH: M 5 = HAIL
GRTST 24HR M ON M 6 = FREEZING RAIN OR DRIZZLE
GRTST DEPTH: M ON M 7 = DUSTSTORM OR SANDSTORM:
VSBY 1/2 MILE OR LESS
8 = SMOKE OR HAZE
[NO. OF DAYS WITH] [WEATHER - DAYS WITH] 9 = BLOWING SNOW
X = TORNADO
MAX 32 OR BELOW: 0 0.01 INCH OR MORE: 2
MAX 90 OR ABOVE: 0 0.10 INCH OR MORE: 1
MIN 32 OR BELOW: 2 0.50 INCH OR MORE: 0
MIN 0 OR BELOW: 0 1.00 INCH OR MORE: 0
[HDD (BASE 65) ]
TOTAL THIS MO. 349 CLEAR (SCALE 0-3) 23
DPTR FM NORMAL -5 PTCLDY (SCALE 4-7) 7
TOTAL FM JUL 1 986 CLOUDY (SCALE 8-10) 1
DPTR FM NORMAL -61
[CDD (BASE 65) ]
TOTAL THIS MO. 0
DPTR FM NORMAL 0 [PRESSURE DATA]
TOTAL FM JAN 1 0 HIGHEST SLP 30.31 ON 9
DPTR FM NORMAL 0 LOWEST SLP 29.87 ON 1
[REMARKS]
#FINAL-01-22#