000
CXUS54 KOUN 010810
CF6OKC
PRELIMINARY LOCAL CLIMATOLOGICAL DATA (WS FORM: F-6)
STATION: OKLAHOMA CITY
MONTH: MARCH
YEAR: 2021
LATITUDE: 35 24 N
LONGITUDE: 97 36 W
TEMPERATURE IN F: :PCPN: SNOW: WIND :SUNSHINE: SKY :PK WND
================================================================================
1 2 3 4 5 6A 6B 7 8 9 10 11 12 13 14 15 16 17 18
12Z AVG MX 2MIN
DY MAX MIN AVG DEP HDD CDD WTR SNW DPTH SPD SPD DIR MIN PSBL S-S WX SPD DR
================================================================================
1 55 33 44 -4 21 0 0.00 0.0 0 8.6 21 360 M M 7 25 360
2 62 29 46 -2 19 0 0.00 0.0 0 8.1 17 250 M M 2 22 210
3 69 29 49 1 16 0 0.00 0.0 0 11.2 22 200 M M 0 26 210
4 75 38 57 8 8 0 T 0.0 0 14.4 26 120 M M 4 33 130
5 59 41 50 1 15 0 T 0.0 0 17.0 31 30 M M 8 39 30
6 64 30 47 -2 18 0 0.00 0.0 0 5.9 15 200 M M 1 1 18 200
7 66 32 49 -1 16 0 0.00 0.0 0 12.8 28 180 M M 2 34 210
8 71 35 53 3 12 0 0.00 0.0 0 15.2 29 180 M M 5 37 180
9 72 51 62 12 3 0 0.00 0.0 0 23.9 39 200 M M 6 50 190
10 80 60 70 20 0 5 0.00 0.0 0 22.9 31 200 M M 6 39 190
11 63 49 56 5 9 0 T 0.0 0 11.4 18 350 M M 9 22 10
12 71 49 60 9 5 0 0.07 0.0 0 8.5 18 180 M M 10 1 22 180
13 71 51 61 10 4 0 T 0.0 0 14.5 30 150 M M 10 12 36 150
14 68 50 59 7 6 0 0.16 0.0 0 15.8 29 220 M M 6 1 39 200
15 67 42 55 3 10 0 0.00 0.0 0 11.8 28 250 M M 5 34 240
16 79 46 63 11 2 0 0.00 0.0 0 13.7 24 140 M M 7 30 180
17 68 38 53 1 12 0 T 0.0 0 21.8 39 340 M M 10 12 48 350
18 50 38 44 -9 21 0 T 0.0 0 21.0 35 340 M M 8 41 340
19 62 34 48 -5 17 0 0.00 0.0 0 9.4 15 30 M M 2 20 10
20 66 36 51 -2 14 0 0.00 0.0 0 10.1 22 150 M M 2 26 150
21 68 43 56 2 9 0 0.00 0.0 0 19.5 30 150 M M 5 36 150
22 56 48 52 -2 13 0 1.12 0.0 0 17.5 33 140 M M 10 13 42 140
23 62 44 53 -1 12 0 0.11 0.0 0 14.9 25 280 M M 6 13 33 280
24 56 41 49 -5 16 0 0.04 0.0 0 10.4 18 360 M M 7 3 24 20
25 60 43 52 -3 13 0 0.00 0.0 0 9.4 18 330 M M 6 21 330
26 77 39 58 3 7 0 0.00 0.0 0 13.8 28 200 M M 3 34 210
27 71 46 59 4 6 0 0.00 0.0 0 13.7 26 360 M M 2 33 360
28 67 39 53 -3 12 0 0.00 0.0 0 6.5 14 320 M M 1 18 340
29 77 45 61 5 4 0 0.00 0.0 0 20.9 36 190 M M 1 43 180
30 65 50 58 2 7 0 0.00 0.0 0 17.3 25 30 M M 7 34 30
31 63 44 54 -2 11 0 T 0.0 0 10.9 26 40 M M 3 34 20
================================================================================
SM 2060 1293 338 5 1.50 0.0 432.8 M 161
================================================================================
AV 66.5 41.7 14.0 FASTST M M 5 MAX(MPH)
MISC ----> # 39 200 50 190
================================================================================
NOTES:
# LAST OF SEVERAL OCCURRENCES
COLUMN 17 PEAK WIND IN M.P.H.
PRELIMINARY LOCAL CLIMATOLOGICAL DATA (WS FORM: F-6) , PAGE 2
STATION: OKLAHOMA CITY
MONTH: MARCH
YEAR: 2021
LATITUDE: 35 24 N
LONGITUDE: 97 36 W
[TEMPERATURE DATA] [PRECIPITATION DATA] SYMBOLS USED IN COLUMN 16
AVERAGE MONTHLY: 54.1 TOTAL FOR MONTH: 1.50 1 = FOG OR MIST
DPTR FM NORMAL: 1.9 DPTR FM NORMAL: -1.56 2 = FOG REDUCING VISIBILITY
HIGHEST: 80 ON 10 GRTST 24HR 1.23 ON 22-23 TO 1/4 MILE OR LESS
LOWEST: 29 ON 3, 2 3 = THUNDER
SNOW, ICE PELLETS, HAIL 4 = ICE PELLETS
TOTAL MONTH: 0.0 INCH 5 = HAIL
GRTST 24HR 0.0 6 = FREEZING RAIN OR DRIZZLE
GRTST DEPTH: 0 7 = DUSTSTORM OR SANDSTORM:
VSBY 1/2 MILE OR LESS
8 = SMOKE OR HAZE
[NO. OF DAYS WITH] [WEATHER - DAYS WITH] 9 = BLOWING SNOW
X = TORNADO
MAX 32 OR BELOW: 0 0.01 INCH OR MORE: 5
MAX 90 OR ABOVE: 0 0.10 INCH OR MORE: 3
MIN 32 OR BELOW: 4 0.50 INCH OR MORE: 1
MIN 0 OR BELOW: 0 1.00 INCH OR MORE: 1
[HDD (BASE 65) ]
TOTAL THIS MO. 338 CLEAR (SCALE 0-3) 10
DPTR FM NORMAL -71 PTCLDY (SCALE 4-7) 16
TOTAL FM JUL 1 3464 CLOUDY (SCALE 8-10) 5
DPTR FM NORMAL 304
[CDD (BASE 65) ]
TOTAL THIS MO. 5
DPTR FM NORMAL -7 [PRESSURE DATA]
TOTAL FM JAN 1 5 HIGHEST SLP M ON M
DPTR FM NORMAL -8 LOWEST SLP 29.46 ON 23
[REMARKS]
#FINAL-03-21#