000
CXUS55 KGGW 010810
CF6OLF
PRELIMINARY LOCAL CLIMATOLOGICAL DATA (WS FORM: F-6)
STATION: WOLF POINT MT
MONTH: APRIL
YEAR: 2022
LATITUDE: 48 5 N
LONGITUDE: 105 35 W
TEMPERATURE IN F: :PCPN: SNOW: WIND :SUNSHINE: SKY :PK WND
================================================================================
1 2 3 4 5 6A 6B 7 8 9 10 11 12 13 14 15 16 17 18
12Z AVG MX 2MIN
DY MAX MIN AVG DEP HDD CDD WTR SNW DPTH SPD SPD DIR MIN PSBL S-S WX SPD DR
================================================================================
1 54 21 38 -1 27 0 T M M 10.2 32 330 M M 3 44 310
2 62 13 38 -1 27 0 0.00 M M 5.5 14 130 M M 4 21 130
3 60 34 47 7 18 0 0.00 M M 8.9 20 320 M M 2 28 340
4 65 27 46 6 19 0 0.00 M M 8.1 26 230 M M 4 38 220
5 49 36 43 3 22 0 0.03 M M 22.4 37 290 M M 7 1 52 290
6 47 32 40 -1 25 0 0.10 M M 12.3 26 320 M M 9 1 35 320
7 54 25 40 -1 25 0 0.00 M M 10.8 24 350 M M 2 46 350
8 66 20 43 1 22 0 0.00 M M 8.2 18 190 M M 0 27 170
9 58 34 46 4 19 0 0.02 M M 16.9 40 300 M M 5 64 250
10 50 29 40 -2 25 0 T M M 10.2 26 330 M M 5 34 330
11 46 15 31 -12 34 0 0.00 M M 8.8 18 290 M M 0 25 320
12 24 18 21 -22 44 0 0.01 M M 18.3 28 40 M M 8 1 41 40
13 24 17 21 -22 44 0 T M M 24.5 37 330 M M 10 8 44 350
14 28 12 20 -24 45 0 T M M 18.4 31 300 M M 9 8 40 290
15 30 6 18 -26 47 0 T M M 7.0 17 310 M M 5 21 300
16 38 13 26 -18 39 0 0.03 M M 10.8 23 80 M M 5 1 31 90
17 38 18 28 -17 37 0 0.03 M M 12.6 24 70 M M 7 128 36 70
18 47 14 31 -14 34 0 0.00 M M 9.3 17 80 M M 1 24 80
19 52 25 39 -6 26 0 0.00 M M 8.6 21 110 M M 2 27 90
20 48 21 35 -11 30 0 0.00 M M 16.5 40 280 M M 3 56 290
21 49 20 35 -11 30 0 0.00 M M 11.9 24 100 M M 3 34 110
22 45 32 39 -7 26 0 0.00 M M 12.9 21 20 M M 8 8 27 10
23 41 35 38 -9 27 0 0.08 M M 23.3 43 350 M M 9 1 66 350
24 57 29 43 -4 22 0 0.00 M M 16.6 32 350 M M 0 51 350
25 57 27 42 -5 23 0 0.00 M M 11.3 22 100 M M 3 28 90
26 59 27 43 -5 22 0 0.00 M M 17.1 28 110 M M 1 42 130
27 60 34 47 -1 18 0 0.00 M M 8.9 18 90 M M 3 26 80
28 65 35 50 2 15 0 0.00 M M 4.5 13 90 M M 3 22 200
29 60 43 52 3 13 0 0.00 M M 7.5 18 70 M M 8 24 90
30 62 39 51 2 14 0 T M M 7.0 16 360 M M 5 1 22 20
================================================================================
SM 1495 751 819 0 0.30 M 369.3 M 134
================================================================================
AV 49.8 25.0 12.3 FASTST M M 4 MAX(MPH)
MISC ----> 43 350 66 350
================================================================================
NOTES:
# LAST OF SEVERAL OCCURRENCES
COLUMN 17 PEAK WIND IN M.P.H.
PRELIMINARY LOCAL CLIMATOLOGICAL DATA (WS FORM: F-6) , PAGE 2
STATION: WOLF POINT MT
MONTH: APRIL
YEAR: 2022
LATITUDE: 48 5 N
LONGITUDE: 105 35 W
[TEMPERATURE DATA] [PRECIPITATION DATA] SYMBOLS USED IN COLUMN 16
AVERAGE MONTHLY: 37.4 TOTAL FOR MONTH: 0.30 1 = FOG OR MIST
DPTR FM NORMAL: -6.7 DPTR FM NORMAL: -0.62 2 = FOG REDUCING VISIBILITY
HIGHEST: 66 ON 8 GRTST 24HR 0.12 ON 5- 6 TO 1/4 MILE OR LESS
LOWEST: 6 ON 15 3 = THUNDER
SNOW, ICE PELLETS, HAIL 4 = ICE PELLETS
TOTAL MONTH: M 5 = HAIL
GRTST 24HR M ON M 6 = FREEZING RAIN OR DRIZZLE
GRTST DEPTH: M ON M 7 = DUSTSTORM OR SANDSTORM:
VSBY 1/2 MILE OR LESS
8 = SMOKE OR HAZE
[NO. OF DAYS WITH] [WEATHER - DAYS WITH] 9 = BLOWING SNOW
X = TORNADO
MAX 32 OR BELOW: 4 0.01 INCH OR MORE: 7
MAX 90 OR ABOVE: 0 0.10 INCH OR MORE: 1
MIN 32 OR BELOW: 22 0.50 INCH OR MORE: 0
MIN 0 OR BELOW: 0 1.00 INCH OR MORE: 0
[HDD (BASE 65) ]
TOTAL THIS MO. 819 CLEAR (SCALE 0-3) 8
DPTR FM NORMAL 192 PTCLDY (SCALE 4-7) 16
TOTAL FM JUL 1 8051 CLOUDY (SCALE 8-10) 6
DPTR FM NORMAL -27
[CDD (BASE 65) ]
TOTAL THIS MO. 0
DPTR FM NORMAL 0 [PRESSURE DATA]
TOTAL FM JAN 1 0 HIGHEST SLP M ON M
DPTR FM NORMAL 0 LOWEST SLP 29.22 ON 4
[REMARKS]
#FINAL-04-22#