000
CXUS55 KSEW 010930
CF6OLM
PRELIMINARY LOCAL CLIMATOLOGICAL DATA (WS FORM: F-6)
STATION: OLYMPIA WA AIRPORT
MONTH: JULY
YEAR: 2022
LATITUDE: 46 58 N
LONGITUDE: 122 54 W
TEMPERATURE IN F: :PCPN: SNOW: WIND :SUNSHINE: SKY :PK WND
================================================================================
1 2 3 4 5 6A 6B 7 8 9 10 11 12 13 14 15 16 17 18
12Z AVG MX 2MIN
DY MAX MIN AVG DEP HDD CDD WTR SNW DPTH SPD SPD DIR MIN PSBL S-S WX SPD DR
================================================================================
1 75 48 62 0 3 0 0.00 M M 3.6 10 190 M M 4 1 17 260
2 67 48 58 -4 7 0 0.00 M M 3.9 13 240 M M 8 1 20 240
3 62 50 56 -6 9 0 0.00 M M 7.3 14 230 M M 9 19 240
4 72 48 60 -2 5 0 0.00 M M 5.3 10 180 M M 6 16 290
5 75 44 60 -2 5 0 0.03 M M 3.0 9 360 M M 4 18 14 360
6 75 58 67 4 0 2 0.06 M M 3.3 10 190 M M 10 1 15 180
7 75 53 64 1 1 0 0.00 M M 3.6 12 160 M M 6 8 15 240
8 77 53 65 2 0 0 0.00 M M 2.8 9 290 M M 7 14 210
9 76 48 62 -1 3 0 0.00 M M 4.6 14 270 M M 4 12 21 210
10 77 51 64 0 1 0 0.00 M M 3.4 10 10 M M 3 17 340
11 89 49 69 5 0 4 0.00 M M 4.5 14 20 M M 0 19 40
12 85 50 68 4 0 3 0.00 M M 4.9 15 240 M M 0 22 240
13 79 50 65 1 0 0 0.00 M M 3.1 10 330 M M 2 14 330
14 82 46 64 0 1 0 0.00 M M 3.3 9 230 M M 2 1 14 310
15 79 49 64 0 1 0 0.00 M M 5.8 13 290 M M 3 25 230
16 72 54 63 -1 2 0 0.00 M M 5.5 12 250 M M 9 18 300
17 68 51 60 -5 5 0 T M M 3.2 9 270 M M 9 14 280
18 74 51 63 -2 2 0 0.00 M M 6.2 12 350 M M 3 17 230
19 85 53 69 4 0 4 0.00 M M 5.5 13 20 M M 0 21 20
20 87 52 70 5 0 5 0.00 M M 2.6 9 350 M M 1 1 15 30
21 81 52 67 2 0 2 0.00 M M 6.6 13 210 M M 1 18 190
22 73 52 63 -2 2 0 0.00 M M 7.7 14 210 M M 5 19 220
23 75 50 63 -2 2 0 0.00 M M 4.2 10 10 M M 4 1 14 350
24 85 49 67 2 0 2 0.00 M M 4.9 14 20 M M 0 12 21 40
25 91 54 73 8 0 8 0.00 M M 5.6 17 20 M M 0 27 20
26 97 56 77 12 0 12 0.00 M M 3.9 10 10 M M 0 14 330
27 94 57 76 11 0 11 0.00 M M 3.4 9 360 M M 1 14 20
28 96 58 77 11 0 12 0.00 M M 4.0 10 20 M M 0 17 350
29 97 59 78 12 0 13 0.00 M M 2.8 9 10 M M 0 15 10
30 99 58 79 13 0 14 0.00 M M 3.4 10 10 M M 0 17 50
31 97 56 77 11 0 12 0.00 M M 3.2 12 320 M M 0 15 320
================================================================================
SM 2516 1607 49 104 0.09 M 135.1 M 101
================================================================================
AV 81.2 51.8 4.4 FASTST M M 3 MAX(MPH)
MISC ----> 17 20 27 20
================================================================================
NOTES:
# LAST OF SEVERAL OCCURRENCES
COLUMN 17 PEAK WIND IN M.P.H.
PRELIMINARY LOCAL CLIMATOLOGICAL DATA (WS FORM: F-6) , PAGE 2
STATION: OLYMPIA WA AIRPORT
MONTH: JULY
YEAR: 2022
LATITUDE: 46 58 N
LONGITUDE: 122 54 W
[TEMPERATURE DATA] [PRECIPITATION DATA] SYMBOLS USED IN COLUMN 16
AVERAGE MONTHLY: 66.5 TOTAL FOR MONTH: 0.09 1 = FOG OR MIST
DPTR FM NORMAL: 2.3 DPTR FM NORMAL: -0.44 2 = FOG REDUCING VISIBILITY
HIGHEST: 99 ON 30 GRTST 24HR 0.06 ON 6- 6 TO 1/4 MILE OR LESS
LOWEST: 44 ON 5 3 = THUNDER
SNOW, ICE PELLETS, HAIL 4 = ICE PELLETS
TOTAL MONTH: M 5 = HAIL
GRTST 24HR M ON M 6 = FREEZING RAIN OR DRIZZLE
GRTST DEPTH: M ON M 7 = DUSTSTORM OR SANDSTORM:
VSBY 1/2 MILE OR LESS
8 = SMOKE OR HAZE
[NO. OF DAYS WITH] [WEATHER - DAYS WITH] 9 = BLOWING SNOW
X = TORNADO
MAX 32 OR BELOW: 0 0.01 INCH OR MORE: 2
MAX 90 OR ABOVE: 7 0.10 INCH OR MORE: 0
MIN 32 OR BELOW: 0 0.50 INCH OR MORE: 0
MIN 0 OR BELOW: 0 1.00 INCH OR MORE: 0
[HDD (BASE 65) ]
TOTAL THIS MO. 49 CLEAR (SCALE 0-3) 16
DPTR FM NORMAL -24 PTCLDY (SCALE 4-7) 11
TOTAL FM JUL 1 49 CLOUDY (SCALE 8-10) 4
DPTR FM NORMAL -27
[CDD (BASE 65) ]
TOTAL THIS MO. 104
DPTR FM NORMAL 57 [PRESSURE DATA]
TOTAL FM JAN 1 122 HIGHEST SLP M ON M
DPTR FM NORMAL 61 LOWEST SLP 29.81 ON 29
[REMARKS]
#FINAL-07-22#