000
CXUS55 KSEW 011030
CF6OLM
PRELIMINARY LOCAL CLIMATOLOGICAL DATA (WS FORM: F-6)
STATION: OLYMPIA WA AIRPORT
MONTH: FEBRUARY
YEAR: 2021
LATITUDE: 46 58 N
LONGITUDE: 122 54 W
TEMPERATURE IN F: :PCPN: SNOW: WIND :SUNSHINE: SKY :PK WND
================================================================================
1 2 3 4 5 6A 6B 7 8 9 10 11 12 13 14 15 16 17 18
12Z AVG MX 2MIN
DY MAX MIN AVG DEP HDD CDD WTR SNW DPTH SPD SPD DIR MIN PSBL S-S WX SPD DR
================================================================================
1 50 42 46 6 19 0 1.22 M M 4.2 13 190 M M 10 1 16 230
2 45 39 42 2 23 0 0.38 M M 8.6 20 180 M M 9 1 28 250
3 47 38 43 3 22 0 0.18 M M 3.3 12 130 M M 10 18 13 120
4 48 40 44 4 21 0 0.01 M M 10.0 17 220 M M 10 1 26 210
5 51 43 47 7 18 0 0.18 M M 10.4 17 210 M M 8 18 24 230
6 47 41 44 3 21 0 0.24 M M 12.6 20 230 M M 10 18 28 210
7 46 35 41 0 24 0 0.07 M M 10.7 18 210 M M 7 1 29 230
8 45 31 38 -3 27 0 0.00 M M 5.5 13 210 M M 6 16 190
9 46 24 35 -6 30 0 0.00 M M 1.0 9 90 M M 5 1 11 90
10 43 21 32 -9 33 0 0.00 M M 2.2 9 170 M M 6 1 12 170
11 35 29 32 -9 33 0 0.46 M M 8.0 16 30 M M 10 12 21 30
12 31 26 29 -12 36 0 0.49 M M 5.8 13 30 M M 10 18 17 60
13 35 27 31 -10 34 0 0.44 M M 5.5 17 200 M M 10 1 21 210
14 37 31 34 -7 31 0 0.48 M M 3.0 12 230 M M 10 16 15 210
15 44 34 39 -2 26 0 0.73 M M 7.8 16 210 M M 10 1 22 220
16 50 38 44 3 21 0 0.00 M M 11.0 18 260 M M 7 28 260
17 48 26 37 -4 28 0 T M M 2.1 15 220 M M 3 1 20 230
18 43 32 38 -3 27 0 0.21 M M 3.3 14 210 M M 8 12 20 200
19 49 37 43 2 22 0 0.34 M M 6.3 14 180 M M 8 1 18 180
20 49 36 43 2 22 0 0.01 M M 9.5 17 250 M M 7 1 22 250
21 51 41 46 5 19 0 0.67 M M 12.5 21 180 M M 10 1 29 180
22 51 40 46 4 19 0 1.00 M M 10.5 18 250 M M 9 1 24 250
23 46 35 41 -1 24 0 0.09 M M 10.5 21 260 M M 8 1 33 260
24 46 26 36 -6 29 0 0.01 M M 2.1 10 80 M M 6 12 14 130
25 44 37 41 -1 24 0 0.44 M M 11.5 23 260 M M 10 1 30 270
26 50 34 42 0 23 0 0.18 M M 13.2 26 280 M M 3 1 40 260
27 50 24 37 -5 28 0 T M M 6.4 15 170 M M 5 1 20 170
28 52 35 44 2 21 0 0.01 M M 6.6 15 190 M M 9 1 20 210
================================================================================
SM 1279 942 705 0 7.84 M 204.1 M 224
================================================================================
AV 45.7 33.6 7.3 FASTST M M 8 MAX(MPH)
MISC ----> 26 280 40 260
================================================================================
NOTES:
# LAST OF SEVERAL OCCURRENCES
COLUMN 17 PEAK WIND IN M.P.H.
PRELIMINARY LOCAL CLIMATOLOGICAL DATA (WS FORM: F-6) , PAGE 2
STATION: OLYMPIA WA AIRPORT
MONTH: FEBRUARY
YEAR: 2021
LATITUDE: 46 58 N
LONGITUDE: 122 54 W
[TEMPERATURE DATA] [PRECIPITATION DATA] SYMBOLS USED IN COLUMN 16
AVERAGE MONTHLY: 39.7 TOTAL FOR MONTH: 7.84 1 = FOG OR MIST
DPTR FM NORMAL: -1.3 DPTR FM NORMAL: 2.57 2 = FOG REDUCING VISIBILITY
HIGHEST: 52 ON 28 GRTST 24HR 1.32 ON 21-22 TO 1/4 MILE OR LESS
LOWEST: 21 ON 10 3 = THUNDER
SNOW, ICE PELLETS, HAIL 4 = ICE PELLETS
TOTAL MONTH: M 5 = HAIL
GRTST 24HR M ON M 6 = FREEZING RAIN OR DRIZZLE
GRTST DEPTH: M ON M 7 = DUSTSTORM OR SANDSTORM:
VSBY 1/2 MILE OR LESS
8 = SMOKE OR HAZE
[NO. OF DAYS WITH] [WEATHER - DAYS WITH] 9 = BLOWING SNOW
X = TORNADO
MAX 32 OR BELOW: 1 0.01 INCH OR MORE: 22
MAX 90 OR ABOVE: 0 0.10 INCH OR MORE: 16
MIN 32 OR BELOW: 11 0.50 INCH OR MORE: 4
MIN 0 OR BELOW: 0 1.00 INCH OR MORE: 2
[HDD (BASE 65) ]
TOTAL THIS MO. 705 CLEAR (SCALE 0-3) 1
DPTR FM NORMAL 34 PTCLDY (SCALE 4-7) 10
TOTAL FM JUL 1 3408 CLOUDY (SCALE 8-10) 17
DPTR FM NORMAL -310
[CDD (BASE 65) ]
TOTAL THIS MO. 0
DPTR FM NORMAL 0 [PRESSURE DATA]
TOTAL FM JAN 1 0 HIGHEST SLP 30.61 ON 24
DPTR FM NORMAL 0 LOWEST SLP 29.56 ON 15
[REMARKS]
#FINAL-02-21#