000
CXUS55 KTWC 011052
CF6OLS
PRELIMINARY LOCAL CLIMATOLOGICAL DATA (WS FORM: F-6)
STATION: NOGALES AZ AIRPORT
MONTH: NOVEMBER
YEAR: 2021
LATITUDE: 31 25 N
LONGITUDE: 110 51 W
TEMPERATURE IN F: :PCPN: SNOW: WIND :SUNSHINE: SKY :PK WND
================================================================================
1 2 3 4 5 6A 6B 7 8 9 10 11 12 13 14 15 16 17 18
12Z AVG MX 2MIN
DY MAX MIN AVG DEP HDD CDD WTR SNW DPTH SPD SPD DIR MIN PSBL S-S WX SPD DR
================================================================================
1 82 43 63 1 2 0 0.00 M M 3.8 13 250 M M 0 19 210
2 83 41 62 1 3 0 0.00 M M 3.0 15 270 M M 0 22 250
3 82 41 62 1 3 0 0.00 M M 3.3 9 230 M M 0 13 260
4 86 42 64 3 1 0 0.00 M M 2.4 10 40 M M 0 14 130
5 87 44 66 6 0 1 0.00 M M 2.7 9 290 M M 0 17 240
6 87 45 66 6 0 1 0.00 M M 3.3 12 280 M M 0 17 200
7 85 45 65 5 0 0 0.00 M M 3.9 16 180 M M 0 22 190
8 80 48 64 5 1 0 0.00 M M 4.7 15 220 M M 0 21 220
9 83 40 62 3 3 0 0.00 M M 4.1 13 280 M M 0 20 290
10 78 40 59 0 6 0 0.00 M M 4.6 18 320 M M 0 27 340
11 82 40 61 3 4 0 0.00 M M 4.0 10 300 M M 0 18 300
12 83 41 62 4 3 0 0.00 M M 3.5 10 80 M M 0 14 190
13 85 42 64 6 1 0 0.00 M M 3.2 13 240 M M 0 20 230
14 84 42 63 6 2 0 0.00 M M 2.3 10 260 M M 0 17 250
15 84 41 63 6 2 0 0.00 M M 2.6 10 220 M M 0 16 210
16 82 41 62 6 3 0 0.00 M M 4.1 16 220 M M 0 23 230
17 73 39 56 0 9 0 0.00 M M 3.0 9 270 M M 0 13 290
18 79 36 58 2 7 0 0.00 M M 4.9 15 100 M M 0 20 110
19 81 41 61 5 4 0 0.00 M M 5.3 17 230 M M 0 24 220
20 78 42 60 5 5 0 0.00 M M 3.5 14 200 M M 0 21 180
21 78 46 62 7 3 0 0.00 M M 3.6 16 100 M M 0 26 110
22 77 52 65 11 0 0 0.00 M M 4.9 12 20 M M 0 16 120
23 75 50 63 9 2 0 0.00 M M 5.4 18 190 M M 1 24 180
24 71 47 59 5 6 0 T M M 4.2 13 230 M M 5 20 220
25 60 46 53 0 12 0 0.04 M M 6.5 18 120 M M 5 1 28 140
26 69 42 56 3 9 0 0.00 M M 5.8 18 60 M M 1 24 60
27 71 37 54 1 11 0 0.00 M M 4.3 14 320 M M 0 20 360
28 77 36 57 5 8 0 0.00 M M 5.4 17 90 M M 0 25 70
29 77 40 59 7 6 0 0.00 M M 3.2 9 80 M M M 13 260
30 77 39 58 6 7 0 0.00 M M 2.2 9 50 M M M 14 210
================================================================================
SM 2376 1269 123 2 0.04 M 117.7 M 12
================================================================================
AV 79.2 42.3 3.9 FASTST M M 0 MAX(MPH)
MISC ----> # 18 320 28 140
================================================================================
NOTES:
# LAST OF SEVERAL OCCURRENCES
COLUMN 17 PEAK WIND IN M.P.H.
PRELIMINARY LOCAL CLIMATOLOGICAL DATA (WS FORM: F-6) , PAGE 2
STATION: NOGALES AZ AIRPORT
MONTH: NOVEMBER
YEAR: 2021
LATITUDE: 31 25 N
LONGITUDE: 110 51 W
[TEMPERATURE DATA] [PRECIPITATION DATA] SYMBOLS USED IN COLUMN 16
AVERAGE MONTHLY: 60.8 TOTAL FOR MONTH: 0.04 1 = FOG OR MIST
DPTR FM NORMAL: 4.0 DPTR FM NORMAL: -0.58 2 = FOG REDUCING VISIBILITY
HIGHEST: 87 ON 6, 5 GRTST 24HR 0.04 ON 25-25 TO 1/4 MILE OR LESS
LOWEST: 36 ON 28,18 3 = THUNDER
SNOW, ICE PELLETS, HAIL 4 = ICE PELLETS
TOTAL MONTH: 0.0 INCH 5 = HAIL
GRTST 24HR M ON M 6 = FREEZING RAIN OR DRIZZLE
GRTST DEPTH: 0 7 = DUSTSTORM OR SANDSTORM:
VSBY 1/2 MILE OR LESS
8 = SMOKE OR HAZE
[NO. OF DAYS WITH] [WEATHER - DAYS WITH] 9 = BLOWING SNOW
X = TORNADO
MAX 32 OR BELOW: 0 0.01 INCH OR MORE: 1
MAX 90 OR ABOVE: 0 0.10 INCH OR MORE: 0
MIN 32 OR BELOW: 0 0.50 INCH OR MORE: 0
MIN 0 OR BELOW: 0 1.00 INCH OR MORE: 0
[HDD (BASE 65) ]
TOTAL THIS MO. 123 CLEAR (SCALE 0-3) 26
DPTR FM NORMAL -134 PTCLDY (SCALE 4-7) 2
TOTAL FM JUL 1 191 CLOUDY (SCALE 8-10) 2
DPTR FM NORMAL -122
[CDD (BASE 65) ]
TOTAL THIS MO. 2
DPTR FM NORMAL -6 [PRESSURE DATA]
TOTAL FM JAN 1 2047 HIGHEST SLP 30.22 ON 28
DPTR FM NORMAL 71 LOWEST SLP 29.83 ON 23
[REMARKS]
#FINAL-11-21#