000
CXUS55 KTWC 010855
CF6OLS
PRELIMINARY LOCAL CLIMATOLOGICAL DATA (WS FORM: F-6)
STATION: NOGALES AZ AIRPORT
MONTH: MAY
YEAR: 2021
LATITUDE: 31 25 N
LONGITUDE: 110 51 W
TEMPERATURE IN F: :PCPN: SNOW: WIND :SUNSHINE: SKY :PK WND
================================================================================
1 2 3 4 5 6A 6B 7 8 9 10 11 12 13 14 15 16 17 18
12Z AVG MX 2MIN
DY MAX MIN AVG DEP HDD CDD WTR SNW DPTH SPD SPD DIR MIN PSBL S-S WX SPD DR
================================================================================
1 90 50 70 5 0 5 0.00 M M 6.6 18 270 M M 0 27 260
2 87 58 73 8 0 8 0.00 M M 14.2 33 220 M M 0 43 200
3 81 47 64 -1 1 0 0.00 M M 6.9 18 230 M M 0 24 240
4 87 48 68 2 0 3 0.00 M M 3.7 13 210 M M 0 18 200
5 92 51 72 6 0 7 0.00 M M 3.6 15 170 M M 0 19 220
6 95 54 75 9 0 10 0.00 M M 5.5 21 210 M M 0 31 220
7 91 51 71 4 0 6 0.00 M M 6.5 21 220 M M 0 28 210
8 86 50 68 1 0 3 0.00 M M 6.9 20 200 M M 0 34 220
9 87 51 69 2 0 4 0.00 M M 7.6 23 220 M M 0 30 240
10 89 53 71 3 0 6 0.00 M M 10.2 28 210 M M 0 38 220
11 89 48 69 1 0 4 0.00 M M 5.5 21 210 M M 0 29 240
12 92 53 73 5 0 8 0.00 M M 5.5 17 260 M M 0 22 250
13 95 51 73 4 0 8 0.00 M M 6.0 22 210 M M M 27 220
14 93 55 74 5 0 9 0.00 M M 8.0 29 190 M M M 34 180
15 90 57 74 5 0 9 0.00 M M 11.2 26 250 M M 0 37 200
16 87 56 72 2 0 7 0.00 M M 11.4 28 220 M M 0 34 210
17 82 47 65 -5 0 0 0.00 M M 6.6 18 260 M M 0 25 250
18 84 52 68 -2 0 3 0.00 M M 5.6 18 290 M M M 28 310
19 91 54 73 2 0 8 0.00 M M 5.9 20 210 M M M 27 230
20 92 57 75 4 0 10 0.00 M M 11.1 23 220 M M 0 35 210
21 85 60 73 1 0 8 T M M 13.2 31 200 M M 4 43 200
22 85 52 69 -3 0 4 0.00 M M 10.6 31 220 M M 0 41 230
23 85 44 65 -7 0 0 0.00 M M 4.7 18 240 M M 0 30 210
24 92 46 69 -4 0 4 0.00 M M 4.8 18 210 M M 0 25 230
25 93 49 71 -2 0 6 0.00 M M 5.9 18 200 M M 0 25 190
26 92 58 75 1 0 10 0.00 M M 7.2 20 230 M M 0 33 220
27 93 62 78 4 0 13 0.00 M M 5.1 15 270 M M 0 24 240
28 96 54 75 1 0 10 0.00 M M 5.0 20 200 M M 0 26 210
29 94 53 74 -1 0 9 0.00 M M 6.7 22 210 M M 0 30 200
30 92 55 74 -1 0 9 0.00 M M 6.7 22 240 M M 0 33 230
31 92 59 76 0 0 11 0.00 M M 5.6 17 200 M M 0 23 210
================================================================================
SM 2779 1635 1 202 T M 224.0 M 4
================================================================================
AV 89.6 52.7 7.2 FASTST M M 0 MAX(MPH)
MISC ----> 33 220 # 43 200
================================================================================
NOTES:
# LAST OF SEVERAL OCCURRENCES
COLUMN 17 PEAK WIND IN M.P.H.
PRELIMINARY LOCAL CLIMATOLOGICAL DATA (WS FORM: F-6) , PAGE 2
STATION: NOGALES AZ AIRPORT
MONTH: MAY
YEAR: 2021
LATITUDE: 31 25 N
LONGITUDE: 110 51 W
[TEMPERATURE DATA] [PRECIPITATION DATA] SYMBOLS USED IN COLUMN 16
AVERAGE MONTHLY: 71.2 TOTAL FOR MONTH: T 1 = FOG OR MIST
DPTR FM NORMAL: 1.3 DPTR FM NORMAL: -0.15 2 = FOG REDUCING VISIBILITY
HIGHEST: 96 ON 28 GRTST 24HR T ON 21-21 TO 1/4 MILE OR LESS
LOWEST: 44 ON 23 3 = THUNDER
SNOW, ICE PELLETS, HAIL 4 = ICE PELLETS
TOTAL MONTH: M 5 = HAIL
GRTST 24HR M ON M 6 = FREEZING RAIN OR DRIZZLE
GRTST DEPTH: M ON M 7 = DUSTSTORM OR SANDSTORM:
VSBY 1/2 MILE OR LESS
8 = SMOKE OR HAZE
[NO. OF DAYS WITH] [WEATHER - DAYS WITH] 9 = BLOWING SNOW
X = TORNADO
MAX 32 OR BELOW: 0 0.01 INCH OR MORE: 0
MAX 90 OR ABOVE: 18 0.10 INCH OR MORE: 0
MIN 32 OR BELOW: 0 0.50 INCH OR MORE: 0
MIN 0 OR BELOW: 0 1.00 INCH OR MORE: 0
[HDD (BASE 65) ]
TOTAL THIS MO. 1 CLEAR (SCALE 0-3) 26
DPTR FM NORMAL -24 PTCLDY (SCALE 4-7) 1
TOTAL FM JUL 1 1911 CLOUDY (SCALE 8-10) 4
DPTR FM NORMAL -129
[CDD (BASE 65) ]
TOTAL THIS MO. 202
DPTR FM NORMAL 25 [PRESSURE DATA]
TOTAL FM JAN 1 267 HIGHEST SLP M ON M
DPTR FM NORMAL 57 LOWEST SLP 29.53 ON 2
[REMARKS]
#FINAL-05-21#