000
CXUS55 KTWC 010855
CF6OLS
PRELIMINARY LOCAL CLIMATOLOGICAL DATA (WS FORM: F-6)
STATION: NOGALES AZ AIRPORT
MONTH: APRIL
YEAR: 2020
LATITUDE: 31 25 N
LONGITUDE: 110 51 W
TEMPERATURE IN F: :PCPN: SNOW: WIND :SUNSHINE: SKY :PK WND
================================================================================
1 2 3 4 5 6A 6B 7 8 9 10 11 12 13 14 15 16 17 18
12Z AVG MX 2MIN
DY MAX MIN AVG DEP HDD CDD WTR SNW DPTH SPD SPD DIR MIN PSBL S-S WX SPD DR
================================================================================
1 82 55 69 11 0 4 0.00 M M 8.2 22 250 M M 3 32 200
2 79 48 64 6 1 0 0.00 M M 8.1 21 230 M M 0 28 230
3 78 42 60 1 5 0 0.00 M M 7.5 22 220 M M 0 30 220
4 78 39 59 0 6 0 0.00 M M 7.8 22 220 M M 0 35 230
5 78 45 62 3 3 0 0.00 M M 8.7 24 210 M M 0 32 220
6 76 46 61 2 4 0 0.00 M M 9.0 24 220 M M 0 30 170
7 78 43 61 1 4 0 0.00 M M 7.1 21 210 M M 1 28 210
8 78 46 62 2 3 0 0.00 M M 12.0 31 190 M M 3 41 200
9 72 41 57 -3 8 0 0.00 M M 5.4 18 220 M M 2 24 200
10 74 36 55 -5 10 0 0.00 M M 6.5 22 210 M M 0 27 220
11 62 39 51 -9 14 0 0.06 M M 5.8 23 210 M M 5 13 29 240
12 70 35 53 -8 12 0 0.00 M M 5.0 16 210 M M 0 22 260
13 73 43 58 -3 7 0 0.00 0.0 0 9.1 25 220 M M M 31 240
14 75 40 58 -3 7 0 0.00 0.0 0 6.3 18 320 M M M 26 320
15 78 37 58 -4 7 0 0.00 M M 4.1 15 240 M M 0 19 250
16 81 38 60 -2 5 0 0.00 0.0 0 7.2 20 210 M M M 26 200
17 78 45 62 0 3 0 0.00 0.0 0 11.6 30 180 M M M 36 180
18 76 44 60 -2 5 0 0.00 M M 10.8 25 230 M M 0 37 210
19 80 38 59 -3 6 0 0.00 0.0 0 4.3 18 250 M M M 27 260
20 80 44 62 -1 3 0 0.00 M M 5.5 17 240 M M 0 23 240
21 82 44 63 0 2 0 0.00 M M 6.9 22 260 M M 0 29 260
22 80 42 61 -2 4 0 0.00 M M 5.8 18 330 M M 0 27 340
23 87 46 67 3 0 2 0.00 M M 4.1 15 290 M M 0 21 290
24 90 50 70 6 0 5 0.00 M M 4.8 17 260 M M 0 25 260
25 92 51 72 8 0 7 0.00 M M 4.2 14 310 M M 0 19 290
26 95 50 73 9 0 8 0.00 M M 3.6 15 210 M M 0 20 220
27 91 54 73 8 0 8 0.00 M M 6.0 20 210 M M 0 26 220
28 92 48 70 5 0 5 0.00 M M 3.3 14 260 M M 0 21 270
29 97 52 75 10 0 10 0.00 M M 3.4 12 210 M M 0 17 190
30 96 57 77 11 0 12 0.00 M M 6.0 23 230 M M 0 30 220
================================================================================
SM 2428 1338 119 61 0.06 0.0 198.1 M 14
================================================================================
AV 80.9 44.6 6.6 FASTST M M 1 MAX(MPH)
MISC ----> 31 190 41 200
================================================================================
NOTES:
# LAST OF SEVERAL OCCURRENCES
COLUMN 17 PEAK WIND IN M.P.H.
PRELIMINARY LOCAL CLIMATOLOGICAL DATA (WS FORM: F-6) , PAGE 2
STATION: NOGALES AZ AIRPORT
MONTH: APRIL
YEAR: 2020
LATITUDE: 31 25 N
LONGITUDE: 110 51 W
[TEMPERATURE DATA] [PRECIPITATION DATA] SYMBOLS USED IN COLUMN 16
AVERAGE MONTHLY: 62.8 TOTAL FOR MONTH: 0.06 1 = FOG OR MIST
DPTR FM NORMAL: 1.1 DPTR FM NORMAL: -0.42 2 = FOG REDUCING VISIBILITY
HIGHEST: 97 ON 29 GRTST 24HR 0.06 ON 11-11 TO 1/4 MILE OR LESS
LOWEST: 35 ON 12 3 = THUNDER
SNOW, ICE PELLETS, HAIL 4 = ICE PELLETS
TOTAL MONTH: 0.0 INCH 5 = HAIL
GRTST 24HR 0.0 6 = FREEZING RAIN OR DRIZZLE
GRTST DEPTH: 0 7 = DUSTSTORM OR SANDSTORM:
VSBY 1/2 MILE OR LESS
8 = SMOKE OR HAZE
[NO. OF DAYS WITH] [WEATHER - DAYS WITH] 9 = BLOWING SNOW
X = TORNADO
MAX 32 OR BELOW: 0 0.01 INCH OR MORE: 1
MAX 90 OR ABOVE: 7 0.10 INCH OR MORE: 0
MIN 32 OR BELOW: 0 0.50 INCH OR MORE: 0
MIN 0 OR BELOW: 0 1.00 INCH OR MORE: 0
[HDD (BASE 65) ]
TOTAL THIS MO. 119 CLEAR (SCALE 0-3) 23
DPTR FM NORMAL -9 PTCLDY (SCALE 4-7) 2
TOTAL FM JUL 1 1923 CLOUDY (SCALE 8-10) 5
DPTR FM NORMAL -205
[CDD (BASE 65) ]
TOTAL THIS MO. 61
DPTR FM NORMAL 32 [PRESSURE DATA]
TOTAL FM JAN 1 61 HIGHEST SLP M ON M
DPTR FM NORMAL 27 LOWEST SLP 29.69 ON 1
[REMARKS]
#FINAL-04-20#