000
CXUS53 KARX 011653
CF6OLZ
PRELIMINARY LOCAL CLIMATOLOGICAL DATA (WS FORM: F-6)
STATION: OELWEIN IA
MONTH: DECEMBER
YEAR: 2020
LATITUDE: 42 40 N
LONGITUDE: 91 58 W
TEMPERATURE IN F: :PCPN: SNOW: WIND :SUNSHINE: SKY :PK WND
================================================================================
1 2 3 4 5 6A 6B 7 8 9 10 11 12 13 14 15 16 17 18
12Z AVG MX 2MIN
DY MAX MIN AVG DEP HDD CDD WTR SNW DPTH SPD SPD DIR MIN PSBL S-S WX SPD DR
================================================================================
1 37 10 24 M 41 0 0.00 0.0 0 2.0 7 360 M M 0 M M
2 45 12 29 M 36 0 0.00 0.0 0 5.0 9 290 M M 0 M M
3 43 19 31 M 34 0 0.00 0.0 0 10.1 16 270 M M 2 20 230
4 46 23 35 M 30 0 0.00 0.0 0 7.6 12 330 M M 0 M M
5 43 19 31 M 34 0 M M 0 4.5 8 50 M M 2 M M
6 39 27 33 M 32 0 0.00 0.0 0 7.0 13 300 M M 5 1 13 340
7 32 30 31 M 34 0 0.00 0.0 0 3.2 9 310 M M 10 1 M M
8 36 28 32 M 33 0 0.00 0.0 0 9.2 16 220 M M 6 12 M M
9 54 27 41 M 24 0 0.00 0.0 0 5.2 12 340 M M 1 M M
10 55 30 43 M 22 0 0.00 0.0 0 8.8 15 180 M M 0 17 170
11 36 32 34 M 31 0 M M 0 16.3 25 50 M M 8 1 31 50
12 32 18 25 M 40 0 M M M 15.4 23 50 M M 6 1 31 50
13 27 12 20 M 45 0 0.00 0.0 M 8.5 20 300 M M 8 27 300
14 27 12 20 M 45 0 0.00 0.0 M 9.6 17 320 M M 4 27 320
15 21 12 17 M 48 0 0.00 0.0 M 7.5 12 90 M M 6 M M
16 28 12 20 M 45 0 0.00 0.0 M 3.7 9 70 M M 6 1 M M
17 27 14 21 M 44 0 0.00 0.0 M 5.2 10 160 M M 10 1 M M
18 36 25 31 M 34 0 0.00 0.0 M 14.9 23 150 M M 5 1 29 150
19 34 21 28 M 37 0 0.00 0.0 M 9.4 15 310 M M 9 1 17 220
20 36 21 29 M 36 0 0.00 0.0 M 8.9 13 180 M M 8 1 18 200
21 41 23 32 M 33 0 0.00 0.0 M 18.5 30 290 M M 5 45 310
22 43 18 31 M 34 0 0.00 0.0 M 13.5 25 170 M M 2 36 170
23 50 7 29 M 36 0 0.00 0.0 M 25.3 36 230 M M 9 18 50 230
24 9 0 5 M 60 0 0.00 0.0 M 21.6 36 300 M M 7 18 47 300
25 23 -2 11 M 54 0 0.00 0.0 M 10.2 14 250 M M 1 18 310
26 30 9 20 M 45 0 0.00 0.0 M 6.7 12 50 M M 1 M M
27 27 23 25 M 40 0 M M M 12.1 18 330 M M 7 1 27 330
28 25 9 17 M 48 0 0.00 0.0 M 9.7 16 320 M M 3 23 320
29 28 5 17 M 48 0 M M M 12.3 22 140 M M 7 12 30 120
30 28 18 23 M 42 0 M M M 17.0 25 290 M M 9 1 33 290
31 23 16 20 M 45 0 0.00 0.0 M 7.3 14 150 M M 10 1 18 180
================================================================================
SM 1061 530 1210 0 0.00 0.0 316.2 M 157
================================================================================
AV 34.2 17.1 10.2 FASTST M M 5 MAX(MPH)
MISC ----> # 36 230 50 230
================================================================================
NOTES:
# LAST OF SEVERAL OCCURRENCES
COLUMN 17 PEAK WIND IN M.P.H.
PRELIMINARY LOCAL CLIMATOLOGICAL DATA (WS FORM: F-6) , PAGE 2
STATION: OELWEIN IA
MONTH: DECEMBER
YEAR: 2020
LATITUDE: 42 40 N
LONGITUDE: 91 58 W
[TEMPERATURE DATA] [PRECIPITATION DATA] SYMBOLS USED IN COLUMN 16
AVERAGE MONTHLY: 25.7 TOTAL FOR MONTH: 0.00 1 = FOG OR MIST
DPTR FM NORMAL: 0.0 DPTR FM NORMAL: M 2 = FOG REDUCING VISIBILITY
HIGHEST: 55 ON 10 GRTST 24HR 0.00 ON 1- 1 TO 1/4 MILE OR LESS
LOWEST: -2 ON 25 3 = THUNDER
SNOW, ICE PELLETS, HAIL 4 = ICE PELLETS
TOTAL MONTH: 0.0 INCH 5 = HAIL
GRTST 24HR 0.0 6 = FREEZING RAIN OR DRIZZLE
GRTST DEPTH: 0 7 = DUSTSTORM OR SANDSTORM:
VSBY 1/2 MILE OR LESS
8 = SMOKE OR HAZE
[NO. OF DAYS WITH] [WEATHER - DAYS WITH] 9 = BLOWING SNOW
X = TORNADO
MAX 32 OR BELOW: 15 0.01 INCH OR MORE: 0
MAX 90 OR ABOVE: 0 0.10 INCH OR MORE: 0
MIN 32 OR BELOW: 31 0.50 INCH OR MORE: 0
MIN 0 OR BELOW: 2 1.00 INCH OR MORE: 0
[HDD (BASE 65) ]
TOTAL THIS MO. 1210 CLEAR (SCALE 0-3) 11
DPTR FM NORMAL M PTCLDY (SCALE 4-7) 12
TOTAL FM JUL 1 2729 CLOUDY (SCALE 8-10) 8
DPTR FM NORMAL M
[CDD (BASE 65) ]
TOTAL THIS MO. 0
DPTR FM NORMAL M [PRESSURE DATA]
TOTAL FM JAN 1 721 HIGHEST SLP M ON M
DPTR FM NORMAL M LOWEST SLP M ON M
[REMARKS]
#FINAL-12-20#