000
CXUS53 KOAX 010930
CF6OMA
PRELIMINARY LOCAL CLIMATOLOGICAL DATA (WS FORM: F-6)
STATION: OMAHA NE
MONTH: SEPTEMBER
YEAR: 2021
LATITUDE: 41 17 N
LONGITUDE: 95 54 W
TEMPERATURE IN F: :PCPN: SNOW: WIND :SUNSHINE: SKY :PK WND
================================================================================
1 2 3 4 5 6A 6B 7 8 9 10 11 12 13 14 15 16 17 18
12Z AVG MX 2MIN
DY MAX MIN AVG DEP HDD CDD WTR SNW DPTH SPD SPD DIR MIN PSBL S-S WX SPD DR
================================================================================
1 82 63 73 1 0 8 0.00 0.0 0 11.2 21 140 M M 2 8 27 140
2 77 68 73 1 0 8 0.44 0.0 0 16.8 25 180 M M 9 13 32 160
3 74 68 71 -1 0 6 0.39 0.0 0 8.3 22 160 M M 10 13 27 160
4 80 65 73 1 0 8 0.00 0.0 0 6.1 14 340 M M 6 18 340
5 86 61 74 3 0 9 0.00 0.0 0 5.2 14 220 M M 2 19 230
6 91 65 78 7 0 13 0.00 0.0 0 8.7 18 190 M M 0 23 190
7 84 62 73 2 0 8 0.00 0.0 0 10.0 24 340 M M 2 30 340
8 84 54 69 -1 0 4 0.00 0.0 0 5.9 17 340 M M 2 22 320
9 82 52 67 -3 0 2 0.00 0.0 0 4.6 13 140 M M 4 15 120
10 86 63 75 5 0 10 0.00 0.0 0 4.7 12 140 M M 4 14 130
11 91 67 79 10 0 14 0.00 0.0 0 9.6 18 190 M M 3 24 170
12 76 67 72 3 0 7 T 0.0 0 7.0 22 330 M M 7 28 20
13 89 62 76 7 0 11 0.00 0.0 0 7.4 24 340 M M 7 31 350
14 78 57 68 0 0 3 0.00 0.0 0 7.1 17 330 M M 5 18 24 350
15 83 54 69 1 0 4 0.00 0.0 0 9.4 20 180 M M 2 12 26 160
16 92 66 79 11 0 14 0.00 0.0 0 15.7 25 180 M M 0 35 160
17 78 59 69 2 0 4 T 0.0 0 9.9 26 340 M M 7 37 340
18 88 56 72 5 0 7 0.00 0.0 0 9.5 17 150 M M 3 23 160
19 91 68 80 14 0 15 0.00 0.0 0 17.1 29 160 M M 3 37 160
20 77 55 66 0 0 1 0.10 0.0 0 14.3 29 320 M M 6 13 37 330
21 74 50 62 -4 3 0 0.00 0.0 0 9.0 26 350 M M 3 36 330
22 74 43 59 -6 6 0 0.00 0.0 0 2.9 8 220 M M 0 1 13 150
23 82 47 65 0 0 0 0.00 0.0 0 9.7 20 150 M M 1 28 160
24 69 50 60 -4 5 0 0.03 0.0 0 8.8 29 340 M M 6 39 350
25 80 44 62 -2 3 0 0.00 0.0 0 8.9 18 210 M M 1 25 230
26 89 55 72 8 0 7 0.00 0.0 0 9.3 18 180 M M 1 23 170
27 93 59 76 13 0 11 0.00 0.0 0 5.2 12 50 M M 0 8 22 40
28 94 56 75 12 0 10 0.00 0.0 0 8.8 22 150 M M 3 29 150
29 85 62 74 12 0 9 0.01 0.0 0 8.1 22 150 M M 8 25 150
30 85 67 76 14 0 11 1.38 0.0 0 9.6 29 150 M M 8 13 37 150
================================================================================
SM 2494 1765 17 204 2.35 0.0 268.8 M 115
================================================================================
AV 83.1 58.8 9.0 FASTST M M 4 MAX(MPH)
MISC ----> # 29 160 39 350
================================================================================
NOTES:
# LAST OF SEVERAL OCCURRENCES
COLUMN 17 PEAK WIND IN M.P.H.
PRELIMINARY LOCAL CLIMATOLOGICAL DATA (WS FORM: F-6) , PAGE 2
STATION: OMAHA NE
MONTH: SEPTEMBER
YEAR: 2021
LATITUDE: 41 17 N
LONGITUDE: 95 54 W
[TEMPERATURE DATA] [PRECIPITATION DATA] SYMBOLS USED IN COLUMN 16
AVERAGE MONTHLY: 71.0 TOTAL FOR MONTH: 2.35 1 = FOG OR MIST
DPTR FM NORMAL: 3.4 DPTR FM NORMAL: -0.61 2 = FOG REDUCING VISIBILITY
HIGHEST: 94 ON 28 GRTST 24HR 1.38 ON 30-30 TO 1/4 MILE OR LESS
LOWEST: 43 ON 22 3 = THUNDER
SNOW, ICE PELLETS, HAIL 4 = ICE PELLETS
TOTAL MONTH: 0.0 INCH 5 = HAIL
GRTST 24HR 0.0 6 = FREEZING RAIN OR DRIZZLE
GRTST DEPTH: 0 7 = DUSTSTORM OR SANDSTORM:
VSBY 1/2 MILE OR LESS
8 = SMOKE OR HAZE
[NO. OF DAYS WITH] [WEATHER - DAYS WITH] 9 = BLOWING SNOW
X = TORNADO
MAX 32 OR BELOW: 0 0.01 INCH OR MORE: 6
MAX 90 OR ABOVE: 6 0.10 INCH OR MORE: 4
MIN 32 OR BELOW: 0 0.50 INCH OR MORE: 1
MIN 0 OR BELOW: 0 1.00 INCH OR MORE: 1
[HDD (BASE 65) ]
TOTAL THIS MO. 17 CLEAR (SCALE 0-3) 15
DPTR FM NORMAL -53 PTCLDY (SCALE 4-7) 13
TOTAL FM JUL 1 17 CLOUDY (SCALE 8-10) 2
DPTR FM NORMAL -57
[CDD (BASE 65) ]
TOTAL THIS MO. 204
DPTR FM NORMAL 56 [PRESSURE DATA]
TOTAL FM JAN 1 1509 HIGHEST SLP 30.39 ON 22
DPTR FM NORMAL 237 LOWEST SLP 29.62 ON 20
[REMARKS]
#FINAL-09-21#