000
CXUS53 KOAX 010930
CF6OMA
PRELIMINARY LOCAL CLIMATOLOGICAL DATA (WS FORM: F-6)
STATION: OMAHA NE
MONTH: AUGUST
YEAR: 2021
LATITUDE: 41 17 N
LONGITUDE: 95 54 W
TEMPERATURE IN F: :PCPN: SNOW: WIND :SUNSHINE: SKY :PK WND
================================================================================
1 2 3 4 5 6A 6B 7 8 9 10 11 12 13 14 15 16 17 18
12Z AVG MX 2MIN
DY MAX MIN AVG DEP HDD CDD WTR SNW DPTH SPD SPD DIR MIN PSBL S-S WX SPD DR
================================================================================
1 83 62 73 -5 0 8 0.00 0.0 0 7.8 17 340 M M 1 18 24 330
2 82 57 70 -8 0 5 0.00 0.0 0 3.9 9 90 M M 1 18 13 70
3 82 58 70 -8 0 5 0.00 0.0 0 4.3 14 150 M M 5 1 18 140
4 83 63 73 -5 0 8 0.00 0.0 0 13.1 26 160 M M 5 41 150
5 90 70 80 2 0 15 T 0.0 0 7.1 14 190 M M 7 8 18 150
6 89 67 78 1 0 13 0.03 0.0 0 12.7 26 20 M M 6 13 39 20
7 86 67 77 0 0 12 2.02 0.0 0 13.0 39 240 M M 9 135 50 250
8 86 68 77 0 0 12 T 0.0 0 8.9 24 180 M M 9 3 31 180
9 94 68 81 4 0 16 0.00 0.0 0 8.7 18 170 M M 1 18 24 160
10 92 78 85 8 0 20 0.00 0.0 0 8.3 17 180 M M 3 22 190
11 91 71 81 4 0 16 0.00 0.0 0 7.7 15 250 M M 1 24 300
12 92 66 79 2 0 14 0.00 0.0 0 9.1 21 10 M M 4 26 10
13 86 64 75 -1 0 10 0.00 0.0 0 4.9 14 350 M M 6 18 10
14 86 57 72 -4 0 7 0.00 0.0 0 5.6 15 120 M M 1 19 140
15 85 62 74 -2 0 9 0.00 0.0 0 9.5 18 140 M M 3 25 140
16 88 65 77 1 0 12 0.00 0.0 0 10.4 18 130 M M 2 24 150
17 90 69 80 4 0 15 0.00 0.0 0 11.6 20 170 M M 1 27 150
18 89 70 80 4 0 15 0.00 0.0 0 11.5 21 160 M M 1 27 170
19 91 72 82 7 0 17 T 0.0 0 10.6 22 140 M M 4 18 27 130
20 89 74 82 7 0 17 0.22 0.0 0 13.8 30 160 M M 6 13 38 160
21 80 62 71 -4 0 6 0.00 0.0 0 8.6 18 340 M M 3 25 350
22 86 60 73 -2 0 8 0.00 0.0 0 12.4 26 150 M M 6 3 33 150
23 96 76 86 11 0 21 0.00 0.0 0 8.8 17 170 M M 7 3 22 160
24 97 76 87 13 0 22 T 0.0 0 11.0 29 260 M M 3 3 40 240
25 94 70 82 8 0 17 0.02 0.0 0 7.1 33 240 M M 5 3 51 250
26 95 75 85 11 0 20 0.04 0.0 0 13.9 25 150 M M 5 3 32 130
27 97 78 88 14 0 23 T 0.0 0 15.2 25 180 M M 6 3 35 180
28 95 73 84 10 0 19 T 0.0 0 16.0 28 290 M M 3 35 270
29 81 65 73 0 0 8 0.34 0.0 0 6.2 24 120 M M 8 13 42 320
30 87 64 76 3 0 11 0.00 0.0 0 6.4 23 40 M M 6 3 29 30
31 82 65 74 1 0 9 2.64 0.0 0 9.2 40 50 M M 6 13 53 50
================================================================================
SM 2744 2092 0 410 5.31 0.0 297.3 M 134
================================================================================
AV 88.5 67.5 9.6 FASTST M M 4 MAX(MPH)
MISC ----> 40 50 53 50
================================================================================
NOTES:
# LAST OF SEVERAL OCCURRENCES
COLUMN 17 PEAK WIND IN M.P.H.
PRELIMINARY LOCAL CLIMATOLOGICAL DATA (WS FORM: F-6) , PAGE 2
STATION: OMAHA NE
MONTH: AUGUST
YEAR: 2021
LATITUDE: 41 17 N
LONGITUDE: 95 54 W
[TEMPERATURE DATA] [PRECIPITATION DATA] SYMBOLS USED IN COLUMN 16
AVERAGE MONTHLY: 78.0 TOTAL FOR MONTH: 5.31 1 = FOG OR MIST
DPTR FM NORMAL: 2.3 DPTR FM NORMAL: 0.71 2 = FOG REDUCING VISIBILITY
HIGHEST: 97 ON 27,24 GRTST 24HR 2.64 ON 31-31 TO 1/4 MILE OR LESS
LOWEST: 57 ON 14, 2 3 = THUNDER
SNOW, ICE PELLETS, HAIL 4 = ICE PELLETS
TOTAL MONTH: 0.0 INCH 5 = HAIL
GRTST 24HR 0.0 6 = FREEZING RAIN OR DRIZZLE
GRTST DEPTH: 0 7 = DUSTSTORM OR SANDSTORM:
VSBY 1/2 MILE OR LESS
8 = SMOKE OR HAZE
[NO. OF DAYS WITH] [WEATHER - DAYS WITH] 9 = BLOWING SNOW
X = TORNADO
MAX 32 OR BELOW: 0 0.01 INCH OR MORE: 7
MAX 90 OR ABOVE: 13 0.10 INCH OR MORE: 4
MIN 32 OR BELOW: 0 0.50 INCH OR MORE: 2
MIN 0 OR BELOW: 0 1.00 INCH OR MORE: 2
[HDD (BASE 65) ]
TOTAL THIS MO. 0 CLEAR (SCALE 0-3) 10
DPTR FM NORMAL -3 PTCLDY (SCALE 4-7) 19
TOTAL FM JUL 1 0 CLOUDY (SCALE 8-10) 2
DPTR FM NORMAL 0
[CDD (BASE 65) ]
TOTAL THIS MO. 410
DPTR FM NORMAL 75 [PRESSURE DATA]
TOTAL FM JAN 1 1305 HIGHEST SLP 30.28 ON 14
DPTR FM NORMAL 181 LOWEST SLP 29.62 ON 20
[REMARKS]
#FINAL-08-21#