000
CXUS53 KARX 041457
CF6ONA
PRELIMINARY LOCAL CLIMATOLOGICAL DATA (WS FORM: F-6)
STATION: WINONA_MUNI_(AWOS) MN
MONTH: DECEMBER
YEAR: 2021
LATITUDE: 44 4 N
LONGITUDE: 91 42 W
TEMPERATURE IN F: :PCPN: SNOW: WIND :SUNSHINE: SKY :PK WND
================================================================================
1 2 3 4 5 6A 6B 7 8 9 10 11 12 13 14 15 16 17 18
12Z AVG MX 2MIN
DY MAX MIN AVG DEP HDD CDD WTR SNW DPTH SPD SPD DIR MIN PSBL S-S WX SPD DR
================================================================================
1 50 32 41 M 24 0 0.20 0.0 0 4.9 10 240 M M 3 21 240
2 52 37 45 M 20 0 T 0.0 0 8.1 16 340 M M 3 24 330
3 41 30 36 M 29 0 0.02 0.0 0 2.7 9 290 M M 6 M M
4 34 30 32 M 33 0 0.00 0.0 0 5.0 9 330 M M 8 M M
5 37 32 35 M 30 0 T T 0 10.5 18 280 M M 10 28 280
6 32 9 21 M 44 0 T T 0 14.9 27 310 M M 4 37 300
7 19 9 14 M 51 0 M M 0 4.0 7 120 M M 9 M M
8 28 7 18 M 47 0 0.00 0.0 M 3.1 9 130 M M 3 M M
9 36 27 32 M 33 0 M M M 6.5 14 130 M M 5 18 130
10 32 30 31 M 34 0 M M M 5.4 10 50 M M 9 18 50
11 34 27 31 M 34 0 M M M 9.7 23 320 M M 3 36 320
12 39 23 31 M 34 0 0.00 0.0 M 3.7 10 240 M M 0 21 250
13 43 25 34 M 31 0 0.00 0.0 M 2.1 10 250 M M 0 18 250
14 41 21 31 M 34 0 0.00 0.0 M 4.4 10 130 M M 3 M M
15 66 39 53 M 12 0 0.31 0.0 M 5.0 15 220 M M 9 1238 24 180
16 54 23 39 M 26 0 T T 0 12.7 31 230 M M 3 52 230
17 25 18 22 M 43 0 0.00 0.0 0 4.4 8 290 M M 2 M M
18 27 21 24 M 41 0 M M 0 7.0 14 310 M M 8 18 310
19 30 21 26 M 39 0 0.00 0.0 0 4.9 10 210 M M 7 17 210
20 36 14 25 M 40 0 0.00 0.0 0 7.3 13 330 M M 0 21 310
21 27 14 21 M 44 0 M M 0 9.1 16 300 M M 5 8 28 310
22 27 10 19 M 46 0 0.00 0.0 0 4.6 10 300 M M 2 18 300
23 39 23 31 M 34 0 0.00 0.0 0 3.0 8 140 M M 3 M M
24 43 27 35 M 30 0 0.00 0.0 0 3.8 10 150 M M 6 12 M M
25 36 23 30 M 35 0 0.00 0.0 0 4.1 14 320 M M 4 20 320
26 32 16 24 M 41 0 M M 0 7.3 21 130 M M 4 32 130
27 34 14 24 M 41 0 0.02 T M 9.2 18 280 M M 5 16 29 280
28 27 14 21 M 44 0 M M M 5.2 14 130 M M 9 1 18 130
29 19 -6 7 M 58 0 0.00 0.0 M 3.8 14 290 M M 2 22 290
30 30 9 20 M 45 0 M M M 3.5 9 130 M M 10 1 M M
31 30 14 22 M 43 0 0.00 0.0 M 4.1 12 330 M M 8 18 340
================================================================================
SM 1100 633 1140 0 0.55 T 184.0 M 153
================================================================================
AV 35.5 20.4 5.9 FASTST M M 5 MAX(MPH)
MISC ----> 31 230 52 230
================================================================================
NOTES:
# LAST OF SEVERAL OCCURRENCES
COLUMN 17 PEAK WIND IN M.P.H.
PRELIMINARY LOCAL CLIMATOLOGICAL DATA (WS FORM: F-6) , PAGE 2
STATION: WINONA_MUNI_(AWOS) MN
MONTH: DECEMBER
YEAR: 2021
LATITUDE: 44 4 N
LONGITUDE: 91 42 W
[TEMPERATURE DATA] [PRECIPITATION DATA] SYMBOLS USED IN COLUMN 16
AVERAGE MONTHLY: 28.0 TOTAL FOR MONTH: 0.55 1 = FOG OR MIST
DPTR FM NORMAL: 0.0 DPTR FM NORMAL: M 2 = FOG REDUCING VISIBILITY
HIGHEST: 66 ON 15 GRTST 24HR 0.31 ON 15-15 TO 1/4 MILE OR LESS
LOWEST: -6 ON 29 3 = THUNDER
SNOW, ICE PELLETS, HAIL 4 = ICE PELLETS
TOTAL MONTH: T 5 = HAIL
GRTST 24HR T ON 5- 5 6 = FREEZING RAIN OR DRIZZLE
GRTST DEPTH: 0 7 = DUSTSTORM OR SANDSTORM:
VSBY 1/2 MILE OR LESS
8 = SMOKE OR HAZE
[NO. OF DAYS WITH] [WEATHER - DAYS WITH] 9 = BLOWING SNOW
X = TORNADO
MAX 32 OR BELOW: 14 0.01 INCH OR MORE: 4
MAX 90 OR ABOVE: 0 0.10 INCH OR MORE: 2
MIN 32 OR BELOW: 29 0.50 INCH OR MORE: 0
MIN 0 OR BELOW: 1 1.00 INCH OR MORE: 0
[HDD (BASE 65) ]
TOTAL THIS MO. 1140 CLEAR (SCALE 0-3) 12
DPTR FM NORMAL M PTCLDY (SCALE 4-7) 12
TOTAL FM JUL 1 2194 CLOUDY (SCALE 8-10) 7
DPTR FM NORMAL M
[CDD (BASE 65) ]
TOTAL THIS MO. 0
DPTR FM NORMAL M [PRESSURE DATA]
TOTAL FM JAN 1 809 HIGHEST SLP M ON M
DPTR FM NORMAL M LOWEST SLP M ON M
[REMARKS]
#FINAL-12-21#