000
CXUS53 KARX 010900
CF6ONA
PRELIMINARY LOCAL CLIMATOLOGICAL DATA (WS FORM: F-6)
STATION: WINONA_MUNI_(AWOS) MN
MONTH: APRIL
YEAR: 2021
LATITUDE: 44 4 N
LONGITUDE: 91 42 W
TEMPERATURE IN F: :PCPN: SNOW: WIND :SUNSHINE: SKY :PK WND
================================================================================
1 2 3 4 5 6A 6B 7 8 9 10 11 12 13 14 15 16 17 18
12Z AVG MX 2MIN
DY MAX MIN AVG DEP HDD CDD WTR SNW DPTH SPD SPD DIR MIN PSBL S-S WX SPD DR
================================================================================
1 43 19 31 M 34 0 0.00 0.0 0 3.1 8 120 M M 0 M M
2 55 28 42 M 23 0 0.00 0.0 0 8.2 13 170 M M 0 24 170
3 72 43 58 M 7 0 0.00 0.0 0 3.7 9 330 M M 0 8 23 220
4 79 37 58 M 7 0 0.00 0.0 0 3.6 12 190 M M 0 22 180
5 82 45 64 M 1 0 0.00 0.0 0 5.0 12 210 M M 0 24 200
6 81 63 72 M 0 7 0.00 0.0 0 4.7 9 220 M M 3 17 210
7 77 54 66 M 0 1 0.00 0.0 0 5.6 13 210 M M 2 17 210
8 63 50 57 M 8 0 0.16 0.0 0 3.5 9 200 M M 9 16 200
9 54 46 50 M 15 0 0.37 0.0 0 2.4 10 290 M M 10 17 290
10 48 45 47 M 18 0 0.00 0.0 0 7.1 12 330 M M 10 17 340
11 52 45 49 M 16 0 T 0.0 0 10.4 16 330 M M 10 23 320
12 50 43 47 M 18 0 0.00 0.0 0 7.7 12 260 M M 10 1 22 270
13 43 34 39 M 26 0 T 0.0 0 9.4 16 270 M M 10 21 290
14 43 32 38 M 27 0 T 0.0 0 7.1 12 290 M M 9 20 290
15 50 36 43 M 22 0 0.00 0.0 0 6.7 14 330 M M 7 17 340
16 61 32 47 M 18 0 0.00 0.0 0 3.2 10 320 M M 0 18 320
17 59 32 46 M 19 0 0.00 0.0 0 3.7 12 330 M M 2 17 330
18 63 36 50 M 15 0 0.02 0.0 0 5.2 18 320 M M 5 28 240
19 43 34 39 M 26 0 0.00 0.0 0 11.2 17 320 M M 10 24 320
20 45 28 37 M 28 0 0.00 0.0 0 6.0 15 330 M M 7 21 330
21 41 25 33 M 32 0 0.00 0.0 0 5.6 14 340 M M 7 28 290
22 63 30 47 M 18 0 0.00 0.0 0 5.2 13 310 M M 2 23 310
23 57 46 52 M 13 0 0.01 0.0 0 4.5 10 230 M M 9 17 230
24 48 30 39 M 26 0 T 0.0 0 7.2 15 320 M M 8 1 23 330
25 46 27 37 M 28 0 T 0.0 0 5.5 15 130 M M 5 18 130
26 59 41 50 M 15 0 M 0.0 0 9.8 15 120 M M 5 21 130
27 63 43 53 M 12 0 M 0.0 0 4.5 9 340 M M 6 3 16 60
28 57 43 50 M 15 0 M 0.0 0 3.4 9 340 M M 6 M M
29 68 37 53 M 12 0 0.00 0.0 0 6.0 20 320 M M 2 1 31 320
30 61 45 53 M 12 0 0.00 0.0 0 4.7 17 330 M M 0 24 330
================================================================================
SM 1726 1149 511 8 0.56 0.0 173.9 M 154
================================================================================
AV 57.5 38.3 5.8 FASTST M M 5 MAX(MPH)
MISC ----> 20 320 31 320
================================================================================
NOTES:
# LAST OF SEVERAL OCCURRENCES
COLUMN 17 PEAK WIND IN M.P.H.
PRELIMINARY LOCAL CLIMATOLOGICAL DATA (WS FORM: F-6) , PAGE 2
STATION: WINONA_MUNI_(AWOS) MN
MONTH: APRIL
YEAR: 2021
LATITUDE: 44 4 N
LONGITUDE: 91 42 W
[TEMPERATURE DATA] [PRECIPITATION DATA] SYMBOLS USED IN COLUMN 16
AVERAGE MONTHLY: 47.9 TOTAL FOR MONTH: 0.56 1 = FOG OR MIST
DPTR FM NORMAL: 0.0 DPTR FM NORMAL: M 2 = FOG REDUCING VISIBILITY
HIGHEST: 82 ON 5 GRTST 24HR 0.37 ON 9- 9 TO 1/4 MILE OR LESS
LOWEST: 19 ON 1 3 = THUNDER
SNOW, ICE PELLETS, HAIL 4 = ICE PELLETS
TOTAL MONTH: 0.0 INCH 5 = HAIL
GRTST 24HR 0.0 6 = FREEZING RAIN OR DRIZZLE
GRTST DEPTH: 0 7 = DUSTSTORM OR SANDSTORM:
VSBY 1/2 MILE OR LESS
8 = SMOKE OR HAZE
[NO. OF DAYS WITH] [WEATHER - DAYS WITH] 9 = BLOWING SNOW
X = TORNADO
MAX 32 OR BELOW: 0 0.01 INCH OR MORE: 4
MAX 90 OR ABOVE: 0 0.10 INCH OR MORE: 2
MIN 32 OR BELOW: 10 0.50 INCH OR MORE: 0
MIN 0 OR BELOW: 0 1.00 INCH OR MORE: 0
[HDD (BASE 65) ]
TOTAL THIS MO. 511 CLEAR (SCALE 0-3) 12
DPTR FM NORMAL M PTCLDY (SCALE 4-7) 9
TOTAL FM JUL 1 6628 CLOUDY (SCALE 8-10) 9
DPTR FM NORMAL M
[CDD (BASE 65) ]
TOTAL THIS MO. 8
DPTR FM NORMAL M [PRESSURE DATA]
TOTAL FM JAN 1 8 HIGHEST SLP M ON M
DPTR FM NORMAL M LOWEST SLP M ON M
[REMARKS]
#FINAL-04-21#