000
CXUS53 KARX 020620
CF6ONA
PRELIMINARY LOCAL CLIMATOLOGICAL DATA (WS FORM: F-6)
STATION: WINONA_MUNI_(AWOS) MN
MONTH: DECEMBER
YEAR: 2023
LATITUDE: 44 4 N
LONGITUDE: 91 42 W
TEMPERATURE IN F: :PCPN: SNOW: WIND :SUNSHINE: SKY :PK WND
================================================================================
1 2 3 4 5 6A 6B 7 8 9 10 11 12 13 14 15 16 17 18
12Z AVG MX 2MIN
DY MAX MIN AVG DEP HDD CDD WTR SNW DPTH SPD SPD DIR MIN PSBL S-S WX SPD DR
================================================================================
1 34 21 28 M 37 0 0.00 0.0 0 1.1 5 340 M M 0 M M
2 36 19 28 M 37 0 0.00 0.0 0 3.0 7 140 M M 6 1 M M
3 36 32 34 M 31 0 0.07 M M 0.0 M M M M 10 1 M M
4 36 30 33 M 32 0 M M M 2.6 7 190 M M 10 12 M M
5 34 32 33 M 32 0 M M M 4.7 9 320 M M 10 1 16 320
6 45 27 36 M 29 0 0.00 0.0 0 2.4 8 220 M M 2 M M
7 50 28 39 M 26 0 0.00 0.0 0 3.4 9 130 M M 0 M M
8 50 36 43 M 22 0 0.00 0.0 0 3.6 8 270 M M 3 16 270
9 45 32 39 M 26 0 M M 0 7.4 15 310 M M 7 18 25 310
10 32 27 30 M 35 0 0.00 0.0 0 7.2 21 320 M M 10 25 320
11 34 23 29 M 36 0 0.00 0.0 0 2.3 7 270 M M 7 21 330
12 32 19 26 M 39 0 0.00 0.0 0 7.5 14 310 M M 1 20 300
13 46 21 34 M 31 0 0.00 0.0 0 1.9 9 250 M M 2 M M
14 54 25 40 M 25 0 0.00 0.0 0 1.4 7 240 M M 0 M M
15 41 30 36 M 29 0 T 0.0 0 0.7 4 130 M M 4 M M
16 39 34 37 M 28 0 0.07 0.0 0 1.7 8 130 M M 10 12 M M
17 37 34 36 M 29 0 0.00 0.0 0 7.4 14 310 M M 9 1 25 310
18 34 16 25 M 40 0 0.00 0.0 0 13.9 31 330 M M 3 37 330
19 37 14 26 M 39 0 0.00 0.0 0 3.9 8 150 M M 0 16 190
20 41 27 34 M 31 0 0.00 0.0 0 3.3 8 130 M M 0 M M
21 37 30 34 M 31 0 0.00 0.0 0 5.2 10 130 M M 7 M M
22 43 36 40 M 25 0 T 0.0 0 2.5 6 150 M M 10 1 M M
23 46 39 43 M 22 0 0.00 0.0 0 3.5 7 140 M M 10 1 M M
24 54 43 49 M 16 0 0.18 0.0 0 8.2 13 140 M M 9 18 140
25 54 50 52 M 13 0 0.56 0.0 0 9.2 14 120 M M 9 18 120
26 50 32 41 M 24 0 0.12 0.0 0 3.9 12 230 M M 10 1 17 230
27 39 28 34 M 31 0 T T 0 1.2 6 310 M M 4 M M
28 34 27 31 M 34 0 0.00 0.0 0 8.4 15 330 M M 7 20 330
29 41 27 34 M 31 0 0.00 0.0 0 4.8 12 340 M M 1 M M
30 32 27 30 M 35 0 M M 0 4.7 10 320 M M 8 6 16 300
31 32 28 30 M 35 0 M M M 7.5 13 340 M M 10 21 360
================================================================================
SM 1255 894 931 0 1.00 T 138.5 M 179
================================================================================
AV 40.5 28.8 4.5 FASTST M M 6 MAX(MPH)
MISC ----> 31 330 37 330
================================================================================
NOTES:
# LAST OF SEVERAL OCCURRENCES
COLUMN 17 PEAK WIND IN M.P.H.
PRELIMINARY LOCAL CLIMATOLOGICAL DATA (WS FORM: F-6) , PAGE 2
STATION: WINONA_MUNI_(AWOS) MN
MONTH: DECEMBER
YEAR: 2023
LATITUDE: 44 4 N
LONGITUDE: 91 42 W
[TEMPERATURE DATA] [PRECIPITATION DATA] SYMBOLS USED IN COLUMN 16
AVERAGE MONTHLY: 34.7 TOTAL FOR MONTH: 1.00 1 = FOG OR MIST
DPTR FM NORMAL: 0.0 DPTR FM NORMAL: M 2 = FOG REDUCING VISIBILITY
HIGHEST: 54 ON 25,24 GRTST 24HR 0.56 ON 25-25 TO 1/4 MILE OR LESS
LOWEST: 14 ON 19 3 = THUNDER
SNOW, ICE PELLETS, HAIL 4 = ICE PELLETS
TOTAL MONTH: T 5 = HAIL
GRTST 24HR T ON 27-27 6 = FREEZING RAIN OR DRIZZLE
GRTST DEPTH: 0 7 = DUSTSTORM OR SANDSTORM:
VSBY 1/2 MILE OR LESS
8 = SMOKE OR HAZE
[NO. OF DAYS WITH] [WEATHER - DAYS WITH] 9 = BLOWING SNOW
X = TORNADO
MAX 32 OR BELOW: 4 0.01 INCH OR MORE: 5
MAX 90 OR ABOVE: 0 0.10 INCH OR MORE: 3
MIN 32 OR BELOW: 24 0.50 INCH OR MORE: 1
MIN 0 OR BELOW: 0 1.00 INCH OR MORE: 0
[HDD (BASE 65) ]
TOTAL THIS MO. 931 CLEAR (SCALE 0-3) 11
DPTR FM NORMAL M PTCLDY (SCALE 4-7) 8
TOTAL FM JUL 1 2224 CLOUDY (SCALE 8-10) 12
DPTR FM NORMAL M
[CDD (BASE 65) ]
TOTAL THIS MO. 0
DPTR FM NORMAL M [PRESSURE DATA]
TOTAL FM JAN 1 796 HIGHEST SLP M ON M
DPTR FM NORMAL M LOWEST SLP M ON M
[REMARKS]
#FINAL-12-23#