000
CXUS56 KBOI 011002
CF6ONO
PRELIMINARY LOCAL CLIMATOLOGICAL DATA (WS FORM: F-6)
STATION: ONTARIO OR
MONTH: FEBRUARY
YEAR: 2022
LATITUDE: 44 1 N
LONGITUDE: 117 1 W
TEMPERATURE IN F: :PCPN: SNOW: WIND :SUNSHINE: SKY :PK WND
================================================================================
1 2 3 4 5 6A 6B 7 8 9 10 11 12 13 14 15 16 17 18
12Z AVG MX 2MIN
DY MAX MIN AVG DEP HDD CDD WTR SNW DPTH SPD SPD DIR MIN PSBL S-S WX SPD DR
================================================================================
1 34 14 24 -10 41 0 0.00 M M 3.3 8 30 M M 6 18 11 30
2 38 17 28 -6 37 0 0.00 M M 3.1 9 180 M M 6 12 20
3 38 24 31 -3 34 0 0.00 M M 3.8 9 350 M M 7 13 10
4 37 18 28 -6 37 0 0.00 M M 4.0 13 140 M M 0 17 10
5 38 15 27 -8 38 0 0.00 M M 3.1 13 240 M M 0 18 15 240
6 39 18 29 -6 36 0 0.00 M M 2.9 9 360 M M 0 18 12 350
7 36 18 27 -8 38 0 0.00 M M 3.4 12 260 M M 0 18 15 250
8 39 18 29 -6 36 0 0.00 M M 2.6 8 20 M M 0 18 13 280
9 45 24 35 -1 30 0 0.00 M M 3.1 9 30 M M 2 18 12 30
10 46 26 36 0 29 0 0.00 M M 2.5 8 250 M M 0 18 11 360
11 55 27 41 5 24 0 0.00 M M 2.9 10 260 M M 0 18 14 260
12 44 24 34 -2 31 0 0.00 M M 2.3 10 170 M M 0 18 13 180
13 43 23 33 -4 32 0 0.00 M M 2.6 8 10 M M 0 18 11 360
14 43 29 36 -1 29 0 0.02 M M 3.8 18 310 M M 7 18 27 300
15 49 35 42 4 23 0 0.00 M M 15.1 25 320 M M 4 32 320
16 51 33 42 4 23 0 0.00 M M 9.8 30 330 M M 3 40 320
17 48 26 37 -1 28 0 0.00 M M 4.7 12 10 M M 1 17 10
18 52 26 39 1 26 0 0.00 M M 3.1 9 30 M M 0 12 50
19 52 26 39 0 26 0 0.00 M M 3.1 12 360 M M 0 12 15 360
20 50 28 39 0 26 0 T M M 6.2 26 340 M M 5 18 36 340
21 45 28 37 -2 28 0 0.00 M M 4.1 10 280 M M 4 16 260
22 37 21 29 -11 36 0 0.00 M M 11.1 26 330 M M 6 8 37 340
23 35 19 27 -13 38 0 0.00 M M 16.6 25 320 M M 0 34 330
24 36 23 30 -10 35 0 0.01 M M 6.9 18 330 M M 6 18 24 340
25 37 14 26 -15 39 0 0.00 M M 3.6 12 330 M M 0 14 340
26 42 16 29 -12 36 0 0.00 M M 6.6 15 150 M M 0 21 140
27 40 27 34 -8 31 0 0.00 M M 6.0 15 110 M M 6 21 110
28 45 27 36 -6 29 0 0.00 M M 4.1 10 140 M M 8 14 140
================================================================================
SM 1194 644 896 0 0.03 M 144.4 M 71
================================================================================
AV 42.6 23.0 5.2 FASTST M M 3 MAX(MPH)
MISC ----> 30 330 40 320
================================================================================
NOTES:
# LAST OF SEVERAL OCCURRENCES
COLUMN 17 PEAK WIND IN M.P.H.
PRELIMINARY LOCAL CLIMATOLOGICAL DATA (WS FORM: F-6) , PAGE 2
STATION: ONTARIO OR
MONTH: FEBRUARY
YEAR: 2022
LATITUDE: 44 1 N
LONGITUDE: 117 1 W
[TEMPERATURE DATA] [PRECIPITATION DATA] SYMBOLS USED IN COLUMN 16
AVERAGE MONTHLY: 32.8 TOTAL FOR MONTH: 0.03 1 = FOG OR MIST
DPTR FM NORMAL: -4.7 DPTR FM NORMAL: -0.86 2 = FOG REDUCING VISIBILITY
HIGHEST: 55 ON 11 GRTST 24HR 0.02 ON 14-14 TO 1/4 MILE OR LESS
LOWEST: 14 ON 25, 1 3 = THUNDER
SNOW, ICE PELLETS, HAIL 4 = ICE PELLETS
TOTAL MONTH: M 5 = HAIL
GRTST 24HR M ON M 6 = FREEZING RAIN OR DRIZZLE
GRTST DEPTH: M ON M 7 = DUSTSTORM OR SANDSTORM:
VSBY 1/2 MILE OR LESS
8 = SMOKE OR HAZE
[NO. OF DAYS WITH] [WEATHER - DAYS WITH] 9 = BLOWING SNOW
X = TORNADO
MAX 32 OR BELOW: 0 0.01 INCH OR MORE: 2
MAX 90 OR ABOVE: 0 0.10 INCH OR MORE: 0
MIN 32 OR BELOW: 26 0.50 INCH OR MORE: 0
MIN 0 OR BELOW: 0 1.00 INCH OR MORE: 0
[HDD (BASE 65) ]
TOTAL THIS MO. 896 CLEAR (SCALE 0-3) 16
DPTR FM NORMAL 125 PTCLDY (SCALE 4-7) 12
TOTAL FM JUL 1 4020 CLOUDY (SCALE 8-10) 0
DPTR FM NORMAL -48
[CDD (BASE 65) ]
TOTAL THIS MO. 0
DPTR FM NORMAL 0 [PRESSURE DATA]
TOTAL FM JAN 1 0 HIGHEST SLP M ON M
DPTR FM NORMAL 0 LOWEST SLP 29.78 ON 21
[REMARKS]
#FINAL-02-22#