000
CXUS56 KSGX 011045
CF6ONT
PRELIMINARY LOCAL CLIMATOLOGICAL DATA (WS FORM: F-6)
STATION: ONTARIO INTL AIRPORT CA
MONTH: SEPTEMBER
YEAR: 2022
LATITUDE: 34 2 N
LONGITUDE: 117 37 W
TEMPERATURE IN F: :PCPN: SNOW: WIND :SUNSHINE: SKY :PK WND
================================================================================
1 2 3 4 5 6A 6B 7 8 9 10 11 12 13 14 15 16 17 18
12Z AVG MX 2MIN
DY MAX MIN AVG DEP HDD CDD WTR SNW DPTH SPD SPD DIR MIN PSBL S-S WX SPD DR
================================================================================
1 107 78 93 13 0 28 0.00 M M 7.7 20 280 M M 4 23 280
2 105 75 90 10 0 25 T M M 5.0 16 260 M M 3 21 260
3 106 77 92 12 0 27 0.00 M M 5.3 21 260 M M 2 26 230
4 109 79 94 14 0 29 0.00 M M 5.6 21 250 M M 5 26 270
5 107 77 92 12 0 27 0.00 M M 5.9 17 260 M M 2 23 260
6 104 75 90 10 0 25 0.00 M M 5.5 20 270 M M 2 25 270
7 105 77 91 12 0 26 0.00 M M 4.5 18 260 M M 2 22 280
8 100 80 90 11 0 25 0.01 M M 5.7 16 270 M M 6 3 20 270
9 96 72 84 5 0 19 0.12 M M 6.7 25 100 M M 9 1 39 110
10 80 70 75 -4 0 10 T M M 4.7 13 250 M M 8 18 15 250
11 92 71 82 3 0 17 0.14 M M 5.3 24 340 M M 7 13 28 340
12 88 71 80 1 0 15 0.00 M M 5.8 16 220 M M 7 22 240
13 84 69 77 -1 0 12 0.00 M M 8.3 16 260 M M 6 21 220
14 85 65 75 -3 0 10 0.00 M M 7.9 17 240 M M 2 23 240
15 84 65 75 -3 0 10 T M M 7.6 14 240 M M 4 8 20 250
16 85 62 74 -4 0 9 0.00 M M 5.7 15 230 M M 1 18 20 250
17 81 61 71 -7 0 6 0.00 M M 5.2 14 250 M M 3 18 18 250
18 81 62 72 -5 0 7 0.00 M M 5.8 16 240 M M 5 22 230
19 84 60 72 -5 0 7 0.00 M M 5.7 16 260 M M 2 21 270
20 86 60 73 -4 0 8 0.00 M M 6.8 16 270 M M 2 21 260
21 85 60 73 -3 0 8 0.00 M M 5.8 13 250 M M 1 17 240
22 93 60 77 1 0 12 0.00 M M 4.4 14 240 M M 0 18 240
23 96 65 81 5 0 16 0.00 M M 5.7 16 240 M M 2 23 280
24 96 68 82 6 0 17 0.00 M M 5.1 16 240 M M 1 22 270
25 96 68 82 7 0 17 0.00 M M 4.6 16 260 M M 2 21 270
26 99 70 85 10 0 20 0.00 M M 4.9 18 270 M M 2 23 280
27 102 69 86 11 0 21 0.00 M M 5.7 16 270 M M 2 21 260
28 100 70 85 11 0 20 0.00 M M M M 210 M M 1 M M
29 92 67 80 6 0 15 0.00 M M 6.4 16 240 M M 2 18 21 240
30 86 63 75 1 0 10 0.00 M M 5.8 16 270 M M 1 18 21 250
================================================================================
SM 2814 2066 0 498 0.27 M 169.1 M 96
================================================================================
AV 93.8 68.9 5.8 FASTST M M 3 MAX(MPH)
MISC ----> 25 100 39 110
================================================================================
NOTES:
# LAST OF SEVERAL OCCURRENCES
COLUMN 17 PEAK WIND IN M.P.H.
PRELIMINARY LOCAL CLIMATOLOGICAL DATA (WS FORM: F-6) , PAGE 2
STATION: ONTARIO INTL AIRPORT CA
MONTH: SEPTEMBER
YEAR: 2022
LATITUDE: 34 2 N
LONGITUDE: 117 37 W
[TEMPERATURE DATA] [PRECIPITATION DATA] SYMBOLS USED IN COLUMN 16
AVERAGE MONTHLY: 81.3 TOTAL FOR MONTH: 0.27 1 = FOG OR MIST
DPTR FM NORMAL: 3.7 DPTR FM NORMAL: 0.17 2 = FOG REDUCING VISIBILITY
HIGHEST: 109 ON 4 GRTST 24HR 0.14 ON 11-11 TO 1/4 MILE OR LESS
LOWEST: 60 ON 22,21 3 = THUNDER
SNOW, ICE PELLETS, HAIL 4 = ICE PELLETS
TOTAL MONTH: M 5 = HAIL
GRTST 24HR M ON M 6 = FREEZING RAIN OR DRIZZLE
GRTST DEPTH: M ON M 7 = DUSTSTORM OR SANDSTORM:
VSBY 1/2 MILE OR LESS
8 = SMOKE OR HAZE
[NO. OF DAYS WITH] [WEATHER - DAYS WITH] 9 = BLOWING SNOW
X = TORNADO
MAX 32 OR BELOW: 0 0.01 INCH OR MORE: 3
MAX 90 OR ABOVE: 18 0.10 INCH OR MORE: 2
MIN 32 OR BELOW: 0 0.50 INCH OR MORE: 0
MIN 0 OR BELOW: 0 1.00 INCH OR MORE: 0
[HDD (BASE 65) ]
TOTAL THIS MO. 0 CLEAR (SCALE 0-3) 20
DPTR FM NORMAL -1 PTCLDY (SCALE 4-7) 8
TOTAL FM JUL 1 0 CLOUDY (SCALE 8-10) 2
DPTR FM NORMAL 0
[CDD (BASE 65) ]
TOTAL THIS MO. 498
DPTR FM NORMAL 120 [PRESSURE DATA]
TOTAL FM JAN 1 2120 HIGHEST SLP 30.00 ON 11
DPTR FM NORMAL 369 LOWEST SLP 29.50 ON 9
[REMARKS]
#FINAL-09-22#