000
CXUS52 KMFL 011030
CF6OPF
PRELIMINARY LOCAL CLIMATOLOGICAL DATA (WS FORM: F-6)
STATION: OPA-LOCKA ARPT
MONTH: APRIL
YEAR: 2022
LATITUDE: 25 53 N
LONGITUDE: 80 17 W
TEMPERATURE IN F: :PCPN: SNOW: WIND :SUNSHINE: SKY :PK WND
================================================================================
1 2 3 4 5 6A 6B 7 8 9 10 11 12 13 14 15 16 17 18
12Z AVG MX 2MIN
DY MAX MIN AVG DEP HDD CDD WTR SNW DPTH SPD SPD DIR MIN PSBL S-S WX SPD DR
================================================================================
1 89 76 83 9 0 18 0.00 M M 10.0 20 160 M M 4 25 160
2 90 72 81 7 0 16 0.07 0.0 0 9.9 22 360 M M 4 8 27 10
3 85 69 77 3 0 12 0.10 0.0 0 7.1 22 300 M M 4 13 28 290
4 85 73 79 4 0 14 T 0.0 0 7.3 18 130 M M 4 3 23 130
5 87 74 81 6 0 16 T 0.0 0 11.1 22 180 M M 3 35 190
6 91 77 84 9 0 19 T 0.0 0 11.8 20 170 M M 2 30 190
7 92 77 85 10 0 20 0.02 0.0 0 12.6 24 270 M M 3 3 30 240
8 83 65 74 -1 0 9 0.00 0.0 0 12.7 21 300 M M 3 26 340
9 81 61 71 -4 0 6 0.00 M M 12.6 25 300 M M 1 32 280
10 78 55 67 -9 0 2 0.00 0.0 0 9.8 18 100 M M 1 24 110
11 81 63 72 -4 0 7 0.00 0.0 0 10.9 21 80 M M 3 26 100
12 85 70 78 2 0 13 0.00 0.0 0 13.2 22 120 M M 5 28 100
13 85 72 79 3 0 14 T 0.0 0 12.5 18 110 M M 2 26 100
14 87 74 81 5 0 16 0.00 0.0 0 11.5 20 140 M M 2 24 140
15 83 73 78 2 0 13 1.06 0.0 0 8.2 21 80 M M 5 138 26 90
16 85 71 78 2 0 13 T 0.0 0 9.7 17 120 M M 2 25 110
17 86 71 79 3 0 14 T 0.0 0 10.4 20 100 M M 2 23 100
18 88 73 81 5 0 16 0.09 0.0 0 5.6 14 110 M M 2 13 22 110
19 87 71 79 2 0 14 0.00 0.0 0 10.8 17 70 M M 1 25 70
20 83 71 77 0 0 12 0.01 M M 14.9 24 70 M M 4 30 70
21 83 72 78 1 0 13 T M M 15.5 24 80 M M 4 30 80
22 83 73 78 1 0 13 0.01 M M 18.4 26 60 M M 6 34 90
23 84 73 79 2 0 14 T M M 14.7 22 90 M M 5 27 60
24 85 70 78 1 0 13 T M M 13.0 21 80 M M 3 8 27 80
25 85 73 79 2 0 14 0.03 0.0 0 11.2 18 100 M M 3 23 90
26 85 70 78 1 0 13 0.01 0.0 0 7.7 16 100 M M 3 19 90
27 86 68 77 -1 0 12 0.00 0.0 0 5.3 15 130 M M 2 20 140
28 88 71 80 2 0 15 0.48 M M 5.0 31 60 M M 5 3 48 20
29 85 70 78 0 0 13 1.06 M M 5.6 22 100 M M 7 13 26 100
30 84 70 77 -1 0 12 0.78 M M 6.4 16 120 M M 5 13 19 150
================================================================================
SM 2559 2118 0 396 3.72 0.0 315.4 M 100
================================================================================
AV 85.3 70.6 10.5 FASTST M M 3 MAX(MPH)
MISC ----> 31 60 48 20
================================================================================
NOTES:
# LAST OF SEVERAL OCCURRENCES
COLUMN 17 PEAK WIND IN M.P.H.
PRELIMINARY LOCAL CLIMATOLOGICAL DATA (WS FORM: F-6) , PAGE 2
STATION: OPA-LOCKA ARPT
MONTH: APRIL
YEAR: 2022
LATITUDE: 25 53 N
LONGITUDE: 80 17 W
[TEMPERATURE DATA] [PRECIPITATION DATA] SYMBOLS USED IN COLUMN 16
AVERAGE MONTHLY: 78.0 TOTAL FOR MONTH: 3.72 1 = FOG OR MIST
DPTR FM NORMAL: 1.8 DPTR FM NORMAL: 0.78 2 = FOG REDUCING VISIBILITY
HIGHEST: 92 ON 7 GRTST 24HR 1.84 ON 29-30 TO 1/4 MILE OR LESS
LOWEST: 55 ON 10 3 = THUNDER
SNOW, ICE PELLETS, HAIL 4 = ICE PELLETS
TOTAL MONTH: 0.0 INCH 5 = HAIL
GRTST 24HR 0.0 6 = FREEZING RAIN OR DRIZZLE
GRTST DEPTH: 0 7 = DUSTSTORM OR SANDSTORM:
VSBY 1/2 MILE OR LESS
8 = SMOKE OR HAZE
[NO. OF DAYS WITH] [WEATHER - DAYS WITH] 9 = BLOWING SNOW
X = TORNADO
MAX 32 OR BELOW: 0 0.01 INCH OR MORE: 12
MAX 90 OR ABOVE: 3 0.10 INCH OR MORE: 5
MIN 32 OR BELOW: 0 0.50 INCH OR MORE: 3
MIN 0 OR BELOW: 0 1.00 INCH OR MORE: 2
[HDD (BASE 65) ]
TOTAL THIS MO. 0 CLEAR (SCALE 0-3) 14
DPTR FM NORMAL -1 PTCLDY (SCALE 4-7) 16
TOTAL FM JUL 1 63 CLOUDY (SCALE 8-10) 0
DPTR FM NORMAL -57
[CDD (BASE 65) ]
TOTAL THIS MO. 396
DPTR FM NORMAL 60 [PRESSURE DATA]
TOTAL FM JAN 1 1120 HIGHEST SLP 30.25 ON 21
DPTR FM NORMAL 236 LOWEST SLP 29.85 ON 7
[REMARKS]
#FINAL-04-22#