000
CXUS54 KMRX 011030
CF6OQT
PRELIMINARY LOCAL CLIMATOLOGICAL DATA (WS FORM: F-6)
STATION: OAK RIDGE
MONTH: JULY
YEAR: 2021
LATITUDE: 36 1 N
LONGITUDE: 84 14 W
TEMPERATURE IN F: :PCPN: SNOW: WIND :SUNSHINE: SKY :PK WND
================================================================================
1 2 3 4 5 6A 6B 7 8 9 10 11 12 13 14 15 16 17 18
12Z AVG MX 2MIN
DY MAX MIN AVG DEP HDD CDD WTR SNW DPTH SPD SPD DIR MIN PSBL S-S WX SPD DR
================================================================================
1 86 71 79 1 0 14 1.04 M M 2.3 12 290 M M 7 1 21 270
2 85 68 77 -1 0 12 T M M 1.6 10 310 M M 3 1 17 30
3 82 58 70 -8 0 5 0.00 M M 1.8 9 80 M M 1 17 100
4 85 59 72 -6 0 7 0.00 M M 0.0 7 260 M M 1 1 13 260
5 92 67 80 1 0 15 0.00 M M 1.0 7 80 M M 2 18 13 80
6 92 68 80 1 0 15 0.00 M M 1.5 7 270 M M 1 13 250
7 80 70 75 -4 0 10 0.07 M M 0.8 8 270 M M 5 1 13 190
8 88 70 79 0 0 14 T M M 1.4 8 260 M M 6 14 200
9 89 73 81 2 0 16 T M M 2.2 8 260 M M 3 M M
10 88 71 80 1 0 15 0.41 M M 1.7 13 280 M M 7 1 20 280
11 88 70 79 0 0 14 0.81 M M 2.0 15 260 M M 7 1 30 280
12 85 70 78 -1 0 13 T M M 2.2 9 260 M M 6 21 200
13 85 71 78 -1 0 13 0.00 M M 2.5 8 250 M M 6 16 210
14 87 71 79 0 0 14 0.12 M M 1.7 17 280 M M 3 1 30 280
15 91 69 80 1 0 15 0.00 M M 2.0 8 270 M M 4 12 16 270
16 91 70 81 2 0 16 T M M 1.6 10 270 M M 2 17 300
17 85 72 79 0 0 14 T M M 2.4 8 270 M M 4 16 190
18 86 69 78 -1 0 13 1.02 M M 0.9 8 320 M M 7 1 14 310
19 84 70 77 -2 0 12 0.39 M M 1.1 21 100 M M 7 18 30 90
20 88 70 79 0 0 14 0.00 M M 1.2 9 100 M M 0 1 15 70
21 89 64 77 -2 0 12 0.00 M M 1.2 7 280 M M 1 18 10 290
22 89 67 78 -1 0 13 0.00 M M 1.3 6 80 M M 0 18 M M
23 89 67 78 -1 0 13 0.00 M M 0.8 7 340 M M 1 1 13 300
24 92 67 80 1 0 15 0.00 M M 1.5 8 280 M M 1 1 15 250
25 92 71 82 3 0 17 T M M 1.5 8 290 M M 1 1 16 330
26 89 74 82 3 0 17 T M M 1.2 8 50 M M 2 1 14 40
27 95 73 84 5 0 19 0.00 M M 1.4 7 330 M M 4 1 12 80
28 95 71 83 4 0 18 0.00 M M 1.3 8 70 M M 0 15 80
29 94 67 81 2 0 16 0.00 M M 1.5 8 270 M M 0 1 14 200
30 93 71 82 3 0 17 0.06 M M 0.9 10 290 M M 1 1 20 280
31 90 70 80 1 0 15 T M M 1.8 10 260 M M 0 18 20 250
================================================================================
SM 2744 2139 0 433 3.92 M 46.3 M 93
================================================================================
AV 88.5 69.0 1.5 FASTST M M 3 MAX(MPH)
MISC ----> 21 100 # 30 280
================================================================================
NOTES:
# LAST OF SEVERAL OCCURRENCES
COLUMN 17 PEAK WIND IN M.P.H.
PRELIMINARY LOCAL CLIMATOLOGICAL DATA (WS FORM: F-6) , PAGE 2
STATION: OAK RIDGE
MONTH: JULY
YEAR: 2021
LATITUDE: 36 1 N
LONGITUDE: 84 14 W
[TEMPERATURE DATA] [PRECIPITATION DATA] SYMBOLS USED IN COLUMN 16
AVERAGE MONTHLY: 78.8 TOTAL FOR MONTH: 3.92 1 = FOG OR MIST
DPTR FM NORMAL: -0.2 DPTR FM NORMAL: -1.62 2 = FOG REDUCING VISIBILITY
HIGHEST: 95 ON 28,27 GRTST 24HR 1.04 ON 1- 1 TO 1/4 MILE OR LESS
LOWEST: 58 ON 3 3 = THUNDER
SNOW, ICE PELLETS, HAIL 4 = ICE PELLETS
TOTAL MONTH: M 5 = HAIL
GRTST 24HR M ON M 6 = FREEZING RAIN OR DRIZZLE
GRTST DEPTH: M ON M 7 = DUSTSTORM OR SANDSTORM:
VSBY 1/2 MILE OR LESS
8 = SMOKE OR HAZE
[NO. OF DAYS WITH] [WEATHER - DAYS WITH] 9 = BLOWING SNOW
X = TORNADO
MAX 32 OR BELOW: 0 0.01 INCH OR MORE: 8
MAX 90 OR ABOVE: 11 0.10 INCH OR MORE: 6
MIN 32 OR BELOW: 0 0.50 INCH OR MORE: 3
MIN 0 OR BELOW: 0 1.00 INCH OR MORE: 2
[HDD (BASE 65) ]
TOTAL THIS MO. 0 CLEAR (SCALE 0-3) 19
DPTR FM NORMAL 0 PTCLDY (SCALE 4-7) 12
TOTAL FM JUL 1 0 CLOUDY (SCALE 8-10) 0
DPTR FM NORMAL 0
[CDD (BASE 65) ]
TOTAL THIS MO. 433
DPTR FM NORMAL -3 [PRESSURE DATA]
TOTAL FM JAN 1 899 HIGHEST SLP 30.26 ON 14
DPTR FM NORMAL -54 LOWEST SLP 29.84 ON 2
[REMARKS]
#FINAL-07-21#