000
CXUS53 KLOT 010800
CF6ORD
PRELIMINARY LOCAL CLIMATOLOGICAL DATA (WS FORM: F-6)
STATION: CHICAGO-OHARE
MONTH: NOVEMBER
YEAR: 2023
LATITUDE: 41 58 N
LONGITUDE: 87 54 W
TEMPERATURE IN F: :PCPN: SNOW: WIND :SUNSHINE: SKY :PK WND
================================================================================
1 2 3 4 5 6A 6B 7 8 9 10 11 12 13 14 15 16 17 18
12Z AVG MX 2MIN
DY MAX MIN AVG DEP HDD CDD WTR SNW DPTH SPD SPD DIR MIN PSBL S-S WX SPD DR
================================================================================
1 42 29 36 -12 29 0 0.00 0.0 0 8.3 17 250 M M 5 25 240
2 57 35 46 -1 19 0 0.00 0.0 0 11.3 22 210 M M 7 29 190
3 59 47 53 6 12 0 0.01 0.0 0 9.8 18 210 M M 9 28 210
4 60 41 51 5 14 0 0.00 0.0 0 5.4 13 40 M M 4 18 17 10
5 62 38 50 4 15 0 0.00 0.0 0 7.3 16 190 M M 5 128 23 200
6 69 55 62 17 3 0 0.00 0.0 0 14.9 24 260 M M 7 37 180
7 56 41 49 4 16 0 0.00 0.0 0 9.9 18 60 M M 8 25 60
8 56 47 52 8 13 0 0.08 0.0 0 9.9 18 310 M M 10 1 27 330
9 56 40 48 4 17 0 0.00 0.0 0 10.3 24 270 M M 3 36 270
10 47 35 41 -3 24 0 0.00 0.0 0 8.2 16 310 M M 5 24 290
11 51 30 41 -2 24 0 0.00 0.0 0 4.3 14 170 M M 4 18 170
12 57 42 50 7 15 0 0.00 0.0 0 11.5 22 180 M M 4 29 180
13 63 38 51 9 14 0 0.00 0.0 0 7.8 16 300 M M 0 23 280
14 61 32 47 5 18 0 0.00 0.0 0 6.1 18 230 M M 1 26 220
15 64 43 54 13 11 0 0.00 0.0 0 7.2 15 230 M M 3 8 22 230
16 66 44 55 14 10 0 T 0.0 0 11.8 28 190 M M 7 41 180
17 60 34 47 7 18 0 0.01 0.0 0 9.4 21 360 M M 5 1 27 340
18 53 31 42 2 23 0 0.00 0.0 0 8.1 17 240 M M 0 26 220
19 54 35 45 5 20 0 0.00 0.0 0 6.4 14 60 M M 4 20 60
20 50 42 46 7 19 0 0.15 0.0 0 13.4 22 70 M M 10 1 31 80
21 44 36 40 1 25 0 0.44 0.0 0 10.1 20 330 M M 9 1 25 330
22 46 34 40 2 25 0 0.00 0.0 0 9.0 16 220 M M 5 23 240
23 48 32 40 2 25 0 0.00 0.0 0 10.2 16 220 M M 4 23 200
24 34 25 30 -8 35 0 0.00 0.0 0 11.4 21 360 M M 8 28 10
25 39 24 32 -5 33 0 0.00 0.0 0 3.3 9 340 M M 7 12 350
26 33 28 31 -6 34 0 0.17 1.8 1 6.8 23 270 M M 9 1 38 260
27 29 18 24 -12 41 0 T T 1 12.6 20 260 M M 7 31 260
28 24 14 19 -17 46 0 T T 0 10.1 18 320 M M 5 1 25 320
29 40 20 30 -6 35 0 0.00 0.0 0 10.1 17 240 M M 3 26 230
30 51 32 42 7 23 0 T 0.0 0 9.6 21 230 M M 7 8 34 220
================================================================================
SM 1531 1042 656 0 0.86 1.8 274.5 M 165
================================================================================
AV 51.0 34.7 9.2 FASTST M M 6 MAX(MPH)
MISC ----> 28 190 41 180
================================================================================
NOTES:
# LAST OF SEVERAL OCCURRENCES
COLUMN 17 PEAK WIND IN M.P.H.
PRELIMINARY LOCAL CLIMATOLOGICAL DATA (WS FORM: F-6) , PAGE 2
STATION: CHICAGO-OHARE
MONTH: NOVEMBER
YEAR: 2023
LATITUDE: 41 58 N
LONGITUDE: 87 54 W
[TEMPERATURE DATA] [PRECIPITATION DATA] SYMBOLS USED IN COLUMN 16
AVERAGE MONTHLY: 42.9 TOTAL FOR MONTH: 0.86 1 = FOG OR MIST
DPTR FM NORMAL: 1.6 DPTR FM NORMAL: -1.56 2 = FOG REDUCING VISIBILITY
HIGHEST: 69 ON 6 GRTST 24HR 0.59 ON 20-21 TO 1/4 MILE OR LESS
LOWEST: 14 ON 28 3 = THUNDER
SNOW, ICE PELLETS, HAIL 4 = ICE PELLETS
TOTAL MONTH: 2.7 INCHES 5 = HAIL
GRTST 24HR 1.8 ON 26-26 6 = FREEZING RAIN OR DRIZZLE
GRTST DEPTH: 1 ON 27,26 7 = DUSTSTORM OR SANDSTORM:
VSBY 1/2 MILE OR LESS
8 = SMOKE OR HAZE
[NO. OF DAYS WITH] [WEATHER - DAYS WITH] 9 = BLOWING SNOW
X = TORNADO
MAX 32 OR BELOW: 2 0.01 INCH OR MORE: 6
MAX 90 OR ABOVE: 0 0.10 INCH OR MORE: 3
MIN 32 OR BELOW: 12 0.50 INCH OR MORE: 0
MIN 0 OR BELOW: 0 1.00 INCH OR MORE: 0
[HDD (BASE 65) ]
TOTAL THIS MO. 656 CLEAR (SCALE 0-3) 5
DPTR FM NORMAL -57 PTCLDY (SCALE 4-7) 20
TOTAL FM JUL 1 964 CLOUDY (SCALE 8-10) 5
DPTR FM NORMAL -187
[CDD (BASE 65) ]
TOTAL THIS MO. 0
DPTR FM NORMAL 0 [PRESSURE DATA]
TOTAL FM JAN 1 1145 HIGHEST SLP M ON M
DPTR FM NORMAL 142 LOWEST SLP 29.60 ON 8
[REMARKS]
#FINAL-11-23#