000
CXUS51 KAKQ 010710
CF6ORF
PRELIMINARY LOCAL CLIMATOLOGICAL DATA (WS FORM: F-6)
STATION: NORFOLK VA
MONTH: MARCH
YEAR: 2023
LATITUDE: 36 54 N
LONGITUDE: 76 12 W
TEMPERATURE IN F: :PCPN: SNOW: WIND :SUNSHINE: SKY :PK WND
================================================================================
1 2 3 4 5 6A 6B 7 8 9 10 11 12 13 14 15 16 17 18
12Z AVG MX 2MIN
DY MAX MIN AVG DEP HDD CDD WTR SNW DPTH SPD SPD DIR MIN PSBL S-S WX SPD DR
================================================================================
1 56 44 50 3 15 0 0.00 0.0 0 5.9 15 70 M M 4 19 70
2 66 48 57 10 8 0 0.40 0.0 0 6.0 16 190 M M 4 13 20 240
3 70 49 60 13 5 0 0.15 0.0 0 12.6 29 180 M M 7 1 39 190
4 71 51 61 13 4 0 0.00 0.0 0 14.3 30 200 M M 1 44 180
5 64 45 55 7 10 0 0.00 0.0 0 5.9 17 350 M M 0 25 350
6 57 42 50 2 15 0 0.00 0.0 0 8.2 15 30 M M 0 19 160
7 61 47 54 6 11 0 0.00 0.0 0 14.1 28 360 M M 0 38 360
8 50 37 44 -4 21 0 0.00 0.0 0 13.2 25 350 M M 0 35 10
9 52 38 45 -4 20 0 0.00 0.0 0 9.1 20 20 M M 0 24 10
10 53 37 45 -4 20 0 T 0.0 0 7.0 18 210 M M 7 18 23 220
11 51 42 47 -2 18 0 0.00 0.0 0 12.8 22 340 M M 3 35 320
12 46 40 43 -7 22 0 0.08 0.0 0 7.5 17 30 M M 7 1 22 350
13 47 42 45 -5 20 0 0.60 0.0 0 9.9 18 360 M M 9 1 23 350
14 50 36 43 -7 22 0 0.00 0.0 0 11.0 18 310 M M 2 31 320
15 53 34 44 -6 21 0 0.00 0.0 0 10.0 20 350 M M 0 28 310
16 62 35 49 -1 16 0 0.00 0.0 0 6.6 16 210 M M 0 20 210
17 73 46 60 9 5 0 T 0.0 0 17.0 30 230 M M 4 40 220
18 62 44 53 2 12 0 0.16 0.0 0 9.3 24 10 M M 6 1 30 220
19 48 40 44 -7 21 0 0.00 0.0 0 9.3 20 10 M M 0 25 10
20 44 33 39 -13 26 0 0.00 0.0 0 6.7 15 30 M M 0 18 30
21 58 30 44 -8 21 0 0.00 0.0 0 5.6 14 90 M M 0 19 130
22 65 43 54 2 11 0 T 0.0 0 6.9 18 230 M M 4 23 230
23 81 51 66 14 0 1 0.00 0.0 0 16.4 28 210 M M 2 35 220
24 79 48 64 11 1 0 T 0.0 0 14.2 24 40 M M 2 8 32 70
25 79 48 64 11 1 0 T 0.0 0 13.5 30 210 M M 5 1 35 220
26 68 51 60 7 5 0 T 0.0 0 7.0 16 30 M M 2 20 240
27 75 51 63 9 2 0 0.05 0.0 0 8.3 20 210 M M 6 1 25 210
28 57 47 52 -2 13 0 0.23 0.0 0 6.3 13 70 M M 5 1 15 70
29 56 45 51 -3 14 0 0.25 0.0 0 9.1 22 30 M M 3 1 28 20
30 51 42 47 -8 18 0 0.00 0.0 0 11.2 23 30 M M 0 29 30
31 74 41 58 3 7 0 0.08 0.0 0 14.7 31 210 M M 3 1 43 210
================================================================================
SM 1879 1327 405 1 2.00 0.0 309.6 M 86
================================================================================
AV 60.6 42.8 10.0 FASTST M M 3 MAX(MPH)
MISC ----> 31 210 44 180
================================================================================
NOTES:
# LAST OF SEVERAL OCCURRENCES
COLUMN 17 PEAK WIND IN M.P.H.
PRELIMINARY LOCAL CLIMATOLOGICAL DATA (WS FORM: F-6) , PAGE 2
STATION: NORFOLK VA
MONTH: MARCH
YEAR: 2023
LATITUDE: 36 54 N
LONGITUDE: 76 12 W
[TEMPERATURE DATA] [PRECIPITATION DATA] SYMBOLS USED IN COLUMN 16
AVERAGE MONTHLY: 51.7 TOTAL FOR MONTH: 2.00 1 = FOG OR MIST
DPTR FM NORMAL: 1.0 DPTR FM NORMAL: -1.69 2 = FOG REDUCING VISIBILITY
HIGHEST: 81 ON 23 GRTST 24HR 0.68 ON 12-13 TO 1/4 MILE OR LESS
LOWEST: 30 ON 21 3 = THUNDER
SNOW, ICE PELLETS, HAIL 4 = ICE PELLETS
TOTAL MONTH: 0.0 INCH 5 = HAIL
GRTST 24HR 0.0 6 = FREEZING RAIN OR DRIZZLE
GRTST DEPTH: 0 7 = DUSTSTORM OR SANDSTORM:
VSBY 1/2 MILE OR LESS
8 = SMOKE OR HAZE
[NO. OF DAYS WITH] [WEATHER - DAYS WITH] 9 = BLOWING SNOW
X = TORNADO
MAX 32 OR BELOW: 0 0.01 INCH OR MORE: 9
MAX 90 OR ABOVE: 0 0.10 INCH OR MORE: 6
MIN 32 OR BELOW: 1 0.50 INCH OR MORE: 1
MIN 0 OR BELOW: 0 1.00 INCH OR MORE: 0
[HDD (BASE 65) ]
TOTAL THIS MO. 405 CLEAR (SCALE 0-3) 16
DPTR FM NORMAL -48 PTCLDY (SCALE 4-7) 14
TOTAL FM JUL 1 2447 CLOUDY (SCALE 8-10) 1
DPTR FM NORMAL -366
[CDD (BASE 65) ]
TOTAL THIS MO. 1
DPTR FM NORMAL -8 [PRESSURE DATA]
TOTAL FM JAN 1 13 HIGHEST SLP M ON M
DPTR FM NORMAL 2 LOWEST SLP 29.35 ON 4
[REMARKS]
#FINAL-03-23#