000
CXUS52 KMLB 010626
CF6ORL
PRELIMINARY LOCAL CLIMATOLOGICAL DATA (WS FORM: F-6)
STATION: ORLANDO EXEC
MONTH: OCTOBER
YEAR: 2021
LATITUDE: 28 32 N
LONGITUDE: 81 20 W
TEMPERATURE IN F: :PCPN: SNOW: WIND :SUNSHINE: SKY :PK WND
================================================================================
1 2 3 4 5 6A 6B 7 8 9 10 11 12 13 14 15 16 17 18
12Z AVG MX 2MIN
DY MAX MIN AVG DEP HDD CDD WTR SNW DPTH SPD SPD DIR MIN PSBL S-S WX SPD DR
================================================================================
1 91 70 81 1 0 16 0.00 0.0 0 6.9 18 80 M M 2 23 60
2 89 72 81 1 0 16 0.00 0.0 0 7.9 16 100 M M 2 21 120
3 89 72 81 1 0 16 T 0.0 0 5.8 15 70 M M 3 18 90
4 89 71 80 1 0 15 T 0.0 0 5.3 17 110 M M 2 20 100
5 90 70 80 1 0 15 0.00 0.0 0 6.6 15 100 M M 2 18 100
6 90 74 82 3 0 17 0.00 0.0 0 5.2 10 80 M M 1 14 30
7 94 72 83 4 0 18 T 0.0 0 4.2 16 100 M M 2 3 20 100
8 90 73 82 4 0 17 0.42 0.0 0 5.6 23 360 M M 3 13 31 340
9 88 71 80 2 0 15 0.00 0.0 0 5.8 14 20 M M 2 21 360
10 88 71 80 2 0 15 0.04 0.0 0 6.9 20 20 M M 1 26 40
11 87 71 79 1 0 14 0.85 0.0 0 5.4 21 130 M M 3 1 26 130
12 89 71 80 2 0 15 T 0.0 0 5.6 16 60 M M 2 19 50
13 88 73 81 4 0 16 0.00 0.0 0 6.0 16 80 M M 1 19 40
14 88 73 81 4 0 16 0.00 0.0 0 5.0 14 70 M M 3 1 18 80
15 90 72 81 4 0 16 0.00 0.0 0 4.2 15 70 M M 1 17 70
16 88 71 80 4 0 15 0.00 0.0 0 2.2 10 150 M M 4 14 300
17 84 67 76 0 0 11 0.00 0.0 0 9.5 17 20 M M 4 21 60
18 82 63 73 -3 0 8 0.00 0.0 0 8.0 16 80 M M 1 21 50
19 82 66 74 -2 0 9 0.00 0.0 0 6.9 18 70 M M 1 22 70
20 84 63 74 -1 0 9 0.00 0.0 0 6.4 17 70 M M 1 29 120
21 85 66 76 1 0 11 0.00 0.0 0 5.9 12 70 M M 1 16 70
22 89 67 78 3 0 13 0.00 0.0 0 2.7 15 100 M M 1 18 100
23 89 70 80 5 0 15 0.00 0.0 0 5.4 14 70 M M 0 18 80
24 86 72 79 5 0 14 0.71 0.0 0 6.0 23 80 M M 4 13 26 80
25 85 75 80 6 0 15 0.26 0.0 0 8.0 20 230 M M 5 13 24 240
26 87 69 78 4 0 13 0.00 0.0 0 11.2 23 300 M M 3 31 290
27 82 61 72 -2 0 7 0.00 0.0 0 4.5 13 270 M M 0 17 270
28 82 65 74 1 0 9 0.28 0.0 0 8.4 22 280 M M 6 13 28 270
29 82 65 74 1 0 9 0.03 0.0 0 11.0 31 250 M M 6 42 260
30 73 61 67 -6 0 2 0.01 0.0 0 7.4 22 290 M M 7 28 290
31 72 59 66 -6 0 1 0.00 0.0 0 6.9 16 290 M M 4 21 280
================================================================================
SM 2672 2136 0 398 2.60 0.0 196.8 M 78
================================================================================
AV 86.2 68.9 6.3 FASTST M M 3 MAX(MPH)
MISC ----> 31 250 42 260
================================================================================
NOTES:
# LAST OF SEVERAL OCCURRENCES
COLUMN 17 PEAK WIND IN M.P.H.
PRELIMINARY LOCAL CLIMATOLOGICAL DATA (WS FORM: F-6) , PAGE 2
STATION: ORLANDO EXEC
MONTH: OCTOBER
YEAR: 2021
LATITUDE: 28 32 N
LONGITUDE: 81 20 W
[TEMPERATURE DATA] [PRECIPITATION DATA] SYMBOLS USED IN COLUMN 16
AVERAGE MONTHLY: 77.5 TOTAL FOR MONTH: 2.60 1 = FOG OR MIST
DPTR FM NORMAL: 1.1 DPTR FM NORMAL: -0.64 2 = FOG REDUCING VISIBILITY
HIGHEST: 94 ON 7 GRTST 24HR 0.89 ON 24-25 TO 1/4 MILE OR LESS
LOWEST: 59 ON 31 3 = THUNDER
SNOW, ICE PELLETS, HAIL 4 = ICE PELLETS
TOTAL MONTH: 0.0 INCH 5 = HAIL
GRTST 24HR 0.0 6 = FREEZING RAIN OR DRIZZLE
GRTST DEPTH: 0 7 = DUSTSTORM OR SANDSTORM:
VSBY 1/2 MILE OR LESS
8 = SMOKE OR HAZE
[NO. OF DAYS WITH] [WEATHER - DAYS WITH] 9 = BLOWING SNOW
X = TORNADO
MAX 32 OR BELOW: 0 0.01 INCH OR MORE: 8
MAX 90 OR ABOVE: 6 0.10 INCH OR MORE: 5
MIN 32 OR BELOW: 0 0.50 INCH OR MORE: 2
MIN 0 OR BELOW: 0 1.00 INCH OR MORE: 0
[HDD (BASE 65) ]
TOTAL THIS MO. 0 CLEAR (SCALE 0-3) 21
DPTR FM NORMAL -4 PTCLDY (SCALE 4-7) 10
TOTAL FM JUL 1 0 CLOUDY (SCALE 8-10) 0
DPTR FM NORMAL 0
[CDD (BASE 65) ]
TOTAL THIS MO. 398
DPTR FM NORMAL 42 [PRESSURE DATA]
TOTAL FM JAN 1 3798 HIGHEST SLP M ON M
DPTR FM NORMAL 342 LOWEST SLP 29.65 ON 29
[REMARKS]
#FINAL-10-21#