000
CXUS56 KMFR 011030
CF6OTH
PRELIMINARY LOCAL CLIMATOLOGICAL DATA (WS FORM: F-6)
STATION: NORTH BEND OR
MONTH: FEBRUARY
YEAR: 2023
LATITUDE: 43 25 N
LONGITUDE: 124 15 W
TEMPERATURE IN F: :PCPN: SNOW: WIND :SUNSHINE: SKY :PK WND
================================================================================
1 2 3 4 5 6A 6B 7 8 9 10 11 12 13 14 15 16 17 18
12Z AVG MX 2MIN
DY MAX MIN AVG DEP HDD CDD WTR SNW DPTH SPD SPD DIR MIN PSBL S-S WX SPD DR
================================================================================
1 56 31 44 -4 21 0 0.00 M M 8.1 15 240 M M 0 18 240
2 49 34 42 -6 23 0 0.00 M M 6.8 13 140 M M 1 14 110
3 56 38 47 -1 18 0 0.06 M M 13.4 31 220 M M 10 40 210
4 57 44 51 3 14 0 0.14 M M 6.6 16 150 M M 5 20 150
5 51 42 47 -1 18 0 0.53 M M 10.4 35 220 M M 10 1 45 220
6 52 39 46 -2 19 0 T M M 6.2 10 270 M M 8 12 140
7 52 41 47 -1 18 0 0.10 M M 8.5 20 220 M M 10 12 24 210
8 52 37 45 -3 20 0 T M M 4.3 9 140 M M 5 128 10 130
9 60 36 48 0 17 0 0.11 M M 9.2 22 210 M M 2 30 230
10 52 44 48 0 17 0 0.46 M M 8.1 24 360 M M 9 1 30 10
11 51 35 43 -5 22 0 0.00 M M 10.6 26 360 M M 2 30 10
12 53 32 43 -5 22 0 T M M 4.7 16 350 M M 4 12 M M
13 49 42 46 -2 19 0 0.13 M M 14.0 31 330 M M 9 1 39 340
14 47 32 40 -8 25 0 0.15 M M 13.9 38 280 M M 6 1 44 280
15 54 29 42 -6 23 0 0.00 M M 6.5 13 150 M M 0 16 90
16 50 34 42 -6 23 0 0.00 M M 5.9 17 160 M M 5 20 160
17 55 33 44 -4 21 0 0.00 M M 7.8 23 350 M M 0 1 26 340
18 53 37 45 -3 20 0 T M M 6.6 15 340 M M 7 1 17 360
19 53 34 44 -4 21 0 0.00 M M 8.0 25 360 M M 1 1 30 360
20 50 36 43 -5 22 0 0.10 M M 5.5 10 280 M M 7 1 M M
21 49 39 44 -4 21 0 0.25 M M 17.2 30 310 M M 9 1 37 320
22 42 33 38 -10 27 0 0.23 M M 13.5 25 310 M M 9 1 39 310
23 36 32 34 -14 31 0 0.38 M M 10.5 25 270 M M 9 1 32 280
24 47 28 38 -10 27 0 0.00 M M 6.8 14 40 M M 1 16 30
25 47 29 38 -10 27 0 0.00 M M 6.3 17 330 M M 1 20 330
26 48 38 43 -5 22 0 0.45 M M 12.7 29 290 M M 9 1 33 200
27 44 36 40 -8 25 0 0.70 M M 15.3 26 290 M M 9 1 41 290
28 45 33 39 -9 26 0 0.80 M M 8.7 24 260 M M 9 12 32 270
================================================================================
SM 1410 998 609 0 4.59 M 256.1 M 157
================================================================================
AV 50.4 35.6 9.1 FASTST M M 6 MAX(MPH)
MISC ----> 38 280 45 220
================================================================================
NOTES:
# LAST OF SEVERAL OCCURRENCES
COLUMN 17 PEAK WIND IN M.P.H.
PRELIMINARY LOCAL CLIMATOLOGICAL DATA (WS FORM: F-6) , PAGE 2
STATION: NORTH BEND OR
MONTH: FEBRUARY
YEAR: 2023
LATITUDE: 43 25 N
LONGITUDE: 124 15 W
[TEMPERATURE DATA] [PRECIPITATION DATA] SYMBOLS USED IN COLUMN 16
AVERAGE MONTHLY: 43.0 TOTAL FOR MONTH: 4.59 1 = FOG OR MIST
DPTR FM NORMAL: -4.6 DPTR FM NORMAL: -2.40 2 = FOG REDUCING VISIBILITY
HIGHEST: 60 ON 9 GRTST 24HR 0.82 ON 27-28 TO 1/4 MILE OR LESS
LOWEST: 28 ON 24 3 = THUNDER
SNOW, ICE PELLETS, HAIL 4 = ICE PELLETS
TOTAL MONTH: M 5 = HAIL
GRTST 24HR M ON M 6 = FREEZING RAIN OR DRIZZLE
GRTST DEPTH: M ON M 7 = DUSTSTORM OR SANDSTORM:
VSBY 1/2 MILE OR LESS
8 = SMOKE OR HAZE
[NO. OF DAYS WITH] [WEATHER - DAYS WITH] 9 = BLOWING SNOW
X = TORNADO
MAX 32 OR BELOW: 0 0.01 INCH OR MORE: 15
MAX 90 OR ABOVE: 0 0.10 INCH OR MORE: 13
MIN 32 OR BELOW: 7 0.50 INCH OR MORE: 3
MIN 0 OR BELOW: 0 1.00 INCH OR MORE: 0
[HDD (BASE 65) ]
TOTAL THIS MO. 609 CLEAR (SCALE 0-3) 9
DPTR FM NORMAL 120 PTCLDY (SCALE 4-7) 8
TOTAL FM JUL 1 2959 CLOUDY (SCALE 8-10) 11
DPTR FM NORMAL 99
[CDD (BASE 65) ]
TOTAL THIS MO. 0
DPTR FM NORMAL 0 [PRESSURE DATA]
TOTAL FM JAN 1 0 HIGHEST SLP 30.04 ON 25
DPTR FM NORMAL 0 LOWEST SLP 29.42 ON 27
[REMARKS]
#FINAL-02-23#