000
CXAK56 PAFG 011720
CF6OTZ
PRELIMINARY LOCAL CLIMATOLOGICAL DATA (WS FORM: F-6)
STATION: KOTZEBUE AK
MONTH: NOVEMBER
YEAR: 2023
LATITUDE: 66 52 N
LONGITUDE: 162 38 W
TEMPERATURE IN F: :PCPN: SNOW: WIND :SUNSHINE: SKY :PK WND
================================================================================
1 2 3 4 5 6A 6B 7 8 9 10 11 12 13 14 15 16 17 18
12Z AVG MX 2MIN
DY MAX MIN AVG DEP HDD CDD WTR SNW DPTH SPD SPD DIR MIN PSBL S-S WX SPD DR
================================================================================
1 32 26 29 11 36 0 0.02 M M 2.9 12 360 M M 9 12 15 180
2 27 17 22 5 43 0 0.00 M M 7.7 15 80 M M 0 20 60
3 20 12 16 0 49 0 0.00 M M 9.8 15 20 M M 3 20 10
4 16 11 14 -2 51 0 0.00 M M 8.9 18 60 M M 4 25 60
5 16 13 15 0 50 0 0.11 M M 5.2 10 10 M M 9 1 12 10
6 16 9 13 -2 52 0 0.02 M M 8.2 12 80 M M 10 1 15 80
7 19 6 13 -1 52 0 T M M 5.2 12 20 M M 9 1 14 20
8 22 7 15 1 50 0 0.00 M M 8.9 20 40 M M 6 27 40
9 26 18 22 9 43 0 0.04 M M 10.9 26 60 M M 7 18 35 70
10 23 16 20 7 45 0 0.03 M M 8.5 21 60 M M 9 1 28 60
11 17 5 11 -1 54 0 T M M 7.3 18 100 M M 4 1 21 100
12 21 8 15 3 50 0 0.44 M M 30.0 48 100 M M 9 129 M 50
13 30 20 25 14 40 0 0.00 M M 18.5 22 190 M M 7 39 210
14 26 19 23 12 42 0 0.03 M M 10.5 23 240 M M 10 1 29 240
15 22 16 19 9 46 0 0.16 M M 19.8 29 360 M M 10 1 36 360
16 16 6 11 1 54 0 T M M 23.0 36 350 M M 3 189 45 340
17 19 -1 9 -1 56 0 T M M 5.8 13 130 M M 5 1 15 220
18 21 7 14 5 51 0 T M M 13.1 21 240 M M 9 1 26 220
19 22 15 19 10 46 0 0.02 M M 13.6 24 120 M M 10 1 30 120
20 18 7 13 5 52 0 T M M 24.4 29 120 M M 7 1 35 120
21 14 5 10 2 55 0 0.00 M M 17.3 28 100 M M 0 34 100
22 16 5 11 3 54 0 T M M 15.0 24 110 M M 6 1 29 110
23 22 17 20 12 45 0 0.00 M M 7.7 15 80 M M 10 1 18 70
24 29 22 26 19 39 0 0.00 M M 13.6 22 100 M M 5 1 28 100
25 28 23 26 19 39 0 0.00 M M 18.3 25 110 M M 5 31 100
26 29 15 22 15 43 0 0.00 M M 13.6 23 100 M M 3 29 90
27 23 15 19 13 46 0 0.01 M M 16.4 23 110 M M 5 1 28 120
28 26 17 22 16 43 0 T M M 16.4 25 120 M M 8 1 32 110
29 23 10 17 11 48 0 0.00 M M 7.0 17 360 M M 6 12 22 360
30 17 1 9 3 56 0 0.00 M M 8.0 16 10 M M 2 1 21 360
================================================================================
SM 656 367 1430 0 0.88 M 375.5 M 190
================================================================================
AV 21.9 12.2 12.5 FASTST M M 6 MAX(MPH)
MISC ----> 48 100 45 340
================================================================================
NOTES:
# LAST OF SEVERAL OCCURRENCES
COLUMN 17 PEAK WIND IN M.P.H.
PRELIMINARY LOCAL CLIMATOLOGICAL DATA (WS FORM: F-6) , PAGE 2
STATION: KOTZEBUE AK
MONTH: NOVEMBER
YEAR: 2023
LATITUDE: 66 52 N
LONGITUDE: 162 38 W
[TEMPERATURE DATA] [PRECIPITATION DATA] SYMBOLS USED IN COLUMN 16
AVERAGE MONTHLY: 17.1 TOTAL FOR MONTH: 0.88 1 = FOG OR MIST
DPTR FM NORMAL: 6.2 DPTR FM NORMAL: 0.06 2 = FOG REDUCING VISIBILITY
HIGHEST: 32 ON 1 GRTST 24HR 0.44 ON 11-12 TO 1/4 MILE OR LESS
LOWEST: -1 ON 17 3 = THUNDER
SNOW, ICE PELLETS, HAIL 4 = ICE PELLETS
TOTAL MONTH: M 5 = HAIL
GRTST 24HR M ON M 6 = FREEZING RAIN OR DRIZZLE
GRTST DEPTH: M ON M 7 = DUSTSTORM OR SANDSTORM:
VSBY 1/2 MILE OR LESS
8 = SMOKE OR HAZE
[NO. OF DAYS WITH] [WEATHER - DAYS WITH] 9 = BLOWING SNOW
X = TORNADO
MAX 32 OR BELOW: 30 0.01 INCH OR MORE: 10
MAX 90 OR ABOVE: 0 0.10 INCH OR MORE: 3
MIN 32 OR BELOW: 30 0.50 INCH OR MORE: 0
MIN 0 OR BELOW: 1 1.00 INCH OR MORE: 0
[HDD (BASE 65) ]
TOTAL THIS MO. 1430 CLEAR (SCALE 0-3) 6
DPTR FM NORMAL -197 PTCLDY (SCALE 4-7) 13
TOTAL FM JUL 1 3843 CLOUDY (SCALE 8-10) 11
DPTR FM NORMAL -326
[CDD (BASE 65) ]
TOTAL THIS MO. 0
DPTR FM NORMAL 0 [PRESSURE DATA]
TOTAL FM JAN 1 3 HIGHEST SLP 30.14 ON 3
DPTR FM NORMAL -3 LOWEST SLP 28.80 ON 15
[REMARKS]
#FINAL-11-23#