000
CXUS56 KLOX 181156
CF6OXR
PRELIMINARY LOCAL CLIMATOLOGICAL DATA (WS FORM: F-6)
STATION: OXNARD AIRPORT CA
MONTH: APRIL
YEAR: 2024
LATITUDE: 34 12 N
LONGITUDE: 119 12 W
TEMPERATURE IN F: :PCPN: SNOW: WIND :SUNSHINE: SKY :PK WND
================================================================================
1 2 3 4 5 6A 6B 7 8 9 10 11 12 13 14 15 16 17 18
12Z AVG MX 2MIN
DY MAX MIN AVG DEP HDD CDD WTR SNW DPTH SPD SPD DIR MIN PSBL S-S WX SPD DR
================================================================================
1 65 50 58 0 7 0 0.00 M M 8.6 21 280 M M 2 27 280
2 67 48 58 0 7 0 0.00 M M 5.9 14 260 M M 0 19 260
3 64 50 57 -1 8 0 0.00 M M 8.4 20 270 M M 1 23 260
4 61 47 54 -4 11 0 0.06 M M 10.1 26 270 M M 7 1 34 290
5 59 44 52 -6 13 0 0.12 M M 14.3 35 280 M M 3 1 45 270
6 59 42 51 -7 14 0 0.00 M M 7.8 15 260 M M 0 22 250
7 61 46 54 -4 11 0 0.00 M M 6.3 16 260 M M 1 20 260
8 66 44 55 -3 10 0 0.00 M M 7.7 21 280 M M 0 25 300
9 79 51 65 7 0 0 0.00 M M 7.5 17 290 M M 0 21 280
10 73 52 63 5 2 0 0.00 M M 5.7 12 210 M M 1 12 17 210
11 63 53 58 0 7 0 0.00 M M 5.4 12 280 M M 7 12 20 170
12 63 53 58 0 7 0 0.00 M M 8.4 14 140 M M 10 1 21 150
13 63 47 55 -3 10 0 0.26 M M 9.2 24 290 M M 8 1 36 140
14 59 47 53 -5 12 0 0.67 M M 6.5 14 150 M M 7 1 20 170
15 64 46 55 -3 10 0 0.00 M M 5.7 15 270 M M 1 19 260
16 70 50 60 2 5 0 0.00 M M 6.4 15 270 M M 0 M M
17 64 52 58 -1 7 0 0.00 M M 3.9 10 240 M M 1 1 14 210
================================================================================
SM 1100 822 141 0 1.11 M 127.8 M 49
================================================================================
AV 64.7 48.4 7.5 FASTST M M 3 MAX(MPH)
MISC ----> 35 280 45 270
================================================================================
NOTES:
# LAST OF SEVERAL OCCURRENCES
COLUMN 17 PEAK WIND IN M.P.H.
PRELIMINARY LOCAL CLIMATOLOGICAL DATA (WS FORM: F-6) , PAGE 2
STATION: OXNARD AIRPORT CA
MONTH: APRIL
YEAR: 2024
LATITUDE: 34 12 N
LONGITUDE: 119 12 W
[TEMPERATURE DATA] [PRECIPITATION DATA] SYMBOLS USED IN COLUMN 16
AVERAGE MONTHLY: 56.5 TOTAL FOR MONTH: 1.11 1 = FOG OR MIST
DPTR FM NORMAL: -1.5 DPTR FM NORMAL: 0.63 2 = FOG REDUCING VISIBILITY
HIGHEST: 79 ON 9 GRTST 24HR 0.92 ON 13-14 TO 1/4 MILE OR LESS
LOWEST: 42 ON 6 3 = THUNDER
SNOW, ICE PELLETS, HAIL 4 = ICE PELLETS
TOTAL MONTH: M 5 = HAIL
GRTST 24HR M ON M 6 = FREEZING RAIN OR DRIZZLE
GRTST DEPTH: M ON M 7 = DUSTSTORM OR SANDSTORM:
VSBY 1/2 MILE OR LESS
8 = SMOKE OR HAZE
[NO. OF DAYS WITH] [WEATHER - DAYS WITH] 9 = BLOWING SNOW
X = TORNADO
MAX 32 OR BELOW: 0 0.01 INCH OR MORE: 4
MAX 90 OR ABOVE: 0 0.10 INCH OR MORE: 3
MIN 32 OR BELOW: 0 0.50 INCH OR MORE: 1
MIN 0 OR BELOW: 0 1.00 INCH OR MORE: 0
[HDD (BASE 65) ]
TOTAL THIS MO. 141 CLEAR (SCALE 0-3) 11
DPTR FM NORMAL 22 PTCLDY (SCALE 4-7) 4
TOTAL FM JUL 1 1268 CLOUDY (SCALE 8-10) 2
DPTR FM NORMAL -170
[CDD (BASE 65) ]
TOTAL THIS MO. 0
DPTR FM NORMAL 0 [PRESSURE DATA]
TOTAL FM JAN 1 4 HIGHEST SLP M ON M
DPTR FM NORMAL -13 LOWEST SLP 29.83 ON 1
[REMARKS]