000
CXUS56 KLOX 011155
CF6OXR
PRELIMINARY LOCAL CLIMATOLOGICAL DATA (WS FORM: F-6)
STATION: OXNARD AIRPORT CA
MONTH: MARCH
YEAR: 2023
LATITUDE: 34 12 N
LONGITUDE: 119 12 W
TEMPERATURE IN F: :PCPN: SNOW: WIND :SUNSHINE: SKY :PK WND
================================================================================
1 2 3 4 5 6A 6B 7 8 9 10 11 12 13 14 15 16 17 18
12Z AVG MX 2MIN
DY MAX MIN AVG DEP HDD CDD WTR SNW DPTH SPD SPD DIR MIN PSBL S-S WX SPD DR
================================================================================
1 54 41 48 -9 17 0 0.22 M M 15.4 30 280 M M 5 1 39 290
2 60 37 49 -8 16 0 0.00 M M 4.9 12 250 M M 0 15 40
3 57 39 48 -9 17 0 0.00 M M 5.8 13 260 M M 0 18 250
4 56 41 49 -8 16 0 0.00 M M 8.6 20 270 M M 4 25 280
5 57 44 51 -6 14 0 0.08 M M 5.7 12 230 M M 8 1 20 250
6 57 43 50 -7 15 0 0.03 M M 6.6 17 270 M M 3 1 25 250
7 57 42 50 -7 15 0 0.00 M M 8.1 21 270 M M 0 24 290
8 57 41 49 -8 16 0 0.00 M M 8.1 17 270 M M 1 22 270
9 63 44 54 -3 11 0 T M M 4.2 12 220 M M 3 21 200
10 56 49 53 -4 12 0 1.48 M M 8.1 14 60 M M 10 1 18 60
11 63 55 59 2 6 0 0.07 M M 4.1 13 180 M M 10 1 18 190
12 61 53 57 0 8 0 0.00 M M 6.6 15 250 M M 9 12 20 260
13 60 53 57 -1 8 0 0.00 M M 3.5 12 250 M M 10 1 17 270
14 57 54 56 -2 9 0 1.87 M M 6.4 15 120 M M 10 1 22 120
15 58 53 56 -2 9 0 0.65 M M 8.9 24 270 M M 8 1 29 270
16 58 49 54 -4 11 0 0.00 M M 4.6 13 270 M M 9 17 250
17 60 46 53 -5 12 0 0.00 M M 5.8 15 270 M M 0 18 290
18 73 44 59 1 6 0 0.00 M M 5.2 16 90 M M 0 1 20 180
19 61 53 57 -1 8 0 0.02 M M 6.1 16 130 M M 10 1 24 140
20 58 51 55 -3 10 0 0.33 M M 7.4 13 250 M M 9 1 21 250
21 59 46 53 -5 12 0 1.03 M M 8.3 21 80 M M 9 18 29 190
22 57 43 50 -8 15 0 0.41 M M 5.0 12 240 M M 8 1 16 250
23 59 47 53 -5 12 0 0.05 M M 12.3 30 270 M M 4 1 37 260
24 60 42 51 -7 14 0 0.00 M M 7.0 22 270 M M 0 28 280
25 60 41 51 -7 14 0 0.00 M M 8.9 18 310 M M 0 26 310
26 59 38 49 -9 16 0 0.00 M M 5.8 18 270 M M 0 24 290
27 69 43 56 -2 9 0 0.00 M M 10.5 25 80 M M 0 34 80
28 59 43 51 -7 14 0 0.11 M M 7.3 18 280 M M 2 1 26 280
29 58 47 53 -5 12 0 0.48 M M 10.7 22 260 M M 6 1 27 280
30 56 43 50 -8 15 0 0.16 M M 6.6 15 280 M M 5 1 22 280
31 59 43 51 -7 14 0 0.00 M M 8.1 14 270 M M 0 18 290
================================================================================
SM 1838 1408 383 0 6.99 M 224.6 M 143
================================================================================
AV 59.3 45.4 7.2 FASTST M M 5 MAX(MPH)
MISC ----> # 30 280 39 290
================================================================================
NOTES:
# LAST OF SEVERAL OCCURRENCES
COLUMN 17 PEAK WIND IN M.P.H.
PRELIMINARY LOCAL CLIMATOLOGICAL DATA (WS FORM: F-6) , PAGE 2
STATION: OXNARD AIRPORT CA
MONTH: MARCH
YEAR: 2023
LATITUDE: 34 12 N
LONGITUDE: 119 12 W
[TEMPERATURE DATA] [PRECIPITATION DATA] SYMBOLS USED IN COLUMN 16
AVERAGE MONTHLY: 52.4 TOTAL FOR MONTH: 6.99 1 = FOG OR MIST
DPTR FM NORMAL: -5.0 DPTR FM NORMAL: 4.69 2 = FOG REDUCING VISIBILITY
HIGHEST: 73 ON 18 GRTST 24HR 2.45 ON 14-15 TO 1/4 MILE OR LESS
LOWEST: 37 ON 2 3 = THUNDER
SNOW, ICE PELLETS, HAIL 4 = ICE PELLETS
TOTAL MONTH: M 5 = HAIL
GRTST 24HR M ON M 6 = FREEZING RAIN OR DRIZZLE
GRTST DEPTH: M ON M 7 = DUSTSTORM OR SANDSTORM:
VSBY 1/2 MILE OR LESS
8 = SMOKE OR HAZE
[NO. OF DAYS WITH] [WEATHER - DAYS WITH] 9 = BLOWING SNOW
X = TORNADO
MAX 32 OR BELOW: 0 0.01 INCH OR MORE: 15
MAX 90 OR ABOVE: 0 0.10 INCH OR MORE: 10
MIN 32 OR BELOW: 0 0.50 INCH OR MORE: 4
MIN 0 OR BELOW: 0 1.00 INCH OR MORE: 3
[HDD (BASE 65) ]
TOTAL THIS MO. 383 CLEAR (SCALE 0-3) 12
DPTR FM NORMAL 144 PTCLDY (SCALE 4-7) 8
TOTAL FM JUL 1 1678 CLOUDY (SCALE 8-10) 11
DPTR FM NORMAL 350
[CDD (BASE 65) ]
TOTAL THIS MO. 0
DPTR FM NORMAL -5 [PRESSURE DATA]
TOTAL FM JAN 1 1 HIGHEST SLP 30.28 ON 24
DPTR FM NORMAL -16 LOWEST SLP 29.60 ON 21
[REMARKS]
#FINAL-03-23#