000
CXUS55 KRIW 011110
CF6P60
PRELIMINARY LOCAL CLIMATOLOGICAL DATA (WS FORM: F-6)
STATION: LAKE YELLOWSTONE WY
MONTH: DECEMBER
YEAR: 2022
LATITUDE: 44 32 N
LONGITUDE: 110 25 W
TEMPERATURE IN F: :PCPN: SNOW: WIND :SUNSHINE: SKY :PK WND
================================================================================
1 2 3 4 5 6A 6B 7 8 9 10 11 12 13 14 15 16 17 18
12Z AVG MX 2MIN
DY MAX MIN AVG DEP HDD CDD WTR SNW DPTH SPD SPD DIR MIN PSBL S-S WX SPD DR
================================================================================
1 26 21 24 8 41 0 0.94 M M 2.4 9 230 M M 0 24 220
2 24 5 15 0 50 0 0.30 M M 5.8 16 280 M M 0 29 270
3 22 -8 7 -8 58 0 0.01 M M 1.8 6 310 M M 0 9 180
4 28 -4 12 -3 53 0 0.23 M M 1.4 13 280 M M 0 23 270
5 25 16 21 6 44 0 0.04 M M 5.4 13 280 M M 0 25 260
6 21 15 18 4 47 0 0.02 M M 7.6 17 270 M M 0 36 290
7 23 0 12 -2 53 0 0.01 M M 2.9 10 260 M M 0 22 220
8 17 -1 8 -6 57 0 0.01 M M 2.4 8 260 M M 0 16 250
9 21 -4 9 -5 56 0 0.03 M M 3.9 15 280 M M 0 28 240
10 26 4 15 2 50 0 0.00 M M 2.8 7 260 M M 0 16 240
11 29 8 19 6 46 0 0.04 M M 2.1 7 220 M M 0 15 210
12 29 13 21 8 44 0 0.08 M M 1.7 7 80 M M 0 13 80
13 25 1 13 0 52 0 0.01 M M 1.8 8 340 M M 0 19 300
14 19 9 14 1 51 0 0.02 M M 3.0 10 310 M M 0 19 320
15 15 -6 5 -8 60 0 0.00 M M 1.8 13 290 M M 0 26 250
16 15 -15 0 -12 65 0 0.00 M M 1.9 8 270 M M 0 15 270
17 11 0 6 -6 59 0 0.00 M M 1.2 8 270 M M 0 14 280
18 20 -5 8 -4 57 0 0.00 M M 2.6 8 240 M M 0 18 220
19 16 9 13 1 52 0 0.01 M M 5.5 13 280 M M 0 26 230
20 21 14 18 6 47 0 0.08 M M 5.0 14 240 M M 0 32 250
21 19 -25 -3 -15 68 0 0.17 M M 6.5 16 270 M M 0 30 210
22 -8 -36 -22 -34 87 0 0.00 M M 2.3 6 310 M M 0 10 120
23 20 -12 4 -8 61 0 0.03 M M 0.1 6 270 M M 0 12 280
24 29 17 23 11 42 0 0.07 M M 0.7 7 270 M M 0 11 260
25 31 22 27 15 38 0 0.12 M M 4.0 12 280 M M 0 24 290
26 34 22 28 16 37 0 0.19 M M 1.5 8 250 M M 0 17 270
27 33 23 28 16 37 0 0.60 M M 4.3 15 260 M M 0 33 190
28 26 15 21 9 44 0 0.03 M M 3.5 12 270 M M 0 23 280
29 19 10 15 3 50 0 0.01 M M 0.7 10 280 M M 0 19 250
30 23 11 17 5 48 0 0.06 M M 0.5 13 270 M M 0 23 270
31 29 9 19 7 46 0 0.08 M M 1.9 12 290 M M 0 20 270
================================================================================
SM 688 128 1600 0 3.19 M 89.0 M 0
================================================================================
AV 22.2 4.1 2.9 FASTST M M 0 MAX(MPH)
MISC ----> 17 270 36 290
================================================================================
NOTES:
# LAST OF SEVERAL OCCURRENCES
COLUMN 17 PEAK WIND IN M.P.H.
PRELIMINARY LOCAL CLIMATOLOGICAL DATA (WS FORM: F-6) , PAGE 2
STATION: LAKE YELLOWSTONE WY
MONTH: DECEMBER
YEAR: 2022
LATITUDE: 44 32 N
LONGITUDE: 110 25 W
[TEMPERATURE DATA] [PRECIPITATION DATA] SYMBOLS USED IN COLUMN 16
AVERAGE MONTHLY: 13.2 TOTAL FOR MONTH: 3.19 1 = FOG OR MIST
DPTR FM NORMAL: 0.2 DPTR FM NORMAL: 0.84 2 = FOG REDUCING VISIBILITY
HIGHEST: 34 ON 26 GRTST 24HR 1.12 ON 1- 2 TO 1/4 MILE OR LESS
LOWEST: -36 ON 22 3 = THUNDER
SNOW, ICE PELLETS, HAIL 4 = ICE PELLETS
TOTAL MONTH: M 5 = HAIL
GRTST 24HR M ON M 6 = FREEZING RAIN OR DRIZZLE
GRTST DEPTH: M ON M 7 = DUSTSTORM OR SANDSTORM:
VSBY 1/2 MILE OR LESS
8 = SMOKE OR HAZE
[NO. OF DAYS WITH] [WEATHER - DAYS WITH] 9 = BLOWING SNOW
X = TORNADO
MAX 32 OR BELOW: 29 0.01 INCH OR MORE: 25
MAX 90 OR ABOVE: 0 0.10 INCH OR MORE: 7
MIN 32 OR BELOW: 31 0.50 INCH OR MORE: 2
MIN 0 OR BELOW: 12 1.00 INCH OR MORE: 0
[HDD (BASE 65) ]
TOTAL THIS MO. 1600 CLEAR (SCALE 0-3) 31
DPTR FM NORMAL -12 PTCLDY (SCALE 4-7) 0
TOTAL FM JUL 1 4820 CLOUDY (SCALE 8-10) 0
DPTR FM NORMAL -299
[CDD (BASE 65) ]
TOTAL THIS MO. 0
DPTR FM NORMAL 0 [PRESSURE DATA]
TOTAL FM JAN 1 0 HIGHEST SLP 30.88 ON 22
DPTR FM NORMAL 0 LOWEST SLP 29.36 ON 27
[REMARKS]
#FINAL-12-22#