000
CXUS56 KLKN 011310
CF6P68
PRELIMINARY LOCAL CLIMATOLOGICAL DATA (WS FORM: F-6)
STATION: EUREKA AIRPORT NV
MONTH: JANUARY
YEAR: 2024
LATITUDE: 39 30 N
LONGITUDE: 115 58 W
TEMPERATURE IN F: :PCPN: SNOW: WIND :SUNSHINE: SKY :PK WND
================================================================================
1 2 3 4 5 6A 6B 7 8 9 10 11 12 13 14 15 16 17 18
12Z AVG MX 2MIN
DY MAX MIN AVG DEP HDD CDD WTR SNW DPTH SPD SPD DIR MIN PSBL S-S WX SPD DR
================================================================================
1 47 13 30 5 35 0 0.00 M M 3.9 9 180 M M M 11 190
2 48 13 31 6 34 0 0.00 M M 5.5 15 140 M M M 22 130
3 37 27 32 7 33 0 0.21 M M 4.9 18 170 M M M 25 140
4 33 8 21 -4 44 0 0.03 M M 5.4 15 20 M M M 19 20
5 34 2 18 -7 47 0 0.05 M M 7.2 18 340 M M M 26 340
6 32 5 19 -6 46 0 0.16 M M 6.9 25 260 M M M 36 240
7 26 6 16 -9 49 0 0.05 M M 5.8 18 350 M M M 23 350
8 25 -7 9 -16 56 0 0.00 M M 3.8 12 200 M M M 14 210
9 44 5 25 -1 40 0 0.00 M M 11.0 30 260 M M M 43 260
10 39 10 25 -1 40 0 0.21 M M 10.7 38 260 M M M 61 260
11 28 1 15 -11 50 0 0.00 M M 6.0 18 260 M M M 24 290
12 38 14 26 0 39 0 0.00 M M 10.9 23 260 M M M 38 290
13 40 27 34 8 31 0 0.30 M M 5.8 23 260 M M M 31 270
14 43 21 32 6 33 0 0.10 M M 9.1 31 250 M M M 41 240
15 39 11 25 -1 40 0 0.00 M M 3.8 9 200 M M M 11 210
16 40 12 26 0 39 0 0.00 M M 4.5 13 120 M M M 20 130
17 43 22 33 7 32 0 0.08 M M 5.1 15 40 M M M 22 310
18 46 16 31 5 34 0 0.00 M M 3.3 9 200 M M M 11 190
19 46 22 34 8 31 0 0.00 M M 6.5 21 160 M M M 28 140
20 46 34 40 14 25 0 0.00 M M 12.1 23 160 M M M 30 150
21 46 31 39 13 26 0 0.00 M M 5.6 21 150 M M M 27 160
22 40 33 37 11 28 0 0.05 M M 5.7 18 190 M M M 24 190
23 40 28 34 8 31 0 0.07 M M 2.8 13 330 M M M 19 330
24 36 24 30 4 35 0 0.03 M M 2.8 9 200 M M M 13 220
25 39 19 29 3 36 0 0.30 M M 4.8 18 320 M M M 32 320
26 39 15 27 1 38 0 0.00 M M 3.6 9 170 M M M 12 190
27 51 28 40 14 25 0 0.00 M M 2.2 8 210 M M M 10 230
28 59 26 43 16 22 0 0.00 M M 4.4 9 200 M M M 12 200
29 59 27 43 16 22 0 0.00 M M 4.4 9 20 M M M 11 30
30 59 27 43 16 22 0 0.00 M M 5.1 17 140 M M M 20 140
31 56 31 44 17 21 0 0.00 M M 14.7 30 160 M M M 42 150
================================================================================
SM 1298 551 1084 0 1.64 M 188.3 M M
================================================================================
AV 41.9 17.8 6.1 FASTST M M M MAX(MPH)
MISC ----> 38 260 61 260
================================================================================
NOTES:
# LAST OF SEVERAL OCCURRENCES
COLUMN 17 PEAK WIND IN M.P.H.
PRELIMINARY LOCAL CLIMATOLOGICAL DATA (WS FORM: F-6) , PAGE 2
STATION: EUREKA AIRPORT NV
MONTH: JANUARY
YEAR: 2024
LATITUDE: 39 30 N
LONGITUDE: 115 58 W
[TEMPERATURE DATA] [PRECIPITATION DATA] SYMBOLS USED IN COLUMN 16
AVERAGE MONTHLY: 29.8 TOTAL FOR MONTH: 1.64 1 = FOG OR MIST
DPTR FM NORMAL: 3.9 DPTR FM NORMAL: 0.84 2 = FOG REDUCING VISIBILITY
HIGHEST: 59 ON 30,29 GRTST 24HR 0.55 ON 22-23 TO 1/4 MILE OR LESS
LOWEST: -7 ON 8 3 = THUNDER
SNOW, ICE PELLETS, HAIL 4 = ICE PELLETS
TOTAL MONTH: M 5 = HAIL
GRTST 24HR M ON M 6 = FREEZING RAIN OR DRIZZLE
GRTST DEPTH: M ON M 7 = DUSTSTORM OR SANDSTORM:
VSBY 1/2 MILE OR LESS
8 = SMOKE OR HAZE
[NO. OF DAYS WITH] [WEATHER - DAYS WITH] 9 = BLOWING SNOW
X = TORNADO
MAX 32 OR BELOW: 4 0.01 INCH OR MORE: 13
MAX 90 OR ABOVE: 0 0.10 INCH OR MORE: 6
MIN 32 OR BELOW: 29 0.50 INCH OR MORE: 0
MIN 0 OR BELOW: 1 1.00 INCH OR MORE: 0
[HDD (BASE 65) ]
TOTAL THIS MO. 1084 CLEAR (SCALE 0-3) 0
DPTR FM NORMAL -128 PTCLDY (SCALE 4-7) 0
TOTAL FM JUL 1 3678 CLOUDY (SCALE 8-10) 31
DPTR FM NORMAL -449
[CDD (BASE 65) ]
TOTAL THIS MO. 0
DPTR FM NORMAL 0 [PRESSURE DATA]
TOTAL FM JAN 1 0 HIGHEST SLP 30.51 ON 8
DPTR FM NORMAL 0 LOWEST SLP 29.47 ON 10
[REMARKS]
#FINAL-01-24#