000
CXUS54 KLZK 011130
CF6PBF
PRELIMINARY LOCAL CLIMATOLOGICAL DATA (WS FORM: F-6)
STATION: Pine Bluff
MONTH: SEPTEMBER
YEAR: 2020
LATITUDE: 34 10 N
LONGITUDE: 91 56 W
TEMPERATURE IN F: :PCPN: SNOW: WIND :SUNSHINE: SKY :PK WND
================================================================================
1 2 3 4 5 6A 6B 7 8 9 10 11 12 13 14 15 16 17 18
12Z AVG MX 2MIN
DY MAX MIN AVG DEP HDD CDD WTR SNW DPTH SPD SPD DIR MIN PSBL S-S WX SPD DR
================================================================================
1 89 73 81 2 0 16 0.08 0.0 0 6.2 18 290 M M 4 13 25 290
2 88 73 81 2 0 16 0.39 0.0 0 6.3 20 200 M M 3 13 26 190
3 84 74 79 1 0 14 0.26 0.0 0 5.4 12 290 M M 4 1 16 280
4 89 72 81 3 0 16 0.00 0.0 0 3.9 12 30 M M 0 17 50
5 83 65 74 -4 0 9 0.00 0.0 0 2.7 10 30 M M 0 1 13 30
6 89 61 75 -3 0 10 0.00 0.0 0 1.9 9 200 M M 0 1 11 230
7 89 64 77 0 0 12 0.00 0.0 0 3.1 13 200 M M 0 1 16 190
8 90 66 78 1 0 13 0.00 0.0 0 4.2 9 110 M M 0 1 12 150
9 92 68 80 3 0 15 0.00 0.0 0 4.7 10 100 M M 1 1 14 50
10 92 68 80 4 0 15 T 0.0 0 2.7 13 280 M M 2 1 19 310
11 91 69 80 4 0 15 0.00 0.0 0 4.1 10 60 M M 1 16 40
12 91 71 81 5 0 16 0.01 0.0 0 5.1 22 60 M M 2 13 26 60
13 87 71 79 4 0 14 T 0.0 0 6.9 15 80 M M 5 1 22 70
14 87 70 79 4 0 14 0.00 0.0 0 11.5 18 20 M M 4 24 20
15 88 67 78 4 0 13 0.00 0.0 0 8.5 14 50 M M 1 8 20 360
16 87 71 79 5 0 14 T 0.0 0 7.5 16 20 M M 4 1 22 20
17 85 67 76 2 0 11 0.00 0.0 0 7.6 17 10 M M 1 18 26 330
18 81 63 72 -1 0 7 0.00 0.0 0 11.1 17 20 M M 1 8 23 10
19 78 56 67 -6 0 2 0.00 0.0 0 9.1 18 30 M M 0 8 24 40
20 84 56 70 -3 0 5 0.00 0.0 0 8.5 18 60 M M 1 8 23 50
21 75 61 68 -4 0 3 0.02 0.0 0 7.1 14 40 M M 4 8 17 40
22 67 61 64 -8 1 0 2.40 0.0 0 8.8 15 30 M M 9 1 21 30
23 65 61 63 -9 2 0 1.15 0.0 0 9.0 14 30 M M 10 1 20 30
24 66 60 63 -8 2 0 0.04 0.0 0 8.0 17 20 M M 10 1 21 20
25 72 63 68 -3 0 3 0.00 0.0 0 2.2 7 310 M M 10 1 9 330
26 74 57 66 -4 0 1 0.00 0.0 0 2.8 12 210 M M 7 12 14 210
27 85 57 71 1 0 6 0.00 0.0 0 4.2 9 160 M M 4 12 M M
28 75 56 66 -4 0 1 0.26 0.0 0 11.5 32 360 M M 1 13 42 10
29 74 47 61 -8 4 0 0.00 0.0 0 5.9 21 310 M M 0 31 300
30 83 50 67 -2 0 2 0.00 0.0 0 6.1 16 190 M M 0 21 200
================================================================================
SM 2480 1918 9 263 4.61 0.0 186.6 M 89
================================================================================
AV 82.7 63.9 6.2 FASTST M M 3 MAX(MPH)
MISC ----> # 32 360 # 42 10
================================================================================
NOTES:
# LAST OF SEVERAL OCCURRENCES
COLUMN 17 PEAK WIND IN M.P.H.
PRELIMINARY LOCAL CLIMATOLOGICAL DATA (WS FORM: F-6) , PAGE 2
STATION: Pine Bluff
MONTH: SEPTEMBER
YEAR: 2020
LATITUDE: 34 10 N
LONGITUDE: 91 56 W
[TEMPERATURE DATA] [PRECIPITATION DATA] SYMBOLS USED IN COLUMN 16
AVERAGE MONTHLY: 73.3 TOTAL FOR MONTH: 4.61 1 = FOG OR MIST
DPTR FM NORMAL: -0.8 DPTR FM NORMAL: 1.92 2 = FOG REDUCING VISIBILITY
HIGHEST: 92 ON 10, 9 GRTST 24HR 2.40 ON 22-22 TO 1/4 MILE OR LESS
LOWEST: 47 ON 29 3 = THUNDER
SNOW, ICE PELLETS, HAIL 4 = ICE PELLETS
TOTAL MONTH: 0.0 INCH 5 = HAIL
GRTST 24HR 0.0 6 = FREEZING RAIN OR DRIZZLE
GRTST DEPTH: 0 7 = DUSTSTORM OR SANDSTORM:
VSBY 1/2 MILE OR LESS
8 = SMOKE OR HAZE
[NO. OF DAYS WITH] [WEATHER - DAYS WITH] 9 = BLOWING SNOW
X = TORNADO
MAX 32 OR BELOW: 0 0.01 INCH OR MORE: 9
MAX 90 OR ABOVE: 5 0.10 INCH OR MORE: 5
MIN 32 OR BELOW: 0 0.50 INCH OR MORE: 2
MIN 0 OR BELOW: 0 1.00 INCH OR MORE: 2
[HDD (BASE 65) ]
TOTAL THIS MO. 9 CLEAR (SCALE 0-3) 18
DPTR FM NORMAL -2 PTCLDY (SCALE 4-7) 8
TOTAL FM JUL 1 9 CLOUDY (SCALE 8-10) 4
DPTR FM NORMAL -2
[CDD (BASE 65) ]
TOTAL THIS MO. 263
DPTR FM NORMAL -23 [PRESSURE DATA]
TOTAL FM JAN 1 1883 HIGHEST SLP 30.30 ON 5
DPTR FM NORMAL -161 LOWEST SLP 29.72 ON 28
[REMARKS]
ALL SNOWFALL DATA IS FROM THE PINE BLUFF WATER PLANT SITE
#FINAL-09-20#