000
CXUS54 KLZK 011130
CF6PBF
PRELIMINARY LOCAL CLIMATOLOGICAL DATA (WS FORM: F-6)
STATION: Pine Bluff
MONTH: MARCH
YEAR: 2020
LATITUDE: 34 10 N
LONGITUDE: 91 56 W
TEMPERATURE IN F: :PCPN: SNOW: WIND :SUNSHINE: SKY :PK WND
================================================================================
1 2 3 4 5 6A 6B 7 8 9 10 11 12 13 14 15 16 17 18
12Z AVG MX 2MIN
DY MAX MIN AVG DEP HDD CDD WTR SNW DPTH SPD SPD DIR MIN PSBL S-S WX SPD DR
================================================================================
1 71 49 60 10 5 0 T 0.0 0 15.0 26 190 M M 5 34 180
2 73 59 66 16 0 1 0.23 0.0 0 12.0 25 200 M M 5 13 34 210
3 66 54 60 10 5 0 0.01 0.0 0 5.4 14 340 M M 5 138 17 340
4 58 50 54 3 11 0 0.13 0.0 0 6.5 18 330 M M 7 1 24 330
5 71 48 60 9 5 0 0.05 M 0 8.4 17 340 M M 2 25 340
6 62 41 52 1 13 0 0.00 0.0 0 8.5 21 330 M M 0 26 330
7 61 32 47 -5 18 0 0.00 0.0 0 4.1 12 90 M M 0 15 110
8 69 35 52 0 13 0 0.00 0.0 0 6.7 18 170 M M 0 24 190
9 64 52 58 6 7 0 0.40 0.0 0 13.2 24 170 M M 7 1 30 180
10 66 49 58 5 7 0 T 0.0 0 7.7 17 220 M M 5 23 220
11 69 48 59 6 6 0 0.02 0.0 0 4.6 24 330 M M 5 35 310
12 77 56 67 14 0 2 0.89 0.0 0 9.2 23 200 M M 7 123 30 200
13 64 48 56 2 9 0 0.73 0.0 0 11.4 23 20 M M 10 1 27 50
14 68 46 57 3 8 0 0.03 0.0 0 9.0 23 10 M M 10 29 360
15 49 44 47 -7 18 0 0.31 0.0 0 12.2 18 10 M M 10 13 24 30
16 49 42 46 -8 19 0 0.04 0.0 0 4.7 15 40 M M 10 1 20 40
17 57 48 53 -2 12 0 0.00 0.0 0 5.8 13 40 M M 9 12 16 40
18 71 51 61 6 4 0 0.12 0.0 0 5.5 17 190 M M 8 1 22 200
19 79 64 72 17 0 7 0.03 0.0 0 12.4 24 190 M M 5 3 30 180
20 73 49 61 5 4 0 0.01 0.0 0 10.9 21 20 M M 7 3 27 270
21 51 45 48 -8 17 0 0.00 0.0 0 10.2 20 10 M M 7 24 10
22 51 46 49 -7 16 0 0.28 0.0 0 5.7 13 70 M M 8 1 25 80
23 62 49 56 0 9 0 0.18 M 0 5.9 14 360 M M 10 1 18 360
24 79 56 68 11 0 3 0.12 0.0 0 8.4 21 210 M M 8 123 27 210
25 67 51 59 2 6 0 0.00 0.0 0 7.1 13 20 M M 5 16 80
26 88 54 71 14 0 6 0.00 0.0 0 9.6 20 200 M M 0 1 25 200
27 82 68 75 17 0 10 0.00 0.0 0 10.5 22 180 M M 2 28 170
28 82 55 69 11 0 4 0.20 0.0 0 11.8 28 200 M M 4 1 33 200
29 72 50 61 3 4 0 0.00 0.0 0 4.1 10 10 M M 0 8 15 360
30 60 52 56 -2 9 0 1.04 0.0 0 4.9 14 70 M M 7 1 M M
31 64 50 57 -2 8 0 0.44 0.0 0 10.0 29 20 M M 5 1 37 10
================================================================================
SM 2075 1541 233 33 5.26 0.0 261.4 M 173
================================================================================
AV 66.9 49.7 8.4 FASTST M M 6 MAX(MPH)
MISC ----> # 29 20 # 37 10
================================================================================
NOTES:
# LAST OF SEVERAL OCCURRENCES
COLUMN 17 PEAK WIND IN M.P.H.
PRELIMINARY LOCAL CLIMATOLOGICAL DATA (WS FORM: F-6) , PAGE 2
STATION: Pine Bluff
MONTH: MARCH
YEAR: 2020
LATITUDE: 34 10 N
LONGITUDE: 91 56 W
[TEMPERATURE DATA] [PRECIPITATION DATA] SYMBOLS USED IN COLUMN 16
AVERAGE MONTHLY: 58.3 TOTAL FOR MONTH: 5.26 1 = FOG OR MIST
DPTR FM NORMAL: 3.9 DPTR FM NORMAL: -0.14 2 = FOG REDUCING VISIBILITY
HIGHEST: 88 ON 26 GRTST 24HR 1.04 ON 30-30 TO 1/4 MILE OR LESS
LOWEST: 32 ON 7 3 = THUNDER
SNOW, ICE PELLETS, HAIL 4 = ICE PELLETS
TOTAL MONTH: 0.0 INCH 5 = HAIL
GRTST 24HR 0.0 6 = FREEZING RAIN OR DRIZZLE
GRTST DEPTH: 0 7 = DUSTSTORM OR SANDSTORM:
VSBY 1/2 MILE OR LESS
8 = SMOKE OR HAZE
[NO. OF DAYS WITH] [WEATHER - DAYS WITH] 9 = BLOWING SNOW
X = TORNADO
MAX 32 OR BELOW: 0 0.01 INCH OR MORE: 20
MAX 90 OR ABOVE: 0 0.10 INCH OR MORE: 13
MIN 32 OR BELOW: 1 0.50 INCH OR MORE: 3
MIN 0 OR BELOW: 0 1.00 INCH OR MORE: 1
[HDD (BASE 65) ]
TOTAL THIS MO. 233 CLEAR (SCALE 0-3) 7
DPTR FM NORMAL -114 PTCLDY (SCALE 4-7) 16
TOTAL FM JUL 1 2536 CLOUDY (SCALE 8-10) 8
DPTR FM NORMAL -199
[CDD (BASE 65) ]
TOTAL THIS MO. 33
DPTR FM NORMAL 16 [PRESSURE DATA]
TOTAL FM JAN 1 34 HIGHEST SLP 30.56 ON 7
DPTR FM NORMAL 14 LOWEST SLP 29.65 ON 27
[REMARKS]
ALL SNOWFALL DATA IS FROM THE PINE BLUFF WATER PLANT SITE
#FINAL-03-20#