000
CXUS51 KBTV 010700
CF6PBG
PRELIMINARY LOCAL CLIMATOLOGICAL DATA (WS FORM: F-6)
STATION: PLATTSBURGH NY
MONTH: AUGUST
YEAR: 2022
LATITUDE: 44 39 N
LONGITUDE: 73 28 W
TEMPERATURE IN F: :PCPN: SNOW: WIND :SUNSHINE: SKY :PK WND
================================================================================
1 2 3 4 5 6A 6B 7 8 9 10 11 12 13 14 15 16 17 18
12Z AVG MX 2MIN
DY MAX MIN AVG DEP HDD CDD WTR SNW DPTH SPD SPD DIR MIN PSBL S-S WX SPD DR
================================================================================
1 85 59 72 2 0 7 0.00 M M 4.6 15 140 M M 1 18 140
2 81 58 70 0 0 5 0.10 M M 5.2 16 340 M M 6 1 20 320
3 82 53 68 -2 0 3 0.00 M M 5.4 15 150 M M 0 19 140
4 80 61 71 1 0 6 0.06 M M 1.9 7 150 M M 3 1 9 150
5 79 65 72 3 0 7 0.04 M M 4.4 14 10 M M 5 13 16 350
6 90 62 76 7 0 11 0.00 M M 4.3 15 170 M M 2 21 150
7 95 69 82 13 0 17 0.00 M M 3.2 14 360 M M 2 19 280
8 74 63 69 0 0 4 0.18 M M 6.0 16 360 M M 7 1 21 350
9 67 60 64 -5 1 0 0.01 M M 9.5 20 360 M M 10 24 360
10 75 61 68 -1 0 3 0.00 M M 2.4 13 150 M M 7 16 150
11 79 55 67 -2 0 2 0.20 M M 5.0 15 140 M M 3 1 19 130
12 72 54 63 -5 2 0 0.00 M M 6.7 20 340 M M 6 25 340
13 75 50 63 -5 2 0 0.00 M M 3.8 13 30 M M 2 17 360
14 78 47 63 -5 2 0 0.00 M M 3.4 12 130 M M 0 13 150
15 80 49 65 -3 0 0 0.00 M M 3.3 10 50 M M 0 14 40
16 82 52 67 -1 0 2 0.00 M M 3.5 21 40 M M 1 26 40
17 81 57 69 1 0 4 T M M 8.0 17 30 M M 1 23 10
18 78 60 69 1 0 4 0.08 M M 6.0 16 330 M M 10 20 340
19 87 60 74 7 0 9 0.00 M M 4.2 13 140 M M 3 17 320
20 87 55 71 4 0 6 0.00 M M 3.7 12 130 M M 0 1 15 140
21 85 62 74 7 0 9 T M M 4.9 23 150 M M 3 3 28 150
22 81 65 73 6 0 8 0.01 M M 4.4 16 130 M M 6 1 21 130
23 74 65 70 3 0 5 0.44 M M 2.4 10 120 M M 8 13 12 130
24 81 63 72 6 0 7 0.04 M M 2.7 9 120 M M 4 1 13 90
25 75 61 68 2 0 3 0.00 M M 7.4 14 40 M M 6 19 40
26 76 59 68 2 0 3 0.15 M M 4.6 15 360 M M 8 13 18 350
27 73 54 64 -2 1 0 T M M 4.1 10 360 M M 6 1 20 220
28 81 50 66 0 0 1 0.00 M M 3.3 14 130 M M 1 1 16 120
29 86 59 73 8 0 8 T M M 7.2 23 140 M M 1 1 29 140
30 87 65 76 11 0 11 1.14 M M 5.0 21 150 M M 4 13 26 160
31 76 57 67 2 0 2 0.12 M M 3.5 13 270 M M 5 1 23 260
================================================================================
SM 2482 1810 8 147 2.57 M 144.0 M 121
================================================================================
AV 80.1 58.4 4.6 FASTST M M 4 MAX(MPH)
MISC ----> # 23 150 29 140
================================================================================
NOTES:
# LAST OF SEVERAL OCCURRENCES
COLUMN 17 PEAK WIND IN M.P.H.
PRELIMINARY LOCAL CLIMATOLOGICAL DATA (WS FORM: F-6) , PAGE 2
STATION: PLATTSBURGH NY
MONTH: AUGUST
YEAR: 2022
LATITUDE: 44 39 N
LONGITUDE: 73 28 W
[TEMPERATURE DATA] [PRECIPITATION DATA] SYMBOLS USED IN COLUMN 16
AVERAGE MONTHLY: 69.2 TOTAL FOR MONTH: 2.57 1 = FOG OR MIST
DPTR FM NORMAL: 1.5 DPTR FM NORMAL: -1.01 2 = FOG REDUCING VISIBILITY
HIGHEST: 95 ON 7 GRTST 24HR 1.18 ON 30-31 TO 1/4 MILE OR LESS
LOWEST: 47 ON 14 3 = THUNDER
SNOW, ICE PELLETS, HAIL 4 = ICE PELLETS
TOTAL MONTH: M 5 = HAIL
GRTST 24HR M ON M 6 = FREEZING RAIN OR DRIZZLE
GRTST DEPTH: M ON M 7 = DUSTSTORM OR SANDSTORM:
VSBY 1/2 MILE OR LESS
8 = SMOKE OR HAZE
[NO. OF DAYS WITH] [WEATHER - DAYS WITH] 9 = BLOWING SNOW
X = TORNADO
MAX 32 OR BELOW: 0 0.01 INCH OR MORE: 13
MAX 90 OR ABOVE: 2 0.10 INCH OR MORE: 7
MIN 32 OR BELOW: 0 0.50 INCH OR MORE: 1
MIN 0 OR BELOW: 0 1.00 INCH OR MORE: 1
[HDD (BASE 65) ]
TOTAL THIS MO. 8 CLEAR (SCALE 0-3) 15
DPTR FM NORMAL -21 PTCLDY (SCALE 4-7) 14
TOTAL FM JUL 1 17 CLOUDY (SCALE 8-10) 2
DPTR FM NORMAL -22
[CDD (BASE 65) ]
TOTAL THIS MO. 147
DPTR FM NORMAL 34 [PRESSURE DATA]
TOTAL FM JAN 1 402 HIGHEST SLP M ON M
DPTR FM NORMAL 45 LOWEST SLP 29.64 ON 30
[REMARKS]
#FINAL-08-22#