000
CXUS51 KBTV 010700
CF6PBG
PRELIMINARY LOCAL CLIMATOLOGICAL DATA (WS FORM: F-6)
STATION: PLATTSBURGH NY
MONTH: MAY
YEAR: 2020
LATITUDE: 44 39 N
LONGITUDE: 73 28 W
TEMPERATURE IN F: :PCPN: SNOW: WIND :SUNSHINE: SKY :PK WND
================================================================================
1 2 3 4 5 6A 6B 7 8 9 10 11 12 13 14 15 16 17 18
12Z AVG MX 2MIN
DY MAX MIN AVG DEP HDD CDD WTR SNW DPTH SPD SPD DIR MIN PSBL S-S WX SPD DR
================================================================================
1 66 45 56 5 9 0 0.02 M M 10.4 20 350 M M 8 30 300
2 63 41 52 1 13 0 0.01 M M 5.7 13 120 M M 2 18 230
3 76 48 62 10 3 0 T M M 6.2 18 300 M M 6 28 240
4 57 42 50 -2 15 0 T M M 9.3 21 320 M M 8 27 320
5 54 36 45 -8 20 0 0.00 M M 8.4 21 10 M M 9 25 20
6 57 35 46 -7 19 0 0.00 M M 4.0 12 40 M M 3 17 20
7 63 33 48 -5 17 0 T M M 7.0 17 260 M M 4 27 270
8 53 32 43 -11 22 0 0.02 M M 6.6 20 10 M M 8 1 28 260
9 42 29 36 -18 29 0 T M M 9.6 26 320 M M 7 18 40 300
10 53 36 45 -9 20 0 T M M 6.7 16 290 M M 7 26 230
11 49 38 44 -11 21 0 0.23 M M 5.8 20 350 M M 9 1 22 360
12 51 35 43 -12 22 0 0.00 M M 9.5 21 350 M M 3 32 320
13 58 34 46 -10 19 0 0.00 M M 9.3 22 340 M M 0 31 330
14 65 36 51 -5 14 0 0.00 M M 6.4 17 140 M M 2 22 140
15 68 49 59 3 6 0 0.50 M M 4.3 29 340 M M 10 1 37 350
16 60 45 53 -3 12 0 0.00 M M 4.3 16 350 M M 9 1 21 350
17 67 38 53 -4 12 0 0.00 M M 4.8 13 30 M M 2 1 18 20
18 66 50 58 1 7 0 0.00 M M 11.8 18 10 M M 3 23 30
19 71 44 58 1 7 0 0.00 M M 5.9 14 350 M M 0 17 350
20 73 38 56 -2 9 0 0.00 M M 3.5 13 130 M M 0 20 130
21 76 38 57 -1 8 0 0.00 M M 6.0 16 140 M M 0 20 130
22 82 41 62 4 3 0 0.00 M M 6.0 16 140 M M 0 25 140
23 76 49 63 5 2 0 0.00 M M 10.6 18 10 M M 0 24 10
24 76 49 63 4 2 0 0.00 M M 11.1 21 150 M M 1 26 150
25 74 55 65 6 0 0 0.00 M M 10.3 21 140 M M 3 26 150
26 86 54 70 11 0 5 0.00 M M 5.5 16 150 M M 1 1 26 150
27 90 59 75 16 0 10 0.00 M M 5.8 18 150 M M 0 1 25 150
28 84 64 74 14 0 9 0.00 M M 10.2 22 150 M M 3 28 160
29 84 63 74 14 0 9 0.52 M M 8.4 23 150 M M 4 13 29 150
30 70 51 61 1 4 0 T M M 7.5 18 330 M M 7 1 25 300
31 54 41 48 -12 17 0 0.01 M M 9.2 20 320 M M 7 27 330
================================================================================
SM 2064 1348 332 33 1.31 M 230.1 M 126
================================================================================
AV 66.6 43.5 7.4 FASTST M M 4 MAX(MPH)
MISC ----> 29 340 40 300
================================================================================
NOTES:
# LAST OF SEVERAL OCCURRENCES
COLUMN 17 PEAK WIND IN M.P.H.
PRELIMINARY LOCAL CLIMATOLOGICAL DATA (WS FORM: F-6) , PAGE 2
STATION: PLATTSBURGH NY
MONTH: MAY
YEAR: 2020
LATITUDE: 44 39 N
LONGITUDE: 73 28 W
[TEMPERATURE DATA] [PRECIPITATION DATA] SYMBOLS USED IN COLUMN 16
AVERAGE MONTHLY: 55.0 TOTAL FOR MONTH: 1.31 1 = FOG OR MIST
DPTR FM NORMAL: -1.2 DPTR FM NORMAL: M 2 = FOG REDUCING VISIBILITY
HIGHEST: 90 ON 27 GRTST 24HR 0.52 ON 29-29 TO 1/4 MILE OR LESS
LOWEST: 29 ON 9 3 = THUNDER
SNOW, ICE PELLETS, HAIL 4 = ICE PELLETS
TOTAL MONTH: M 5 = HAIL
GRTST 24HR M ON M 6 = FREEZING RAIN OR DRIZZLE
GRTST DEPTH: M ON M 7 = DUSTSTORM OR SANDSTORM:
VSBY 1/2 MILE OR LESS
8 = SMOKE OR HAZE
[NO. OF DAYS WITH] [WEATHER - DAYS WITH] 9 = BLOWING SNOW
X = TORNADO
MAX 32 OR BELOW: 0 0.01 INCH OR MORE: 7
MAX 90 OR ABOVE: 1 0.10 INCH OR MORE: 3
MIN 32 OR BELOW: 2 0.50 INCH OR MORE: 2
MIN 0 OR BELOW: 0 1.00 INCH OR MORE: 0
[HDD (BASE 65) ]
TOTAL THIS MO. 332 CLEAR (SCALE 0-3) 16
DPTR FM NORMAL 49 PTCLDY (SCALE 4-7) 10
TOTAL FM JUL 1 7289 CLOUDY (SCALE 8-10) 5
DPTR FM NORMAL -339
[CDD (BASE 65) ]
TOTAL THIS MO. 33
DPTR FM NORMAL 25 [PRESSURE DATA]
TOTAL FM JAN 1 33 HIGHEST SLP M ON M
DPTR FM NORMAL 25 LOWEST SLP 29.55 ON 3
[REMARKS]
#FINAL-05-20#