000
CXUS51 KBTV 010800
CF6PBG
PRELIMINARY LOCAL CLIMATOLOGICAL DATA (WS FORM: F-6)
STATION: PLATTSBURGH NY
MONTH: FEBRUARY
YEAR: 2020
LATITUDE: 44 39 N
LONGITUDE: 73 28 W
TEMPERATURE IN F: :PCPN: SNOW: WIND :SUNSHINE: SKY :PK WND
================================================================================
1 2 3 4 5 6A 6B 7 8 9 10 11 12 13 14 15 16 17 18
12Z AVG MX 2MIN
DY MAX MIN AVG DEP HDD CDD WTR SNW DPTH SPD SPD DIR MIN PSBL S-S WX SPD DR
================================================================================
1 29 24 27 10 38 0 0.00 M M 3.7 9 10 M M 10 18 10 10
2 32 23 28 11 37 0 T M M 2.8 13 140 M M 10 18 16 130
3 41 21 31 14 34 0 T M M 1.9 14 280 M M 8 20 290
4 35 22 29 11 36 0 0.00 M M 1.1 8 330 M M 6 13 310
5 34 12 23 5 42 0 0.00 M M 6.8 17 340 M M 4 23 340
6 23 17 20 2 45 0 0.20 M M 4.4 14 350 M M 10 16 15 350
7 25 15 20 2 45 0 0.54 M M 11.1 23 320 M M 10 1268 35 320
8 16 -10 3 -16 62 0 0.00 M M 5.1 14 300 M M 2 21 300
9 22 -17 3 -16 62 0 T M M 2.3 14 140 M M 4 1 16 160
10 37 18 28 9 37 0 0.01 M M 3.6 13 160 M M 9 12 16 150
11 36 19 28 8 37 0 0.00 M M 1.4 9 310 M M 8 12 12 320
12 38 30 34 14 31 0 T M M 5.8 16 310 M M 5 8 26 290
13 33 10 22 2 43 0 0.03 M M 7.3 22 10 M M 10 16 22 30
14 10 -13 -1 -21 66 0 T M M 6.9 18 20 M M 3 18 22 20
15 24 -17 4 -17 61 0 0.00 M M 8.1 23 150 M M 4 28 160
16 38 24 31 10 34 0 0.00 M M 6.0 18 160 M M 9 20 160
17 35 2 19 -3 46 0 T M M 6.6 17 70 M M 4 22 40
18 41 0 21 -1 44 0 T M M 11.7 30 160 M M 8 18 41 160
19 39 12 26 4 39 0 T M M 9.7 24 300 M M 5 42 280
20 19 -2 9 -14 56 0 T M M 5.4 14 310 M M 6 8 19 320
21 27 -11 8 -15 57 0 0.00 M M 6.3 22 150 M M 1 27 150
22 40 17 29 6 36 0 0.00 M M 6.7 14 210 M M 1 24 220
23 43 23 33 9 32 0 0.00 M M 5.1 17 150 M M 0 21 150
24 51 17 34 10 31 0 0.00 M M 4.5 17 140 M M 0 21 140
25 40 31 36 12 29 0 T M M 4.8 15 350 M M 7 19 350
26 36 28 32 7 33 0 0.01 M M 6.9 16 350 M M 10 1 21 360
27 36 26 31 6 34 0 0.74 M M 5.7 24 290 M M 10 1 39 290
28 30 18 24 -1 41 0 0.01 M M 8.4 16 230 M M 9 18 27 220
29 22 11 17 -9 48 0 T M M 6.3 10 290 M M 9 18 17 280
================================================================================
SM 932 350 1236 0 1.54 M 166.4 M 182
================================================================================
AV 32.1 12.1 5.7 FASTST M M 6 MAX(MPH)
MISC ----> 30 160 42 280
================================================================================
NOTES:
# LAST OF SEVERAL OCCURRENCES
COLUMN 17 PEAK WIND IN M.P.H.
PRELIMINARY LOCAL CLIMATOLOGICAL DATA (WS FORM: F-6) , PAGE 2
STATION: PLATTSBURGH NY
MONTH: FEBRUARY
YEAR: 2020
LATITUDE: 44 39 N
LONGITUDE: 73 28 W
[TEMPERATURE DATA] [PRECIPITATION DATA] SYMBOLS USED IN COLUMN 16
AVERAGE MONTHLY: 22.1 TOTAL FOR MONTH: 1.54 1 = FOG OR MIST
DPTR FM NORMAL: 1.3 DPTR FM NORMAL: M 2 = FOG REDUCING VISIBILITY
HIGHEST: 51 ON 24 GRTST 24HR 0.75 ON 26-27 TO 1/4 MILE OR LESS
LOWEST: -17 ON 15, 9 3 = THUNDER
SNOW, ICE PELLETS, HAIL 4 = ICE PELLETS
TOTAL MONTH: M 5 = HAIL
GRTST 24HR M ON M 6 = FREEZING RAIN OR DRIZZLE
GRTST DEPTH: M ON M 7 = DUSTSTORM OR SANDSTORM:
VSBY 1/2 MILE OR LESS
8 = SMOKE OR HAZE
[NO. OF DAYS WITH] [WEATHER - DAYS WITH] 9 = BLOWING SNOW
X = TORNADO
MAX 32 OR BELOW: 12 0.01 INCH OR MORE: 7
MAX 90 OR ABOVE: 0 0.10 INCH OR MORE: 3
MIN 32 OR BELOW: 29 0.50 INCH OR MORE: 2
MIN 0 OR BELOW: 7 1.00 INCH OR MORE: 0
[HDD (BASE 65) ]
TOTAL THIS MO. 1236 CLEAR (SCALE 0-3) 6
DPTR FM NORMAL 0 PTCLDY (SCALE 4-7) 11
TOTAL FM JUL 1 5356 CLOUDY (SCALE 8-10) 12
DPTR FM NORMAL -333
[CDD (BASE 65) ]
TOTAL THIS MO. 0
DPTR FM NORMAL 0 [PRESSURE DATA]
TOTAL FM JAN 1 0 HIGHEST SLP 30.62 ON 15
DPTR FM NORMAL 0 LOWEST SLP 28.97 ON 7
[REMARKS]
#FINAL-02-20#