000
CXUS53 KARX 010900
CF6PDC
PRELIMINARY LOCAL CLIMATOLOGICAL DATA (WS FORM: F-6)
STATION: PRAIRIE_DU_CHIEN_MUN
MONTH: SEPTEMBER
YEAR: 2022
LATITUDE: 43 1 N
LONGITUDE: 91 7 W
TEMPERATURE IN F: :PCPN: SNOW: WIND :SUNSHINE: SKY :PK WND
================================================================================
1 2 3 4 5 6A 6B 7 8 9 10 11 12 13 14 15 16 17 18
12Z AVG MX 2MIN
DY MAX MIN AVG DEP HDD CDD WTR SNW DPTH SPD SPD DIR MIN PSBL S-S WX SPD DR
================================================================================
1 85 59 72 M 0 7 0.00 0.0 0 3.1 12 200 M M 1 17 180
2 85 65 75 M 0 10 0.13 0.0 0 2.5 10 90 M M 4 16 120
3 75 63 69 M 0 4 0.00 0.0 0 4.0 9 80 M M 9 M M
4 71 57 64 M 1 0 0.00 0.0 0 1.2 7 60 M M 8 M M
5 74 60 67 M 0 2 0.00 0.0 0 0.9 8 100 M M 6 M M
6 78 59 69 M 0 4 0.00 0.0 0 0.2 5 190 M M 6 1 M M
7 84 60 72 M 0 7 0.00 0.0 0 0.6 6 330 M M 4 12 M M
8 82 60 71 M 0 6 0.00 0.0 0 2.5 12 180 M M 0 1 17 190
9 83 64 74 M 0 9 0.00 0.0 0 2.6 10 320 M M 2 8 M M
10 68 57 63 M 2 0 0.59 0.0 0 4.5 10 330 M M 10 17 330
11 69 58 64 M 1 0 0.00 0.0 0 6.5 13 340 M M 3 18 340
12 67 52 60 M 5 0 0.03 0.0 0 4.0 12 340 M M 8 8 18 330
13 77 48 63 M 2 0 0.00 0.0 0 0.8 6 280 M M 1 12 M M
14 77 50 64 M 1 0 0.00 0.0 0 1.0 9 100 M M 3 1 M M
15 83 61 72 M 0 7 0.00 0.0 0 3.3 9 180 M M 2 16 190
16 82 61 72 M 0 7 0.00 0.0 0 2.6 10 150 M M 0 M M
17 76 64 70 M 0 5 0.04 0.0 0 3.0 10 190 M M 4 M M
18 83 64 74 M 0 9 0.07 0.0 0 2.3 9 290 M M 5 1 M M
19 80 55 68 M 0 3 0.01 0.0 0 0.5 6 110 M M 0 M M
20 92 67 80 M 0 15 0.00 0.0 0 2.5 8 200 M M 1 M M
21 78 55 67 M 0 2 0.00 0.0 0 8.0 16 300 M M 2 21 300
22 64 46 55 M 10 0 0.00 0.0 0 2.9 13 340 M M 1 16 340
23 60 43 52 M 13 0 0.00 0.0 0 3.3 9 130 M M 5 18 160
24 68 52 60 M 5 0 0.00 0.0 0 3.3 15 300 M M 9 1 27 290
25 73 53 63 M 2 0 0.00 0.0 0 9.8 23 290 M M 4 30 290
26 65 40 53 M 12 0 0.00 0.0 0 6.7 17 310 M M 1 23 320
27 60 37 49 M 16 0 0.00 0.0 0 4.0 14 340 M M 0 8 20 340
28 60 34 47 M 18 0 0.00 0.0 0 1.2 8 30 M M 0 M M
29 65 35 50 M 15 0 0.00 0.0 0 1.5 8 160 M M 0 M M
30 70 37 54 M 11 0 0.00 0.0 0 0.7 6 120 M M 0 1 M M
================================================================================
SM 2234 1616 114 97 0.87 0.0 90.0 M 99
================================================================================
AV 74.5 53.9 3.0 FASTST M M 3 MAX(MPH)
MISC ----> 23 290 30 290
================================================================================
NOTES:
# LAST OF SEVERAL OCCURRENCES
COLUMN 17 PEAK WIND IN M.P.H.
PRELIMINARY LOCAL CLIMATOLOGICAL DATA (WS FORM: F-6) , PAGE 2
STATION: PRAIRIE_DU_CHIEN_MUN
MONTH: SEPTEMBER
YEAR: 2022
LATITUDE: 43 1 N
LONGITUDE: 91 7 W
[TEMPERATURE DATA] [PRECIPITATION DATA] SYMBOLS USED IN COLUMN 16
AVERAGE MONTHLY: 64.2 TOTAL FOR MONTH: 0.87 1 = FOG OR MIST
DPTR FM NORMAL: 0.0 DPTR FM NORMAL: M 2 = FOG REDUCING VISIBILITY
HIGHEST: 92 ON 20 GRTST 24HR 0.59 ON 10-10 TO 1/4 MILE OR LESS
LOWEST: 34 ON 28 3 = THUNDER
SNOW, ICE PELLETS, HAIL 4 = ICE PELLETS
TOTAL MONTH: 0.0 INCH 5 = HAIL
GRTST 24HR 0.0 6 = FREEZING RAIN OR DRIZZLE
GRTST DEPTH: 0 7 = DUSTSTORM OR SANDSTORM:
VSBY 1/2 MILE OR LESS
8 = SMOKE OR HAZE
[NO. OF DAYS WITH] [WEATHER - DAYS WITH] 9 = BLOWING SNOW
X = TORNADO
MAX 32 OR BELOW: 0 0.01 INCH OR MORE: 6
MAX 90 OR ABOVE: 1 0.10 INCH OR MORE: 2
MIN 32 OR BELOW: 0 0.50 INCH OR MORE: 1
MIN 0 OR BELOW: 0 1.00 INCH OR MORE: 0
[HDD (BASE 65) ]
TOTAL THIS MO. 114 CLEAR (SCALE 0-3) 17
DPTR FM NORMAL M PTCLDY (SCALE 4-7) 10
TOTAL FM JUL 1 115 CLOUDY (SCALE 8-10) 3
DPTR FM NORMAL M
[CDD (BASE 65) ]
TOTAL THIS MO. 97
DPTR FM NORMAL M [PRESSURE DATA]
TOTAL FM JAN 1 791 HIGHEST SLP M ON M
DPTR FM NORMAL M LOWEST SLP M ON M
[REMARKS]
#FINAL-09-22#