000
CXUS56 KPDT 011910
CF6PDT
PRELIMINARY LOCAL CLIMATOLOGICAL DATA (WS FORM: F-6)
STATION: PENDLETON OR
MONTH: FEBRUARY
YEAR: 2022
LATITUDE: 45 40 N
LONGITUDE: 118 51 W
TEMPERATURE IN F: :PCPN: SNOW: WIND :SUNSHINE: SKY :PK WND
================================================================================
1 2 3 4 5 6A 6B 7 8 9 10 11 12 13 14 15 16 17 18
12Z AVG MX 2MIN
DY MAX MIN AVG DEP HDD CDD WTR SNW DPTH SPD SPD DIR MIN PSBL S-S WX SPD DR
================================================================================
1 44 30 37 1 28 0 0.02 0.0 0 8.7 21 260 M M 5 28 270
2 37 24 31 -5 34 0 0.02 0.0 0 5.4 13 100 M M 10 16 320
3 49 30 40 4 25 0 0.00 0.0 0 3.9 12 270 M M 7 14 270
4 43 26 35 -1 30 0 0.00 0.0 0 4.8 15 160 M M 3 12 15 160
5 52 31 42 6 23 0 0.00 0.0 0 8.7 18 250 M M 0 23 260
6 55 30 43 6 22 0 0.00 0.0 0 4.8 12 130 M M 0 13 130
7 63 31 47 10 18 0 0.00 0.0 0 10.3 26 260 M M 0 33 260
8 57 31 44 7 21 0 T 0.0 0 6.0 12 150 M M 2 14 300
9 64 40 52 15 13 0 0.00 0.0 0 6.5 13 160 M M 2 17 280
10 69 36 53 16 12 0 0.00 0.0 0 6.8 17 270 M M 0 22 260
11 53 27 40 3 25 0 0.00 0.0 0 6.6 16 350 M M 0 20 350
12 50 24 37 0 28 0 0.00 0.0 0 5.2 12 310 M M 0 19 310
13 53 22 38 0 27 0 0.00 0.0 0 4.6 10 60 M M 0 13 330
14 48 34 41 3 24 0 0.22 0.0 0 8.2 30 250 M M 7 1 39 250
15 51 36 44 6 21 0 0.00 0.0 0 8.9 21 240 M M 5 28 250
16 53 32 43 5 22 0 T 0.0 0 13.1 28 250 M M 6 36 270
17 53 30 42 4 23 0 0.00 0.0 0 8.2 22 270 M M 1 29 280
18 60 32 46 8 19 0 0.00 0.0 0 6.6 12 150 M M 0 13 260
19 57 34 46 7 19 0 0.00 0.0 0 11.1 35 260 M M 2 43 260
20 49 35 42 3 23 0 0.09 T 0 19.1 32 260 M M 7 18 43 250
21 40 22 31 -8 34 0 0.34 2.3 2 9.5 22 260 M M 9 12 29 260
22 24 8 16 -23 49 0 0.01 0.1 2 7.0 17 330 M M 7 1 20 340
23 20 4 12 -27 53 0 0.00 0.0 2 6.6 12 180 M M 1 14 170
24 24 10 17 -23 48 0 0.05 0.9 1 4.1 10 150 M M 8 18 13 150
25 34 7 21 -19 44 0 0.00 0.0 2 6.1 14 50 M M 0 14 50
26 39 11 25 -15 40 0 0.00 0.0 2 5.4 13 280 M M 1 15 280
27 54 30 42 2 23 0 0.09 0.0 1 7.7 20 150 M M 10 24 160
28 64 51 58 17 7 0 0.07 0.0 0 13.8 31 190 M M 10 42 190
================================================================================
SM 1359 758 755 0 0.91 3.3 217.7 M 103
================================================================================
AV 48.5 27.1 7.8 FASTST M M 4 MAX(MPH)
MISC ----> 35 260 # 43 260
================================================================================
NOTES:
# LAST OF SEVERAL OCCURRENCES
COLUMN 17 PEAK WIND IN M.P.H.
PRELIMINARY LOCAL CLIMATOLOGICAL DATA (WS FORM: F-6) , PAGE 2
STATION: PENDLETON OR
MONTH: FEBRUARY
YEAR: 2022
LATITUDE: 45 40 N
LONGITUDE: 118 51 W
[TEMPERATURE DATA] [PRECIPITATION DATA] SYMBOLS USED IN COLUMN 16
AVERAGE MONTHLY: 37.8 TOTAL FOR MONTH: 0.91 1 = FOG OR MIST
DPTR FM NORMAL: -0.2 DPTR FM NORMAL: -0.28 2 = FOG REDUCING VISIBILITY
HIGHEST: 69 ON 10 GRTST 24HR 0.35 ON 21-22 TO 1/4 MILE OR LESS
LOWEST: 4 ON 23 3 = THUNDER
SNOW, ICE PELLETS, HAIL 4 = ICE PELLETS
TOTAL MONTH: 3.3 INCHES 5 = HAIL
GRTST 24HR 2.3 ON 21-21 6 = FREEZING RAIN OR DRIZZLE
GRTST DEPTH: 2 ON 26,25 7 = DUSTSTORM OR SANDSTORM:
VSBY 1/2 MILE OR LESS
8 = SMOKE OR HAZE
[NO. OF DAYS WITH] [WEATHER - DAYS WITH] 9 = BLOWING SNOW
X = TORNADO
MAX 32 OR BELOW: 3 0.01 INCH OR MORE: 9
MAX 90 OR ABOVE: 0 0.10 INCH OR MORE: 2
MIN 32 OR BELOW: 21 0.50 INCH OR MORE: 0
MIN 0 OR BELOW: 0 1.00 INCH OR MORE: 0
[HDD (BASE 65) ]
TOTAL THIS MO. 755 CLEAR (SCALE 0-3) 16
DPTR FM NORMAL -1 PTCLDY (SCALE 4-7) 8
TOTAL FM JUL 1 3725 CLOUDY (SCALE 8-10) 4
DPTR FM NORMAL -203
[CDD (BASE 65) ]
TOTAL THIS MO. 0
DPTR FM NORMAL 0 [PRESSURE DATA]
TOTAL FM JAN 1 0 HIGHEST SLP 30.58 ON 25
DPTR FM NORMAL 0 LOWEST SLP 29.78 ON 21
[REMARKS]
#FINAL-02-22#